000
CXUS53 KGLD 010800
CF6MCK
PRELIMINARY LOCAL CLIMATOLOGICAL DATA (WS FORM: F-6)

                                          STATION:   MCCOOK NE
                                          MONTH:     JUNE
                                          YEAR:      2010
                                          LATITUDE:   40 13 N
                                          LONGITUDE: 100 35 W

  TEMPERATURE IN F:       :PCPN:    SNOW:  WIND      :SUNSHINE: SKY     :PK WND
================================================================================
1   2   3   4   5  6A  6B    7    8   9   10  11  12  13   14  15   16   17  18
                                     12Z  AVG MX 2MIN
DY MAX MIN AVG DEP HDD CDD  WTR  SNW DPTH SPD SPD DIR MIN PSBL S-S WX    SPD DR
================================================================================

 1  90  57  74   8   0   9 0.43    M    M 10.0 36  50   M    M   2 138    45  30
 2  74  56  65  -2   0   0 0.08    M    M  6.9 15  10   M    M   3 13     18 340
 3  88  53  71   4   0   6 0.01    M    M  8.4 24 200   M    M   0 1      31 190
 4  91  59  75   7   0  10 0.00    M    M  5.6 16  20   M    M   0        21  20
 5  86  63  75   7   0  10 0.00    M    M 11.6 23 350   M    M   0        29 360
 6  82  61  72   4   0   7 0.17    M    M  8.9 37 130   M    M   3 13     48 130
 7  82  59  71   2   0   6    T    M    M 12.1 38  20   M    M   5 13     47  10
 8  82  61  72   3   0   7 0.71    M    M  9.9 32  20   M    M   4 13     39  30
 9  82  62  72   3   0   7 0.01    M    M  8.4 20 140   M    M   7        26 170
10  92  72  82  12   0  17 0.00    M    M 13.3 26 170   M    M   6        36 170
11  87  62  75   5   0  10 0.34    M    M 15.0 43 340   M    M   5 13     56 340
12  68  60  64  -6   1   0 0.45    M    M 15.2 32  20   M    M   7 13     43  20
13  72  58  65  -6   0   0 1.22    M    M 11.2 26  50   M    M   9 13     33  50
14  73  56  65  -6   0   0 0.00    M    M 10.7 20 320   M    M   7        25 320
15  85  54  70  -1   0   5 0.00    M    M  4.5 13 150   M    M   1        18  90
16  89  63  76   5   0  11 0.00    M    M 12.6 26 140   M    M   1 3      33 170
17  88  65  77   5   0  12 0.00    M    M  9.2 24 180   M    M   0        35 190
18  85  60  73   1   0   8 0.00    M    M 10.1 25  40   M    M   0        31  40
19  86  57  72   0   0   7 0.46    M    M 10.9 38 330   M    M   3 13     47 330
20  84  65  75   2   0  10 0.01    M    M 11.9 22  80   M    M   4 3      30  80
21  85  61  73   0   0   8 1.06    M    M  9.7 51 310   M    M   1 123    62 310
22  90  62  76   3   0  11 0.00    M    M  8.3 20 100   M    M   0        24 140
23  82  60  71  -2   0   6 0.00    M    M 10.4 25  10   M    M   1        30  10
24  85  56  71  -3   0   6 0.00    M    M  7.7 22 140   M    M   0        29 150
25  98  67  83   9   0  18 0.00    M    M  8.6 17 170   M    M   0        41 180
26  96  69  83   9   0  18    T    M    M  6.0 26 260   M    M   0         M  M
27  86  64  75   1   0  10    T    M    M  8.5 21 360   M    M   1        26 360
28  92  58  75   1   0  10 0.00    M    M  6.3 12 170   M    M   1 8      14  80
29  93  61  77   2   0  12 0.00    M    M  8.2 20 110   M    M   1        24 110
30  93  62  78   3   0  13 0.00    M    M 10.3 23 170   M    M   0        29 150
================================================================================
SM 2566 1823         1 254  4.95    M    290.4          M       72
================================================================================
AV 85.5 60.8                               9.7 FASTST   M    M   2    MAX(MPH)
                                 MISC ---->  # 51 310               # 62  310
================================================================================
NOTES:
# LAST OF SEVERAL OCCURRENCES

COLUMN 17 PEAK WIND IN M.P.H.

PRELIMINARY LOCAL CLIMATOLOGICAL DATA (WS FORM: F-6) , PAGE 2

                                          STATION:  MCCOOK NE
                                          MONTH:    JUNE
                                          YEAR:     2010
                                          LATITUDE:   40 13 N
                                          LONGITUDE: 100 35 W

[TEMPERATURE DATA]      [PRECIPITATION DATA]       SYMBOLS USED IN COLUMN 16

AVERAGE MONTHLY: 73.2   TOTAL FOR MONTH:   4.95    1 = FOG OR MIST
DPTR FM NORMAL:   2.1   DPTR FM NORMAL:    1.73    2 = FOG REDUCING VISIBILITY
HIGHEST:    98 ON 25    GRTST 24HR  1.64 ON 12-13      TO 1/4 MILE OR LESS
LOWEST:     53 ON  3                               3 = THUNDER
                        SNOW, ICE PELLETS, HAIL    4 = ICE PELLETS
                        TOTAL MONTH:    M          5 = HAIL
                        GRTST 24HR    M  ON   M    6 = FREEZING RAIN OR DRIZZLE
                        GRTST DEPTH:  M  ON   M    7 = DUSTSTORM OR SANDSTORM:
                                                       VSBY 1/2 MILE OR LESS
                                                   8 = SMOKE OR HAZE
[NO. OF DAYS WITH]      [WEATHER - DAYS WITH]      9 = BLOWING SNOW
                                                   X = TORNADO
MAX 32 OR BELOW:   0    0.01 INCH OR MORE:  12
MAX 90 OR ABOVE:   9    0.10 INCH OR MORE:   8
MIN 32 OR BELOW:   0    0.50 INCH OR MORE:   3
MIN  0 OR BELOW:   0    1.00 INCH OR MORE:   2

[HDD (BASE 65) ]
TOTAL THIS MO.     1    CLEAR  (SCALE 0-3)  20
DPTR FM NORMAL   -29    PTCLDY (SCALE 4-7)   9
TOTAL FM JUL 1  6208    CLOUDY (SCALE 8-10)  1
DPTR FM NORMAL   241

[CDD (BASE 65) ]
TOTAL THIS MO.   254
DPTR FM NORMAL    40    [PRESSURE DATA]
TOTAL FM JAN 1   305    HIGHEST SLP M ON M
DPTR FM NORMAL    40    LOWEST  SLP 29.42 ON 10

[REMARKS]
#FINAL-06-10#
