000
CXUS53 KGLD 050334
CF6MCK
PRELIMINARY LOCAL CLIMATOLOGICAL DATA (WS FORM: F-6)

                                          STATION:   MCCOOK NE
                                          MONTH:     MAY
                                          YEAR:      2010
                                          LATITUDE:   40 13 N
                                          LONGITUDE: 100 35 W

  TEMPERATURE IN F:       :PCPN:    SNOW:  WIND      :SUNSHINE: SKY     :PK WND
================================================================================
1   2   3   4   5  6A  6B    7    8   9   10  11  12  13   14  15   16   17  18
                                     12Z  AVG MX 2MIN
DY MAX MIN AVG DEP HDD CDD  WTR  SNW DPTH SPD SPD DIR MIN PSBL S-S WX    SPD DR
================================================================================

 1  65  36  51  -4  14   0 0.00    M    M 11.3 21 260   M    M   1        30 240
 2  68  36  52  -4  13   0    T    M    M  7.3 23 330   M    M   3        29 310
 3  71  33  52  -4  13   0 0.00    M    M 10.9 23 270   M    M   1        30 260
 4  82  37  60   4   5   0 0.00    M    M 11.4 30 350   M    M   0        37 330
 5  67  37  52  -5  13   0 0.00    M    M 10.4 26 350   M    M   0        33 350
 6  67  40  54  -3  11   0 0.31    M    M 16.3 36 350   M    M   3 13     45 350
 7  58  32  45 -12  20   0    T    M    M 19.2 33 330   M    M   3        44 330
 8  59  31  45 -13  20   0 0.00    M    M  9.1 21 130   M    M   4 1      28 130
 9  69  43  56  -2   9   0 0.02    M    M 19.2 33 150   M    M   2 3      43 140
10  55  45  50  -8  15   0 0.11    M    M 11.8 23 130   M    M   8 13     31 120
11  58  42  50  -9  15   0 0.00    M    M 11.7 30  60   M    M   8        36  60
12  50  40  45 -14  20   0 0.07    M    M 14.3 26  70   M    M  10 1      33  70
13  61  32  47 -12  18   0 0.00    M    M 10.9 23 310   M    M   1        29 310
14  67  34  51  -9  14   0 0.00    M    M  7.6 18 120   M    M   1        25 120
15  64  45  55  -5  10   0 0.10    M    M  7.0 14 150   M    M   4 13     18 140
16  59  49  54  -6  11   0 0.31    M    M  8.6 16  40   M    M   9 1      21 130
17  72  40  56  -5   9   0 0.00    M    M  5.1 12 100   M    M   2 12     15 110
18  71  47  59  -2   6   0 0.16    M    M 12.6 23 140   M    M   5 13     30 120
19  59  51  55  -6  10   0 0.65    M    M 10.7 21 110   M    M   8 13     29 120
20  61  46  54  -8  11   0 0.08    M    M  8.2 16  20   M    M   9 1      21  60
21  75  41  58  -4   7   0 0.00    M    M  9.8 22 150   M    M   4 12     39 140
22  87  65  76  13   0  11 0.00    M    M 23.6 38 170   M    M   1        49 160
23  82  51  67   4   0   2 0.34    M    M 13.8 44 180   M    M   2 138    61 180
24  81  51  66   3   0   1 0.10    M    M 20.9 41 160   M    M   4 3      54 170
25  73  47  60  -4   5   0 0.02    M    M  7.9 17  60   M    M   5        22  70
26  79  52  66   2   0   1 0.00    M    M  8.1 18 130   M    M   1        24 130
27  83  60  72   8   0   7 0.00    M    M 13.1 26 150   M    M   1        37 130
28  89  65  77  12   0  12 0.00    M    M 14.9 25 160   M    M   0 1      33 170
29  90  66  78  13   0  13 0.00    M    M 17.8 28 160   M    M   0        39 150
30  76  54  65  -1   0   0    T    M    M 14.9 46 360   M    M   3        56  10
31  80  49  65  -1   0   0 0.00    M    M  7.4 16 160   M    M   1        22 150
================================================================================
SM 2178 1397       269  47  2.27    M    375.8          M      104
================================================================================
AV 70.3 45.1                              12.1 FASTST   M    M   3    MAX(MPH)
                                 MISC ---->  # 46 360               # 61  180
================================================================================
NOTES:
# LAST OF SEVERAL OCCURRENCES

COLUMN 17 PEAK WIND IN M.P.H.

PRELIMINARY LOCAL CLIMATOLOGICAL DATA (WS FORM: F-6) , PAGE 2

                                          STATION:  MCCOOK NE
                                          MONTH:    MAY
                                          YEAR:     2010
                                          LATITUDE:   40 13 N
                                          LONGITUDE: 100 35 W

[TEMPERATURE DATA]      [PRECIPITATION DATA]       SYMBOLS USED IN COLUMN 16

AVERAGE MONTHLY: 57.7   TOTAL FOR MONTH:   2.27    1 = FOG OR MIST
DPTR FM NORMAL:  -2.8   DPTR FM NORMAL:   -0.99    2 = FOG REDUCING VISIBILITY
HIGHEST:    90 ON 29    GRTST 24HR  0.79 ON 18-19      TO 1/4 MILE OR LESS
LOWEST:     31 ON  8                               3 = THUNDER
                        SNOW, ICE PELLETS, HAIL    4 = ICE PELLETS
                        TOTAL MONTH:    M          5 = HAIL
                        GRTST 24HR    M  ON   M    6 = FREEZING RAIN OR DRIZZLE
                        GRTST DEPTH:  M  ON   M    7 = DUSTSTORM OR SANDSTORM:
                                                       VSBY 1/2 MILE OR LESS
                                                   8 = SMOKE OR HAZE
[NO. OF DAYS WITH]      [WEATHER - DAYS WITH]      9 = BLOWING SNOW
                                                   X = TORNADO
MAX 32 OR BELOW:   0    0.01 INCH OR MORE:  12
MAX 90 OR ABOVE:   1    0.10 INCH OR MORE:   8
MIN 32 OR BELOW:   3    0.50 INCH OR MORE:   1
MIN  0 OR BELOW:   0    1.00 INCH OR MORE:   0

[HDD (BASE 65) ]
TOTAL THIS MO.   269    CLEAR  (SCALE 0-3)  18
DPTR FM NORMAL    81    PTCLDY (SCALE 4-7)   8
TOTAL FM JUL 1  6207    CLOUDY (SCALE 8-10)  5
DPTR FM NORMAL   270

[CDD (BASE 65) ]
TOTAL THIS MO.    47
DPTR FM NORMAL     0    [PRESSURE DATA]
TOTAL FM JAN 1    51    HIGHEST SLP 30.45 ON  8
DPTR FM NORMAL     0    LOWEST  SLP 29.31 ON 22

[REMARKS]
#FINAL-05-10#
