000
CXUS53 KGLD 010800
CF6MCK
PRELIMINARY LOCAL CLIMATOLOGICAL DATA (WS FORM: F-6)
STATION: MCCOOK NE
MONTH: MARCH
YEAR: 2020
LATITUDE: 40 13 N
LONGITUDE: 100 35 W
TEMPERATURE IN F: :PCPN: SNOW: WIND :SUNSHINE: SKY :PK WND
================================================================================
1 2 3 4 5 6A 6B 7 8 9 10 11 12 13 14 15 16 17 18
12Z AVG MX 2MIN
DY MAX MIN AVG DEP HDD CDD WTR SNW DPTH SPD SPD DIR MIN PSBL S-S WX SPD DR
================================================================================
1 57 30 44 9 21 0 0.00 M M 13.6 23 20 M M 0 32 60
2 54 23 39 4 26 0 T M M 10.8 24 220 M M 4 1 33 200
3 64 26 45 10 20 0 0.00 M M 13.2 25 360 M M 1 36 360
4 69 24 47 11 18 0 0.00 M M 14.3 31 210 M M 0 42 210
5 56 23 40 4 25 0 0.00 M M 15.3 33 360 M M 0 45 350
6 70 19 45 9 20 0 0.00 M M 10.0 23 180 M M 0 32 170
7 76 36 56 19 9 0 0.00 M M 12.1 24 180 M M 0 32 210
8 78 43 61 24 4 0 T M M 9.5 32 20 M M 1 41 20
9 52 34 43 6 22 0 0.16 M M 11.1 33 40 M M 7 138 44 40
10 63 34 49 11 16 0 0.00 M M 7.0 22 340 M M 4 1 28 340
11 74 28 51 13 14 0 M M M 9.3 22 210 M M 0 31 220
12 74 28 51 13 14 0 M M M 12.7 36 360 M M 3 44 350
13 37 30 34 -4 31 0 0.11 M M 10.7 24 110 M M 10 12 34 110
14 32 29 31 -8 34 0 T M M 13.4 20 80 M M 10 12 24 80
15 35 30 33 -6 32 0 0.00 M M 9.7 16 150 M M 10 1 22 160
16 43 34 39 0 26 0 0.00 M M 7.9 16 40 M M 10 128 20 40
17 40 34 37 -3 28 0 0.00 M M 8.8 18 160 M M 10 12 24 160
18 50 39 45 5 20 0 0.00 M M 8.3 16 100 M M 10 128 21 100
19 53 24 39 -1 26 0 0.52 M M 21.0 47 10 M M 10 1238 60 10
20 29 14 22 -18 43 0 T M M 10.7 28 340 M M 3 8 34 340
21 55 18 37 -4 28 0 0.00 M M 10.9 21 190 M M 0 28 190
22 61 30 46 5 19 0 0.09 M M 7.4 30 320 M M 1 1 40 320
23 63 31 47 5 18 0 0.00 M M 7.3 17 110 M M 3 12 22 80
24 73 40 57 15 8 0 0.00 M M 6.9 25 320 M M 3 128 34 300
25 75 40 58 16 7 0 0.00 M M 10.6 23 60 M M 0 1 30 60
26 45 37 41 -1 24 0 0.00 M M 9.4 18 50 M M 10 1 24 50
27 47 41 44 1 21 0 0.36 M M 7.0 18 60 M M 10 1 26 60
28 46 39 43 0 22 0 0.28 M M 16.2 35 330 M M 8 138 50 330
29 64 31 48 5 17 0 0.00 M M 8.8 16 290 M M 1 23 290
30 54 40 47 3 18 0 0.21 M M 9.7 23 120 M M 7 1 32 180
31 71 39 55 11 10 0 0.00 M M 9.4 22 190 M M 4 1 31 190
================================================================================
SM 1760 968 641 0 1.73 M 333.0 M 140
================================================================================
AV 56.8 31.2 10.7 FASTST M M 5 MAX(MPH)
MISC ----> 47 10 60 10
================================================================================
NOTES:
# LAST OF SEVERAL OCCURRENCES
COLUMN 17 PEAK WIND IN M.P.H.
PRELIMINARY LOCAL CLIMATOLOGICAL DATA (WS FORM: F-6) , PAGE 2
STATION: MCCOOK NE
MONTH: MARCH
YEAR: 2020
LATITUDE: 40 13 N
LONGITUDE: 100 35 W
[TEMPERATURE DATA] [PRECIPITATION DATA] SYMBOLS USED IN COLUMN 16
AVERAGE MONTHLY: 44.0 TOTAL FOR MONTH: 1.73 1 = FOG OR MIST
DPTR FM NORMAL: 4.6 DPTR FM NORMAL: 0.37 2 = FOG REDUCING VISIBILITY
HIGHEST: 78 ON 8 GRTST 24HR 0.64 ON 27-28 TO 1/4 MILE OR LESS
LOWEST: 14 ON 20 3 = THUNDER
SNOW, ICE PELLETS, HAIL 4 = ICE PELLETS
TOTAL MONTH: M 5 = HAIL
GRTST 24HR M ON M 6 = FREEZING RAIN OR DRIZZLE
GRTST DEPTH: M ON M 7 = DUSTSTORM OR SANDSTORM:
VSBY 1/2 MILE OR LESS
8 = SMOKE OR HAZE
[NO. OF DAYS WITH] [WEATHER - DAYS WITH] 9 = BLOWING SNOW
X = TORNADO
MAX 32 OR BELOW: 2 0.01 INCH OR MORE: 7
MAX 90 OR ABOVE: 0 0.10 INCH OR MORE: 6
MIN 32 OR BELOW: 17 0.50 INCH OR MORE: 1
MIN 0 OR BELOW: 0 1.00 INCH OR MORE: 0
[HDD (BASE 65) ]
TOTAL THIS MO. 641 CLEAR (SCALE 0-3) 14
DPTR FM NORMAL -154 PTCLDY (SCALE 4-7) 7
TOTAL FM JUL 1 4958 CLOUDY (SCALE 8-10) 10
DPTR FM NORMAL -473
[CDD (BASE 65) ]
TOTAL THIS MO. 0
DPTR FM NORMAL 0 [PRESSURE DATA]
TOTAL FM JAN 1 0 HIGHEST SLP M ON M
DPTR FM NORMAL 0 LOWEST SLP 29.53 ON 28
[REMARKS]
#FINAL-03-20#