000
CXUS53 KGLD 010800
CF6MCK
PRELIMINARY LOCAL CLIMATOLOGICAL DATA (WS FORM: F-6)
STATION: MCCOOK NE
MONTH: NOVEMBER
YEAR: 2023
LATITUDE: 40 13 N
LONGITUDE: 100 35 W
TEMPERATURE IN F: :PCPN: SNOW: WIND :SUNSHINE: SKY :PK WND
================================================================================
1 2 3 4 5 6A 6B 7 8 9 10 11 12 13 14 15 16 17 18
12Z AVG MX 2MIN
DY MAX MIN AVG DEP HDD CDD WTR SNW DPTH SPD SPD DIR MIN PSBL S-S WX SPD DR
================================================================================
1 63 17 40 -6 25 0 0.00 M M 3.9 8 80 M M 0 8 12 140
2 70 22 46 1 19 0 0.00 M M 6.5 13 270 M M 1 20 260
3 72 39 56 11 9 0 0.00 M M 7.0 14 250 M M 1 19 260
4 67 40 54 10 11 0 T M M 7.1 16 200 M M 4 1 24 210
5 74 41 58 14 7 0 0.00 M M 8.2 20 210 M M 0 1 27 200
6 73 34 54 11 11 0 0.00 M M 6.4 14 190 M M 0 18 170
7 72 32 52 9 13 0 0.00 M M 4.6 16 50 M M 1 12 19 50
8 65 37 51 9 14 0 0.00 M M 10.2 25 340 M M 2 1 33 320
9 60 24 42 0 23 0 0.00 M M 10.7 26 310 M M 0 34 320
10 64 17 41 -1 24 0 0.00 M M 8.5 23 190 M M 0 31 220
11 64 26 45 4 20 0 0.00 M M 6.6 14 220 M M 0 20 230
12 71 31 51 10 14 0 0.00 M M 9.0 21 330 M M 0 8 27 320
13 71 22 47 7 18 0 0.00 M M 7.7 20 180 M M 0 8 29 160
14 70 32 51 11 14 0 0.00 M M 5.5 12 250 M M 0 18 16 200
15 72 28 50 10 15 0 0.00 M M 5.9 12 190 M M 0 19 120
16 73 34 54 15 11 0 0.00 M M 8.8 28 30 M M 1 18 38 40
17 64 24 44 5 21 0 0.00 M M 6.7 15 240 M M 1 23 230
18 70 25 48 10 17 0 0.00 M M 7.2 16 130 M M 0 21 130
19 52 42 47 9 18 0 0.00 M M 5.0 12 100 M M 8 12 16 100
20 49 43 46 9 19 0 T M M 15.1 25 10 M M 10 18 34 340
21 56 27 42 5 23 0 0.00 M M 14.5 30 350 M M 2 40 350
22 73 22 48 12 17 0 0.00 M M 6.4 14 260 M M 0 19 260
23 45 26 36 0 29 0 0.00 M M 14.0 24 50 M M 1 31 30
24 27 19 23 -13 42 0 0.02 M M 9.8 20 50 M M 10 128 24 50
25 24 19 22 -13 43 0 0.01 M M 6.7 15 290 M M 9 18 20 300
26 38 16 27 -8 38 0 0.00 M M 13.0 23 320 M M 2 30 310
27 44 16 30 -4 35 0 0.00 M M 10.1 18 290 M M 0 24 300
28 53 16 35 1 30 0 0.00 M M 9.4 17 310 M M 0 23 270
29 63 20 42 8 23 0 0.00 M M 8.1 16 190 M M 0 22 200
30 43 23 33 0 32 0 0.00 M M 11.2 20 30 M M 0 26 40
================================================================================
SM 1802 814 635 0 0.03 M 253.8 M 53
================================================================================
AV 60.1 27.1 8.5 FASTST M M 2 MAX(MPH)
MISC ----> 30 350 40 350
================================================================================
NOTES:
# LAST OF SEVERAL OCCURRENCES
COLUMN 17 PEAK WIND IN M.P.H.
PRELIMINARY LOCAL CLIMATOLOGICAL DATA (WS FORM: F-6) , PAGE 2
STATION: MCCOOK NE
MONTH: NOVEMBER
YEAR: 2023
LATITUDE: 40 13 N
LONGITUDE: 100 35 W
[TEMPERATURE DATA] [PRECIPITATION DATA] SYMBOLS USED IN COLUMN 16
AVERAGE MONTHLY: 43.6 TOTAL FOR MONTH: 0.03 1 = FOG OR MIST
DPTR FM NORMAL: 4.3 DPTR FM NORMAL: -0.58 2 = FOG REDUCING VISIBILITY
HIGHEST: 74 ON 5 GRTST 24HR 0.03 ON 24-25 TO 1/4 MILE OR LESS
LOWEST: 16 ON 28,27 3 = THUNDER
SNOW, ICE PELLETS, HAIL 4 = ICE PELLETS
TOTAL MONTH: M 5 = HAIL
GRTST 24HR M ON M 6 = FREEZING RAIN OR DRIZZLE
GRTST DEPTH: M ON M 7 = DUSTSTORM OR SANDSTORM:
VSBY 1/2 MILE OR LESS
8 = SMOKE OR HAZE
[NO. OF DAYS WITH] [WEATHER - DAYS WITH] 9 = BLOWING SNOW
X = TORNADO
MAX 32 OR BELOW: 2 0.01 INCH OR MORE: 2
MAX 90 OR ABOVE: 0 0.10 INCH OR MORE: 0
MIN 32 OR BELOW: 22 0.50 INCH OR MORE: 0
MIN 0 OR BELOW: 0 1.00 INCH OR MORE: 0
[HDD (BASE 65) ]
TOTAL THIS MO. 635 CLEAR (SCALE 0-3) 25
DPTR FM NORMAL -136 PTCLDY (SCALE 4-7) 2
TOTAL FM JUL 1 1031 CLOUDY (SCALE 8-10) 3
DPTR FM NORMAL -232
[CDD (BASE 65) ]
TOTAL THIS MO. 0
DPTR FM NORMAL 0 [PRESSURE DATA]
TOTAL FM JAN 1 1128 HIGHEST SLP M ON M
DPTR FM NORMAL -26 LOWEST SLP 29.64 ON 7
[REMARKS]
#FINAL-11-23#