000
CXUS53 KGLD 010800
CF6MCK
PRELIMINARY LOCAL CLIMATOLOGICAL DATA (WS FORM: F-6)
STATION: MCCOOK NE
MONTH: FEBRUARY
YEAR: 2020
LATITUDE: 40 13 N
LONGITUDE: 100 35 W
TEMPERATURE IN F: :PCPN: SNOW: WIND :SUNSHINE: SKY :PK WND
================================================================================
1 2 3 4 5 6A 6B 7 8 9 10 11 12 13 14 15 16 17 18
12Z AVG MX 2MIN
DY MAX MIN AVG DEP HDD CDD WTR SNW DPTH SPD SPD DIR MIN PSBL S-S WX SPD DR
================================================================================
1 66 27 47 19 18 0 0.00 M M 11.3 23 300 M M 0 29 280
2 77 34 56 28 9 0 0.00 M M 11.0 24 60 M M 0 33 60
3 35 25 30 2 35 0 0.00 M M 22.2 35 40 M M 10 45 30
4 30 20 25 -4 40 0 T M M 15.0 24 30 M M 10 18 32 30
5 32 8 20 -9 45 0 T M M 4.7 10 260 M M 6 12 14 290
6 45 13 29 0 36 0 0.00 M M 10.5 18 310 M M 3 23 310
7 44 22 33 4 32 0 T M M 9.2 18 340 M M 5 1 26 320
8 58 17 38 9 27 0 0.00 M M 7.2 25 190 M M 1 1 35 180
9 36 21 29 0 36 0 0.00 M M 13.6 31 350 M M 5 46 350
10 46 16 31 1 34 0 0.00 M M 7.5 21 30 M M 3 30 350
11 45 16 31 1 34 0 0.00 M M 11.7 24 210 M M 1 31 210
12 44 12 28 -2 37 0 0.00 M M 13.9 37 340 M M 3 48 360
13 21 8 15 -15 50 0 T M M 6.4 17 20 M M 8 18 24 10
14 48 11 30 0 35 0 0.00 M M 12.2 24 200 M M 0 1 33 190
15 50 18 34 3 31 0 0.00 M M 6.8 14 310 M M 0 1 16 330
16 54 26 40 9 25 0 0.00 M M 8.1 16 200 M M 4 22 190
17 49 29 39 8 26 0 T M M 12.6 25 330 M M 5 32 360
18 45 20 33 1 32 0 0.00 M M 5.0 13 250 M M 4 1 18 190
19 28 12 20 -12 45 0 T M M 13.2 20 50 M M 9 18 26 50
20 35 -3 16 -16 49 0 0.00 M M 8.1 15 230 M M 0 20 220
21 61 16 39 7 26 0 0.00 M M 7.7 16 210 M M 0 18 21 210
22 67 19 43 10 22 0 0.00 M M 7.2 22 310 M M 0 1 30 320
23 62 24 43 10 22 0 0.00 M M 9.9 24 50 M M 3 31 20
24 54 20 37 4 28 0 0.03 M M 9.9 31 300 M M 6 18 40 300
25 33 17 25 -9 40 0 0.04 M M 19.7 35 360 M M 9 18 44 10
26 34 14 24 -10 41 0 0.00 M M 9.9 15 230 M M 3 21 230
27 43 23 33 -1 32 0 T M M 9.7 20 360 M M 4 18 25 360
28 58 23 41 7 24 0 0.00 M M 10.6 23 340 M M 0 29 350
29 67 23 45 10 20 0 0.00 M M 5.3 12 240 M M 0 17 200
================================================================================
SM 1367 531 931 0 0.07 M 300.1 M 102
================================================================================
AV 47.1 18.3 10.3 FASTST M M 4 MAX(MPH)
MISC ----> # 37 340 # 48 360
================================================================================
NOTES:
# LAST OF SEVERAL OCCURRENCES
COLUMN 17 PEAK WIND IN M.P.H.
PRELIMINARY LOCAL CLIMATOLOGICAL DATA (WS FORM: F-6) , PAGE 2
STATION: MCCOOK NE
MONTH: FEBRUARY
YEAR: 2020
LATITUDE: 40 13 N
LONGITUDE: 100 35 W
[TEMPERATURE DATA] [PRECIPITATION DATA] SYMBOLS USED IN COLUMN 16
AVERAGE MONTHLY: 32.7 TOTAL FOR MONTH: 0.07 1 = FOG OR MIST
DPTR FM NORMAL: 1.8 DPTR FM NORMAL: -0.55 2 = FOG REDUCING VISIBILITY
HIGHEST: 77 ON 2 GRTST 24HR 0.04 ON 25-25 TO 1/4 MILE OR LESS
LOWEST: -3 ON 20 3 = THUNDER
SNOW, ICE PELLETS, HAIL 4 = ICE PELLETS
TOTAL MONTH: M 5 = HAIL
GRTST 24HR M ON M 6 = FREEZING RAIN OR DRIZZLE
GRTST DEPTH: M ON M 7 = DUSTSTORM OR SANDSTORM:
VSBY 1/2 MILE OR LESS
8 = SMOKE OR HAZE
[NO. OF DAYS WITH] [WEATHER - DAYS WITH] 9 = BLOWING SNOW
X = TORNADO
MAX 32 OR BELOW: 4 0.01 INCH OR MORE: 2
MAX 90 OR ABOVE: 0 0.10 INCH OR MORE: 0
MIN 32 OR BELOW: 28 0.50 INCH OR MORE: 0
MIN 0 OR BELOW: 1 1.00 INCH OR MORE: 0
[HDD (BASE 65) ]
TOTAL THIS MO. 931 CLEAR (SCALE 0-3) 13
DPTR FM NORMAL -24 PTCLDY (SCALE 4-7) 12
TOTAL FM JUL 1 4317 CLOUDY (SCALE 8-10) 4
DPTR FM NORMAL -349
[CDD (BASE 65) ]
TOTAL THIS MO. 0
DPTR FM NORMAL 0 [PRESSURE DATA]
TOTAL FM JAN 1 0 HIGHEST SLP M ON M
DPTR FM NORMAL 0 LOWEST SLP 29.33 ON 2
[REMARKS]
#FINAL-02-20#