000
CXUS53 KGLD 010800
CF6MCK
PRELIMINARY LOCAL CLIMATOLOGICAL DATA (WS FORM: F-6)

                                          STATION:   MCCOOK NE
                                          MONTH:     MARCH
                                          YEAR:      2010
                                          LATITUDE:   40 13 N
                                          LONGITUDE: 100 35 W

  TEMPERATURE IN F:       :PCPN:    SNOW:  WIND      :SUNSHINE: SKY     :PK WND
================================================================================
1   2   3   4   5  6A  6B    7    8   9   10  11  12  13   14  15   16   17  18
                                     12Z  AVG MX 2MIN
DY MAX MIN AVG DEP HDD CDD  WTR  SNW DPTH SPD SPD DIR MIN PSBL S-S WX    SPD DR
================================================================================

 1  35  27  31  -5  34   0 0.02    M    M  3.8 12 100   M    M  10 1      15  90
 2  50  31  41   5  24   0 0.00    M    M  2.6 15 230   M    M   5 1      16 230
 3  53  23  38   2  27   0 0.00    M    M  6.5 16 160   M    M   0 1      22 170
 4  57  29  43   7  22   0 0.00    M    M  8.7 22 150   M    M   0 1      28 140
 5  61  33  47  10  18   0 0.57    M    M 13.9 35 290   M    M   6 13     45 280
 6  51  30  41   4  24   0 0.00    M    M 10.4 24 320   M    M   5 12     29 320
 7  53  25  39   2  26   0 0.00    M    M  6.9 17 150   M    M   4        21 150
 8  49  40  45   8  20   0 0.63    M    M  9.5 18 110   M    M  10 12     24 140
 9  43  35  39   1  26   0 0.92    M    M 12.4 23 340   M    M  10 1      26 350
10  36  30  33  -5  32   0 0.08    M    M 13.3 21 330   M    M  10 1      25 330
11  39  29  34  -4  31   0 0.01    M    M 22.0 36 330   M    M   9 1      45 320
12  47  33  40   1  25   0 0.00    M    M 20.7 35 330   M    M   8        41 330
13  51  29  40   1  25   0 0.00    M    M  8.4 15  40   M    M   3        17  30
14  46  28  37  -2  28   0 0.00    M    M 10.4 21 360   M    M   9 1      24 360
15  51  30  41   1  24   0 0.00    M    M  9.3 18 330   M    M   6        24 340
16  62  24  43   3  22   0 0.00    M    M  6.2 15  10   M    M   0        21 350
17  57  25  41   1  24   0 0.00    M    M  3.0 12 210   M    M   3 12     25 180
18  74  27  51  11  14   0 0.00    M    M 10.2 37  30   M    M   0 8      47  30
19  41  25  33  -8  32   0 0.01    M    M 23.1 37  30   M    M  10 128    47  30
20  41  18  30 -11  35   0 0.00    M    M 12.0 26 360   M    M   4        30 350
21  61  16  39  -2  26   0 0.00    M    M  5.5 14 200   M    M   0        20 320
22  75  30  53  11  12   0 0.00    M    M  8.4 22 310   M    M   0        30 310
23  56  35  46   4  19   0 0.00    M    M 17.5 30  20   M    M   3        38  40
24  54  28  41  -1  24   0 0.00    M    M 18.6 29 360   M    M   6        35 360
25  58  21  40  -3  25   0 0.00    M    M  8.0 17 160   M    M   0        24 170
26  59  34  47   4  18   0 0.04    M    M 11.4 23 180   M    M   2        29 150
27  58  36  47   3  18   0    T    M    M 20.9 40 350   M    M   3        49 350
28  65  29  47   3  18   0 0.00    M    M  9.0 17 330   M    M   0        26 310
29  80  31  56  12   9   0 0.00    M    M 12.7 24 290   M    M   0        32 290
30  87  44  66  21   0   1 0.00    M    M 10.8 24 150   M    M   0        31 190
31  71  45  58  13   7   0 0.00    M    M 12.2 24  50   M    M   0        30  30
================================================================================
SM 1721  920       689   1  2.28    M    348.3          M      126
================================================================================
AV 55.5 29.7                              11.2 FASTST   M    M   4    MAX(MPH)
                                 MISC ---->  # 40 350               # 49  350
================================================================================
NOTES:
# LAST OF SEVERAL OCCURRENCES

COLUMN 17 PEAK WIND IN M.P.H.

PRELIMINARY LOCAL CLIMATOLOGICAL DATA (WS FORM: F-6) , PAGE 2

                                          STATION:  MCCOOK NE
                                          MONTH:    MARCH
                                          YEAR:     2010
                                          LATITUDE:   40 13 N
                                          LONGITUDE: 100 35 W

[TEMPERATURE DATA]      [PRECIPITATION DATA]       SYMBOLS USED IN COLUMN 16

AVERAGE MONTHLY: 42.6   TOTAL FOR MONTH:   2.28    1 = FOG OR MIST
DPTR FM NORMAL:   2.6   DPTR FM NORMAL:    0.87    2 = FOG REDUCING VISIBILITY
HIGHEST:    87 ON 30    GRTST 24HR  0.92 ON  9- 9      TO 1/4 MILE OR LESS
LOWEST:     16 ON 21                               3 = THUNDER
                        SNOW, ICE PELLETS, HAIL    4 = ICE PELLETS
                        TOTAL MONTH:    M          5 = HAIL
                        GRTST 24HR    M  ON   M    6 = FREEZING RAIN OR DRIZZLE
                        GRTST DEPTH:  M  ON   M    7 = DUSTSTORM OR SANDSTORM:
                                                       VSBY 1/2 MILE OR LESS
                                                   8 = SMOKE OR HAZE
[NO. OF DAYS WITH]      [WEATHER - DAYS WITH]      9 = BLOWING SNOW
                                                   X = TORNADO
MAX 32 OR BELOW:   0    0.01 INCH OR MORE:   8
MAX 90 OR ABOVE:   0    0.10 INCH OR MORE:   3
MIN 32 OR BELOW:  22    0.50 INCH OR MORE:   3
MIN  0 OR BELOW:   0    1.00 INCH OR MORE:   0

[HDD (BASE 65) ]
TOTAL THIS MO.   689    CLEAR  (SCALE 0-3)  15
DPTR FM NORMAL   -86    PTCLDY (SCALE 4-7)   9
TOTAL FM JUL 1  5582    CLOUDY (SCALE 8-10)  7
DPTR FM NORMAL   275

[CDD (BASE 65) ]
TOTAL THIS MO.     1
DPTR FM NORMAL     1    [PRESSURE DATA]
TOTAL FM JAN 1     1    HIGHEST SLP M ON M
DPTR FM NORMAL     1    LOWEST  SLP 29.28 ON 30

[REMARKS]
#FINAL-03-10#
