000
CXUS53 KGLD 010800
CF6MCK
PRELIMINARY LOCAL CLIMATOLOGICAL DATA (WS FORM: F-6)

                                          STATION:   MCCOOK NE
                                          MONTH:     SEPTEMBER
                                          YEAR:      2015
                                          LATITUDE:   40 13 N
                                          LONGITUDE: 100 35 W

  TEMPERATURE IN F:       :PCPN:    SNOW:  WIND      :SUNSHINE: SKY     :PK WND
================================================================================
1   2   3   4   5  6A  6B    7    8   9   10  11  12  13   14  15   16   17  18
                                     12Z  AVG MX 2MIN
DY MAX MIN AVG DEP HDD CDD  WTR  SNW DPTH SPD SPD DIR MIN PSBL S-S WX    SPD DR
================================================================================

 1  95  65  80  10   0  15    T    M    M  5.7 20 310   M    M   0 38     26 290
 2 100  59  80  10   0  15 0.00    M    M  5.8 16 130   M    M   0        20 130
 3 102  63  83  13   0  18 0.00    M    M  8.5 21 280   M    M   0        27 300
 4  98  68  83  14   0  18    T    M    M  8.0 21 170   M    M   0        27 170
 5 101  74  88  19   0  23 0.00    M    M 14.7 29 210   M    M   1        38 190
 6  93  62  78   9   0  13 0.00    M    M 11.0 25 350   M    M   0        30 340
 7  77  60  69   1   0   4    T    M    M  7.6 18 330   M    M   6 138    23 330
 8  85  61  73   5   0   8 0.01    M    M  7.8 16  70   M    M   3 18     20  70
 9  92  59  76   9   0  11 0.00    M    M 10.8 30 190   M    M   2 3      37 190
10  90  54  72   5   0   7    T    M    M 10.0 36  20   M    M   0 13     45  20
11  76  51  64  -3   1   0 0.00    M    M  4.5 10 160   M    M   4        14 160
12  88  51  70   4   0   5 0.00    M    M  6.2 17 100   M    M   1        22 100
13  96  49  73   7   0   8 0.26    M    M  9.8 30 190   M    M   0 13     43 200
14  93  65  79  14   0  14 0.00    M    M 10.0 21 140   M    M   0        25 140
15 100  60  80  15   0  15 0.12    M    M 14.0 48 170   M    M   1 38     66 180
16  96  61  79  15   0  14 0.00    M    M  6.4 18 130   M    M   0        24 130
17  88  61  75  11   0  10 0.00    M    M 12.2 23 340   M    M   0        28  10
18  79  45  62  -1   3   0    T    M    M 12.9 32 360   M    M   4        38 360
19  73  39  56  -7   9   0 0.00    M    M  7.1 16 150   M    M   3 1      24 140
20  90  49  70   8   0   5 0.00    M    M  6.9 17 220   M    M   0 8      20 220
21  93  53  73  11   0   8 0.00    M    M 10.5 23 180   M    M   0 12     28 170
22  97  58  78  17   0  13 0.25    M    M 10.6 35 210   M    M   3 128    43 210
23  80  63  72  11   0   7 0.42    M    M 13.5 25 170   M    M   9 13     32 160
24  82  57  70  10   0   5 0.00    M    M  8.4 20  40   M    M   5        22  40
25  73  57  65   5   0   0 0.00    M    M 11.1 20  30   M    M   8 18     23  30
26  76  62  69   9   0   4 0.00    M    M  7.3 16 140   M    M   7 1      19 120
27  89  56  73  14   0   8 0.00    M    M 10.5 22 210   M    M   0 1      27 190
28  89  54  72  13   0   7 0.04    M    M 10.2 29  40   M    M   0 13     35  30
29  69  54  62   4   3   0 0.00    M    M  8.7 23  40   M    M   6 1      29  50
30  68  53  61   3   4   0 0.00    M    M  8.6 20 150   M    M   9        25 140
================================================================================
SM 2628 1723        20 255  1.10    M    279.3          M       72
================================================================================
AV 87.6 57.4                               9.3 FASTST   M    M   2    MAX(MPH)
                                 MISC ---->  # 48 170               # 66  180
================================================================================
NOTES:
# LAST OF SEVERAL OCCURRENCES

COLUMN 17 PEAK WIND IN M.P.H.

PRELIMINARY LOCAL CLIMATOLOGICAL DATA (WS FORM: F-6) , PAGE 2

                                          STATION:  MCCOOK NE
                                          MONTH:    SEPTEMBER
                                          YEAR:     2015
                                          LATITUDE:   40 13 N
                                          LONGITUDE: 100 35 W

[TEMPERATURE DATA]      [PRECIPITATION DATA]       SYMBOLS USED IN COLUMN 16

AVERAGE MONTHLY: 72.5   TOTAL FOR MONTH:   1.10    1 = FOG OR MIST
DPTR FM NORMAL:   8.1   DPTR FM NORMAL:   -0.34    2 = FOG REDUCING VISIBILITY
HIGHEST:   102 ON  3    GRTST 24HR  0.67 ON 22-23      TO 1/4 MILE OR LESS
LOWEST:     39 ON 19                               3 = THUNDER
                        SNOW, ICE PELLETS, HAIL    4 = ICE PELLETS
                        TOTAL MONTH:    M          5 = HAIL
                        GRTST 24HR    M  ON   M    6 = FREEZING RAIN OR DRIZZLE
                        GRTST DEPTH:  M  ON   M    7 = DUSTSTORM OR SANDSTORM:
                                                       VSBY 1/2 MILE OR LESS
                                                   8 = SMOKE OR HAZE
[NO. OF DAYS WITH]      [WEATHER - DAYS WITH]      9 = BLOWING SNOW
                                                   X = TORNADO
MAX 32 OR BELOW:   0    0.01 INCH OR MORE:   6
MAX 90 OR ABOVE:  15    0.10 INCH OR MORE:   4
MIN 32 OR BELOW:   0    0.50 INCH OR MORE:   0
MIN  0 OR BELOW:   0    1.00 INCH OR MORE:   0

[HDD (BASE 65) ]
TOTAL THIS MO.    20    CLEAR  (SCALE 0-3)  21
DPTR FM NORMAL   -97    PTCLDY (SCALE 4-7)   6
TOTAL FM JUL 1    25    CLOUDY (SCALE 8-10)  3
DPTR FM NORMAL  -104

[CDD (BASE 65) ]
TOTAL THIS MO.   255
DPTR FM NORMAL   157    [PRESSURE DATA]
TOTAL FM JAN 1  1236    HIGHEST SLP M ON M
DPTR FM NORMAL   287    LOWEST  SLP 29.59 ON 15

[REMARKS]
#FINAL-09-15#
