000
CXUS53 KGLD 010800
CF6MCK
PRELIMINARY LOCAL CLIMATOLOGICAL DATA (WS FORM: F-6)

                                          STATION:   MCCOOK NE
                                          MONTH:     FEBRUARY
                                          YEAR:      2016
                                          LATITUDE:   40 13 N
                                          LONGITUDE: 100 35 W

  TEMPERATURE IN F:       :PCPN:    SNOW:  WIND      :SUNSHINE: SKY     :PK WND
================================================================================
1   2   3   4   5  6A  6B    7    8   9   10  11  12  13   14  15   16   17  18
                                     12Z  AVG MX 2MIN
DY MAX MIN AVG DEP HDD CDD  WTR  SNW DPTH SPD SPD DIR MIN PSBL S-S WX    SPD DR
================================================================================

 1  36  31  34   6  31   0 0.03    M    M 14.9 35  50   M    M  10 12     41  50
 2  31  22  27  -1  38   0 0.91    M    M 31.5 46  20   M    M   9 128    54 360
 3  28  10  19  -9  46   0 0.00    M    M 10.7 23 340   M    M   1 1      26 340
 4  30   5  18 -11  47   0 0.00    M    M 10.7 20 280   M    M   0        23 280
 5  37  20  29   0  36   0    T    M    M 11.2 21 290   M    M   5 18     26 300
 6  39  12  26  -3  39   0 0.00    M    M 10.5 18 250   M    M   0        22 260
 7  40  27  34   5  31   0 0.00    M    M 18.2 32 310   M    M   3        43 310
 8  37  23  30   1  35   0 0.00    M    M 17.5 37 330   M    M   2        44 330
 9  39  26  33   4  32   0 0.00    M    M  7.4 15 290   M    M   8        17 290
10  53  27  40  10  25   0 0.00    M    M 10.8 20 290   M    M   0        27 280
11  49  22  36   6  29   0 0.00    M    M  5.5 21 260   M    M   2 12     27 230
12  37  24  31   1  34   0 0.00    M    M  8.2 17 110   M    M   6 12     20 110
13  30  21  26  -4  39   0 0.00    M    M 12.0 21 160   M    M   8 128    25 180
14  47  23  35   5  30   0 0.00    M    M 11.4 23 310   M    M   2 18     28 310
15  54  28  41  10  24   0 0.02    M    M 10.7 21 330   M    M   4        25 330
16  50  33  42  11  23   0 0.00    M    M 10.9 29 330   M    M   1        38 330
17  57  30  44  13  21   0 0.00    M    M  9.3 15 140   M    M   0        18 150
18  76  31  54  22  11   0 0.00    M    M  7.9 47 300   M    M   0 8      63 290
19  69  44  57  25   8   0 0.00    M    M 13.6 29 280   M    M   0 8      40 280
20  68  28  48  16  17   0 0.00    M    M  9.5 31 350   M    M   1        38 280
21  54  30  42  10  23   0 0.00    M    M 10.2 21 350   M    M   0        29 340
22  57  26  42   9  23   0 0.03    M    M  7.8 20 190   M    M   3 1      24 190
23  49  27  38   5  27   0    T    M    M 16.2 31 360   M    M   2        36 350
24  54  24  39   6  26   0 0.00    M    M 16.9 39 330   M    M   0        47 330
25  45  22  34   0  31   0 0.00    M    M 10.7 25 340   M    M   1        31 340
26  62  26  44  10  21   0 0.00    M    M 11.3 23 330   M    M   0        28 320
27  76  27  52  18  13   0 0.00    M    M  8.2 33 320   M    M   0        43 320
28  62  33  48  14  17   0 0.00    M    M 18.4 35 310   M    M   0        49 300
29  67  33  50  15  15   0 0.00    M    M 10.9 47 340   M    M   2 8      56 350
================================================================================
SM 1433  735       792   0  0.99    M    353.0          M       70
================================================================================
AV 49.4 25.3                              12.2 FASTST   M    M   2    MAX(MPH)
                                 MISC ---->  # 47 300               # 63  290
================================================================================
NOTES:
# LAST OF SEVERAL OCCURRENCES

COLUMN 17 PEAK WIND IN M.P.H.

PRELIMINARY LOCAL CLIMATOLOGICAL DATA (WS FORM: F-6) , PAGE 2

                                          STATION:  MCCOOK NE
                                          MONTH:    FEBRUARY
                                          YEAR:     2016
                                          LATITUDE:   40 13 N
                                          LONGITUDE: 100 35 W

[TEMPERATURE DATA]      [PRECIPITATION DATA]       SYMBOLS USED IN COLUMN 16

AVERAGE MONTHLY: 37.4   TOTAL FOR MONTH:   0.99    1 = FOG OR MIST
DPTR FM NORMAL:   6.5   DPTR FM NORMAL:    0.37    2 = FOG REDUCING VISIBILITY
HIGHEST:    76 ON 27,18 GRTST 24HR  0.91 ON  2- 2      TO 1/4 MILE OR LESS
LOWEST:      5 ON  4                               3 = THUNDER
                        SNOW, ICE PELLETS, HAIL    4 = ICE PELLETS
                        TOTAL MONTH:    M          5 = HAIL
                        GRTST 24HR    M  ON   M    6 = FREEZING RAIN OR DRIZZLE
                        GRTST DEPTH:  M  ON   M    7 = DUSTSTORM OR SANDSTORM:
                                                       VSBY 1/2 MILE OR LESS
                                                   8 = SMOKE OR HAZE
[NO. OF DAYS WITH]      [WEATHER - DAYS WITH]      9 = BLOWING SNOW
                                                   X = TORNADO
MAX 32 OR BELOW:   4    0.01 INCH OR MORE:   4
MAX 90 OR ABOVE:   0    0.10 INCH OR MORE:   1
MIN 32 OR BELOW:  25    0.50 INCH OR MORE:   1
MIN  0 OR BELOW:   0    1.00 INCH OR MORE:   0

[HDD (BASE 65) ]
TOTAL THIS MO.   792    CLEAR  (SCALE 0-3)  21
DPTR FM NORMAL  -163    PTCLDY (SCALE 4-7)   5
TOTAL FM JUL 1  3767    CLOUDY (SCALE 8-10)  3
DPTR FM NORMAL  -899

[CDD (BASE 65) ]
TOTAL THIS MO.     0
DPTR FM NORMAL     0    [PRESSURE DATA]
TOTAL FM JAN 1     0    HIGHEST SLP M ON M
DPTR FM NORMAL     0    LOWEST  SLP 29.46 ON 18

[REMARKS]
#FINAL-02-16#
