000
CXUS53 KGLD 010800
CF6MCK
PRELIMINARY LOCAL CLIMATOLOGICAL DATA (WS FORM: F-6)

                                          STATION:   MCCOOK NE
                                          MONTH:     MAY
                                          YEAR:      2014
                                          LATITUDE:   40 13 N
                                          LONGITUDE: 100 35 W

  TEMPERATURE IN F:       :PCPN:    SNOW:  WIND      :SUNSHINE: SKY     :PK WND
================================================================================
1   2   3   4   5  6A  6B    7    8   9   10  11  12  13   14  15   16   17  18
                                     12Z  AVG MX 2MIN
DY MAX MIN AVG DEP HDD CDD  WTR  SNW DPTH SPD SPD DIR MIN PSBL S-S WX    SPD DR
================================================================================

 1  62  35  49  -6  16   0 0.00    M    M 16.5 33 340   M    M   3        41 320
 2  79  30  55   0  10   0    T    M    M  9.7 23 300   M    M   1        32 310
 3  79  39  59   3   6   0    T    M    M  9.3 18 100   M    M   1        22 110
 4  73  44  59   3   6   0 0.00    M    M  9.8 20  80   M    M   0        23  80
 5  76  44  60   4   5   0 0.00    M    M  8.9 16 110   M    M   0        20 110
 6  79  43  61   5   4   0 0.00    M    M  6.7 14  70   M    M   0 18     18  80
 7  84  53  69  12   0   4 0.00    M    M 12.9 32  40   M    M   0 3      41  30
 8  60  39  50  -7  15   0 0.00    M    M 20.0 35 300   M    M   3        44 300
 9  78  31  55  -3  10   0 0.00    M    M  7.6 20 250   M    M   2        25 290
10  81  46  64   6   1   0 0.00    M    M 11.4 25 320   M    M   2        30  20
11  60  45  53  -5  12   0 0.00    M    M 25.5 36  10   M    M   9 38     44 350
12  50  37  44 -14  21   0 0.11    M    M 21.9 40 340   M    M   9 1      49 330
13  65  32  49 -10  16   0    T    M    M 13.8 28  10   M    M   5 8      38 360
14  68  31  50  -9  15   0    T    M    M 10.4 36 330   M    M   3        43 330
15  66  37  52  -7  13   0    T    M    M  9.5 24 350   M    M   5 1      33 300
16  68  37  53  -7  12   0 0.03    M    M  8.1 25 350   M    M   5        30 340
17  56  34  45 -15  20   0    T    M    M  7.2 17 170   M    M   6 1      21 170
18  81  46  64   4   1   0    T    M    M 16.6 32 170   M    M   2        41 160
19  91  56  74  14   0   9 0.00    M    M 11.3 28  30   M    M   0        33  50
20  85  59  72  11   0   7 0.00    M    M 16.1 29  20   M    M   2        36  10
21  84  54  69   8   0   4 0.26    M    M 14.2 24  60   M    M   2 13     32  50
22  80  54  67   6   0   2 0.00    M    M 11.4 20  70   M    M   1        24  70
23  67  60  64   2   1   0 2.31    M    M  9.1 20 360   M    M   9 13     25 360
24  76  59  68   6   0   3    T    M    M  8.3 17 110   M    M   7 12     23 110
25  78  62  70   8   0   5 0.00    M    M  7.6 14 130   M    M   6 18     17 130
26  85  54  70   7   0   5 0.00    M    M  5.4 17 200   M    M   0 1      23 190
27  88  53  71   8   0   6 0.00    M    M  4.6 13 130   M    M   0        15 130
28  92  56  74  11   0   9 0.00    M    M  5.7 13  40   M    M   0        16  90
29  92  56  74  10   0   9 0.00    M    M  7.8 20 100   M    M   0 1      24 110
30  89  61  75  11   0  10 0.00    M    M 11.9 24 270   M    M   1        35 280
31  85  63  74  10   0   9 0.39    M    M  9.5 18 190   M    M   6 13     26 280
================================================================================
SM 2357 1450       184  82  3.10    M    348.7          M       90
================================================================================
AV 76.0 46.8                              11.2 FASTST   M    M   3    MAX(MPH)
                                 MISC ---->  # 40 340               # 49  330
================================================================================
NOTES:
# LAST OF SEVERAL OCCURRENCES

COLUMN 17 PEAK WIND IN M.P.H.

PRELIMINARY LOCAL CLIMATOLOGICAL DATA (WS FORM: F-6) , PAGE 2

                                          STATION:  MCCOOK NE
                                          MONTH:    MAY
                                          YEAR:     2014
                                          LATITUDE:   40 13 N
                                          LONGITUDE: 100 35 W

[TEMPERATURE DATA]      [PRECIPITATION DATA]       SYMBOLS USED IN COLUMN 16

AVERAGE MONTHLY: 61.4   TOTAL FOR MONTH:   3.10    1 = FOG OR MIST
DPTR FM NORMAL:   1.8   DPTR FM NORMAL:   -0.04    2 = FOG REDUCING VISIBILITY
HIGHEST:    92 ON 29,28 GRTST 24HR  2.31 ON 23-23      TO 1/4 MILE OR LESS
LOWEST:     30 ON  2                               3 = THUNDER
                        SNOW, ICE PELLETS, HAIL    4 = ICE PELLETS
                        TOTAL MONTH:    M          5 = HAIL
                        GRTST 24HR    M  ON   M    6 = FREEZING RAIN OR DRIZZLE
                        GRTST DEPTH:  M  ON   M    7 = DUSTSTORM OR SANDSTORM:
                                                       VSBY 1/2 MILE OR LESS
                                                   8 = SMOKE OR HAZE
[NO. OF DAYS WITH]      [WEATHER - DAYS WITH]      9 = BLOWING SNOW
                                                   X = TORNADO
MAX 32 OR BELOW:   0    0.01 INCH OR MORE:   5
MAX 90 OR ABOVE:   3    0.10 INCH OR MORE:   4
MIN 32 OR BELOW:   4    0.50 INCH OR MORE:   1
MIN  0 OR BELOW:   0    1.00 INCH OR MORE:   1

[HDD (BASE 65) ]
TOTAL THIS MO.   184    CLEAR  (SCALE 0-3)  21
DPTR FM NORMAL   -22    PTCLDY (SCALE 4-7)   7
TOTAL FM JUL 1  5930    CLOUDY (SCALE 8-10)  3
DPTR FM NORMAL  -179

[CDD (BASE 65) ]
TOTAL THIS MO.    82
DPTR FM NORMAL    43    [PRESSURE DATA]
TOTAL FM JAN 1    91    HIGHEST SLP M ON M
DPTR FM NORMAL    46    LOWEST  SLP 29.40 ON  7

[REMARKS]
#FINAL-05-14#
