000
CXUS53 KGLD 011637
CF6MCK
PRELIMINARY LOCAL CLIMATOLOGICAL DATA (WS FORM: F-6)

                                          STATION:   MCCOOK NE
                                          MONTH:     FEBRUARY
                                          YEAR:      2014
                                          LATITUDE:   40 13 N
                                          LONGITUDE: 100 35 W

  TEMPERATURE IN F:       :PCPN:    SNOW:  WIND      :SUNSHINE: SKY     :PK WND
================================================================================
1   2   3   4   5  6A  6B    7    8   9   10  11  12  13   14  15   16   17  18
                                     12Z  AVG MX 2MIN
DY MAX MIN AVG DEP HDD CDD  WTR  SNW DPTH SPD SPD DIR MIN PSBL S-S WX    SPD DR
================================================================================

 1  22   1  12 -16  53   0 0.00    M    M  7.9 21  20   M    M   5 12     25  20
 2  25  -7   9 -19  56   0 0.00    M    M  7.3 16 210   M    M   0 1      20 210
 3  23   1  12 -16  53   0 0.00    M    M  5.6 14  60   M    M   8 18     16  60
 4  22   3  13 -16  52   0 0.07    M    M 17.9 30  20   M    M  10 18     36  20
 5   7 -13  -3 -32  68   0    T    M    M 10.4 21  20   M    M   2 8      23  10
 6   6 -15  -4 -33  69   0 0.00    M    M  5.6 17 180   M    M   8 1      22 190
 7  12   2   7 -22  58   0    T    M    M  8.6 14 160   M    M   8 18     18 160
 8  27   4  16 -13  49   0 0.00    M    M  6.1 14  40   M    M   4 18     17 240
 9  21  11  16 -13  49   0 0.03    M    M  9.4 17  40   M    M  10 18     20  30
10  15   7  11 -19  54   0    T    M    M  7.4 13 130   M    M   9 8      16 150
11  35  10  23  -7  42   0 0.00    M    M  8.8 15 210   M    M   4 128    18 210
12  33  20  27  -3  38   0 0.00    M    M 10.1 21 310   M    M   2 18     30 360
13  47  24  36   6  29   0 0.00    M    M  8.8 23 310   M    M   0        27 310
14  49  35  42  12  23   0 0.00    M    M 13.6 25 330   M    M   4        31 310
15  53  32  43  12  22   0 0.00    M    M 13.0 25 330   M    M   7        31 330
16  59  26  43  12  22   0 0.00    M    M 11.3 30 190   M    M   1        37 180
17  62  34  48  17  17   0    T    M    M 15.7 41 340   M    M   1        53 300
18  65  29  47  15  18   0 0.00    M    M 15.5 41 310   M    M   0        55 280
19  59  25  42  10  23   0 0.00    M    M 10.6 29 180   M    M   0        36 190
20  41  24  33   1  32   0 0.08    M    M 21.7 45 300   M    M   4 18     55 300
21  52  22  37   5  28   0 0.00    M    M 11.2 28 320   M    M   2        35 290
22  47  24  36   3  29   0 0.01    M    M 10.5 25  60   M    M   4 1      30  60
23  26  19  23 -10  42   0 0.09    M    M  8.7 20  50   M    M  10 1      25  50
24  40  13  27  -6  38   0 0.00    M    M 13.3 29 350   M    M   7        35 360
25  14   3   9 -25  56   0 0.01    M    M  8.1 17 330   M    M   5 1      20 240
26  30  -6  12 -22  53   0 0.00    M    M  9.2 22 290   M    M   0 18     25 290
27  28   4  16 -18  49   0 0.00    M    M  9.5 22  80   M    M   0        27  80
28  35  18  27  -7  38   0 0.00    M    M 11.7 26 360   M    M   8        30 360
================================================================================
SM  955  350      1160   0  0.29    M    297.5          M      123
================================================================================
AV 34.1 12.5                              10.6 FASTST   M    M   4    MAX(MPH)
                                 MISC ---->  # 45 300               # 55  280
================================================================================
NOTES:
# LAST OF SEVERAL OCCURRENCES

COLUMN 17 PEAK WIND IN M.P.H.

PRELIMINARY LOCAL CLIMATOLOGICAL DATA (WS FORM: F-6) , PAGE 2

                                          STATION:  MCCOOK NE
                                          MONTH:    FEBRUARY
                                          YEAR:     2014
                                          LATITUDE:   40 13 N
                                          LONGITUDE: 100 35 W

[TEMPERATURE DATA]      [PRECIPITATION DATA]       SYMBOLS USED IN COLUMN 16

AVERAGE MONTHLY: 23.3   TOTAL FOR MONTH:   0.29    1 = FOG OR MIST
DPTR FM NORMAL:  -7.6   DPTR FM NORMAL:   -0.33    2 = FOG REDUCING VISIBILITY
HIGHEST:    65 ON 18    GRTST 24HR  0.12 ON 31- 1      TO 1/4 MILE OR LESS
LOWEST:    -15 ON  6                               3 = THUNDER
                        SNOW, ICE PELLETS, HAIL    4 = ICE PELLETS
                        TOTAL MONTH:    M          5 = HAIL
                        GRTST 24HR    M  ON   M    6 = FREEZING RAIN OR DRIZZLE
                        GRTST DEPTH:  M  ON   M    7 = DUSTSTORM OR SANDSTORM:
                                                       VSBY 1/2 MILE OR LESS
                                                   8 = SMOKE OR HAZE
[NO. OF DAYS WITH]      [WEATHER - DAYS WITH]      9 = BLOWING SNOW
                                                   X = TORNADO
MAX 32 OR BELOW:  14    0.01 INCH OR MORE:   6
MAX 90 OR ABOVE:   0    0.10 INCH OR MORE:   0
MIN 32 OR BELOW:  26    0.50 INCH OR MORE:   0
MIN  0 OR BELOW:   4    1.00 INCH OR MORE:   0

[HDD (BASE 65) ]
TOTAL THIS MO.  1160    CLEAR  (SCALE 0-3)  11
DPTR FM NORMAL   205    PTCLDY (SCALE 4-7)  12
TOTAL FM JUL 1  4573    CLOUDY (SCALE 8-10)  5
DPTR FM NORMAL   -63

[CDD (BASE 65) ]
TOTAL THIS MO.     0
DPTR FM NORMAL     0    [PRESSURE DATA]
TOTAL FM JAN 1     0    HIGHEST SLP 30.81 ON  5
DPTR FM NORMAL     0    LOWEST  SLP 29.51 ON 20

[REMARKS]
#FINAL-02-14#
