000
CXUS53 KGLD 010800
CF6MCK
PRELIMINARY LOCAL CLIMATOLOGICAL DATA (WS FORM: F-6)

                                          STATION:   MCCOOK NE
                                          MONTH:     OCTOBER
                                          YEAR:      2013
                                          LATITUDE:   40 13 N
                                          LONGITUDE: 100 35 W

  TEMPERATURE IN F:       :PCPN:    SNOW:  WIND      :SUNSHINE: SKY     :PK WND
================================================================================
1   2   3   4   5  6A  6B    7    8   9   10  11  12  13   14  15   16   17  18
                                     12Z  AVG MX 2MIN
DY MAX MIN AVG DEP HDD CDD  WTR  SNW DPTH SPD SPD DIR MIN PSBL S-S WX    SPD DR
================================================================================

 1  78  51  65   8   0   0 0.00    M    M  8.7 17  90   M    M   0        23  80
 2  81  49  65   8   0   0 0.00    M    M  4.2 16  10   M    M   2 1      21  30
 3  72  57  65   9   0   0 0.00    M    M 11.4 23  20   M    M   8 1      28  30
 4  61  39  50  -6  15   0    T    M    M 18.8 39 290   M    M   6 12     51 290
 5  52  37  45 -11  20   0 0.00    M    M 20.4 36 310   M    M   6        49 290
 6  70  39  55   0  10   0 0.00    M    M 16.1 30 350   M    M   0        43 330
 7  82  37  60   5   5   0 0.00    M    M 10.6 18 180   M    M   0        25 180
 8  84  47  66  12   0   1 0.00    M    M 15.0 29 180   M    M   2        38 170
 9  78  49  64  10   1   0 0.00    M    M  8.1 22 160   M    M   0        28 150
10  86  46  66  12   0   1 0.36    M    M 13.4 40 220   M    M   0 138    52 220
11  65  47  56   3   9   0 0.00    M    M 16.2 32 310   M    M   0        40 320
12  60  44  52  -1  13   0 0.00    M    M  6.0 15 340   M    M   6        18 350
13  67  40  54   2  11   0 0.00    M    M 13.7 28 140   M    M   5 38     35 130
14  74  42  58   6   7   0 0.18    M    M 19.3 35 290   M    M   7 13     56 160
15  51  31  41 -11  24   0 0.00    M    M 18.9 31 330   M    M   3        40 330
16  58  29  44  -7  21   0 0.00    M    M  6.8 14 300   M    M   0        22 300
17  57  30  44  -7  21   0 0.00    M    M 11.5 21 340   M    M   2        26 350
18  52  30  41 -10  24   0 0.04    M    M  7.9 22 320   M    M   7 1      26 310
19  68  28  48  -2  17   0 0.00    M    M  9.9 21 310   M    M   0        25 300
20  62  33  48  -2  17   0 0.00    M    M 11.4 26 340   M    M   3        31 330
21  64  29  47  -3  18   0 0.00    M    M  9.9 22 300   M    M   4        26 300
22  67  40  54   5  11   0 0.00    M    M  9.5 24 330   M    M   3        32 350
23  71  33  52   3  13   0 0.00    M    M  8.0 23 360   M    M   0        29 340
24  49  32  41  -7  24   0 0.00    M    M  4.2  9 130   M    M   6        13 110
25  64  33  49   1  16   0 0.00    M    M  9.1 23 190   M    M   0        30 200
26  63  34  49   1  16   0 0.00    M    M  7.5 17 350   M    M   0        30 330
27  79  38  59  12   6   0 0.00    M    M  7.6 18 170   M    M   0        26 170
28  57  38  48   1  17   0    T    M    M 15.3 25  90   M    M   6 18     89 140
29  40  37  39  -7  26   0 0.03    M    M  9.3 16 340   M    M  10 1      20  10
30  54  31  43  -3  22   0 0.00    M    M  3.3 16 290   M    M   6 1      18 300
31  63  30  47   1  18   0    T    M    M 14.5 33 300   M    M   2 1      43 300
================================================================================
SM 2029 1180       402   2  0.61    M    346.5          M       94
================================================================================
AV 65.5 38.1                              11.2 FASTST   M    M   3    MAX(MPH)
                                 MISC ---->  # 40 220               # 89  140
================================================================================
NOTES:
# LAST OF SEVERAL OCCURRENCES

COLUMN 17 PEAK WIND IN M.P.H.

PRELIMINARY LOCAL CLIMATOLOGICAL DATA (WS FORM: F-6) , PAGE 2

                                          STATION:  MCCOOK NE
                                          MONTH:    OCTOBER
                                          YEAR:     2013
                                          LATITUDE:   40 13 N
                                          LONGITUDE: 100 35 W

[TEMPERATURE DATA]      [PRECIPITATION DATA]       SYMBOLS USED IN COLUMN 16

AVERAGE MONTHLY: 51.8   TOTAL FOR MONTH:   0.61    1 = FOG OR MIST
DPTR FM NORMAL:   0.5   DPTR FM NORMAL:   -1.18    2 = FOG REDUCING VISIBILITY
HIGHEST:    86 ON 10    GRTST 24HR  0.36 ON 10-10      TO 1/4 MILE OR LESS
LOWEST:     28 ON 19                               3 = THUNDER
                        SNOW, ICE PELLETS, HAIL    4 = ICE PELLETS
                        TOTAL MONTH:    M          5 = HAIL
                        GRTST 24HR    M  ON   M    6 = FREEZING RAIN OR DRIZZLE
                        GRTST DEPTH:  M  ON   M    7 = DUSTSTORM OR SANDSTORM:
                                                       VSBY 1/2 MILE OR LESS
                                                   8 = SMOKE OR HAZE
[NO. OF DAYS WITH]      [WEATHER - DAYS WITH]      9 = BLOWING SNOW
                                                   X = TORNADO
MAX 32 OR BELOW:   0    0.01 INCH OR MORE:   4
MAX 90 OR ABOVE:   0    0.10 INCH OR MORE:   2
MIN 32 OR BELOW:   9    0.50 INCH OR MORE:   0
MIN  0 OR BELOW:   0    1.00 INCH OR MORE:   0

[HDD (BASE 65) ]
TOTAL THIS MO.   402    CLEAR  (SCALE 0-3)  19
DPTR FM NORMAL   -28    PTCLDY (SCALE 4-7)  10
TOTAL FM JUL 1   442    CLOUDY (SCALE 8-10)  2
DPTR FM NORMAL  -117

[CDD (BASE 65) ]
TOTAL THIS MO.     2
DPTR FM NORMAL    -5    [PRESSURE DATA]
TOTAL FM JAN 1  1412    HIGHEST SLP M ON M
DPTR FM NORMAL   456    LOWEST  SLP 29.45 ON 10

[REMARKS]
#FINAL-10-13#
