000
CXUS53 KGLD 021411
CF6MCK
PRELIMINARY LOCAL CLIMATOLOGICAL DATA (WS FORM: F-6)

                                          STATION:   MCCOOK NE
                                          MONTH:     OCTOBER
                                          YEAR:      2015
                                          LATITUDE:   40 13 N
                                          LONGITUDE: 100 35 W

  TEMPERATURE IN F:       :PCPN:    SNOW:  WIND      :SUNSHINE: SKY     :PK WND
================================================================================
1   2   3   4   5  6A  6B    7    8   9   10  11  12  13   14  15   16   17  18
                                     12Z  AVG MX 2MIN
DY MAX MIN AVG DEP HDD CDD  WTR  SNW DPTH SPD SPD DIR MIN PSBL S-S WX    SPD DR
================================================================================

 1  75  54  65   8   0   0 0.00    M    M 12.2 24 110   M    M   7 8      29 110
 2  66  49  58   1   7   0    T    M    M 13.6 22 130   M    M   6 3      32 120
 3  55  47  51  -5  14   0 0.22    M    M 13.9 23 120   M    M  10 13     31 110
 4  64  49  57   1   8   0 0.03    M    M  9.2 16 140   M    M  10        20 130
 5  74  53  64   8   1   0 0.00    M    M 10.7 23 180   M    M   9        28 180
 6  76  53  65  10   0   0 0.00    M    M  5.5 13  80   M    M   7 8      15  60
 7  79  57  68  13   0   3 0.00    M    M  7.8 23 160   M    M   5 1      28 170
 8  82  51  67  13   0   2    T    M    M 11.5 28  30   M    M   1 18     35  30
 9  72  44  58   4   7   0 0.00    M    M  6.4 10 180   M    M   0        15 210
10  88  48  68  14   0   3 0.00    M    M  6.6 15 210   M    M   0        17 200
11  95  49  72  19   0   7 0.00    M    M  7.8 21 330   M    M   0 8      27 340
12  78  43  61   8   4   0 0.00    M    M 12.6 28 310   M    M   0        32 320
13  86  36  61   9   4   0    T    M    M  5.8 18 360   M    M   0        21  10
14  81  37  59   7   6   0 0.00    M    M  6.5 17 180   M    M   0        24 190
15  74  41  58   6   7   0 0.00    M    M  9.6 26  40   M    M   1        31  30
16  67  30  49  -2  16   0 0.00    M    M  8.9 21 170   M    M   0        25 190
17  69  36  53   2  12   0 0.00    M    M 11.4 25 160   M    M   0        30 140
18  87  39  63  12   2   0 0.00    M    M 13.9 29 190   M    M   0        36 180
19  84  53  69  19   0   4 0.00    M    M  6.2 21 190   M    M   0        26 190
20  82  47  65  15   0   0 0.00    M    M  5.8 15 290   M    M   0 8      18 230
21  63  53  58   8   7   0    T    M    M 12.1 24  30   M    M   6        30  30
22  62  48  55   6  10   0 0.44    M    M 12.0 23  80   M    M   9 1      27 130
23  62  45  54   5  11   0 0.00    M    M 15.7 37 330   M    M   6        42 330
24  65  34  50   2  15   0 0.00    M    M  7.5 16 310   M    M   0        19 310
25  72  38  55   7  10   0 0.00    M    M 10.9 23 170   M    M   0        29 170
26  66  46  56   8   9   0 0.00    M    M 10.9 24 140   M    M   1        32 150
27  69  43  56   9   9   0 0.00    M    M  9.9 36 350   M    M   3        45 360
28  64  34  49   2  16   0 0.00    M    M 13.4 32 310   M    M   2        39 310
29  56  24  40  -6  25   0 0.00    M    M  6.8 14 330   M    M   0        15 160
30  42  37  40  -6  25   0 0.79    M    M  5.3 14 160   M    M   8 1      17 160
31  68  38  53   7  12   0 0.00    M    M 11.9 23 320   M    M   3 1      28 330
================================================================================
SM 2223 1356       237  19  1.48    M    302.3          M       94
================================================================================
AV 71.7 43.7                               9.8 FASTST   M    M   3    MAX(MPH)
                                 MISC ---->  # 37 330               # 45  360
================================================================================
NOTES:
# LAST OF SEVERAL OCCURRENCES

COLUMN 17 PEAK WIND IN M.P.H.

PRELIMINARY LOCAL CLIMATOLOGICAL DATA (WS FORM: F-6) , PAGE 2

                                          STATION:  MCCOOK NE
                                          MONTH:    OCTOBER
                                          YEAR:     2015
                                          LATITUDE:   40 13 N
                                          LONGITUDE: 100 35 W

[TEMPERATURE DATA]      [PRECIPITATION DATA]       SYMBOLS USED IN COLUMN 16

AVERAGE MONTHLY: 57.7   TOTAL FOR MONTH:   1.48    1 = FOG OR MIST
DPTR FM NORMAL:   6.4   DPTR FM NORMAL:   -0.31    2 = FOG REDUCING VISIBILITY
HIGHEST:    95 ON 11    GRTST 24HR  0.79 ON 30-30      TO 1/4 MILE OR LESS
LOWEST:     24 ON 29                               3 = THUNDER
                        SNOW, ICE PELLETS, HAIL    4 = ICE PELLETS
                        TOTAL MONTH:    M          5 = HAIL
                        GRTST 24HR    M  ON   M    6 = FREEZING RAIN OR DRIZZLE
                        GRTST DEPTH:  M  ON   M    7 = DUSTSTORM OR SANDSTORM:
                                                       VSBY 1/2 MILE OR LESS
                                                   8 = SMOKE OR HAZE
[NO. OF DAYS WITH]      [WEATHER - DAYS WITH]      9 = BLOWING SNOW
                                                   X = TORNADO
MAX 32 OR BELOW:   0    0.01 INCH OR MORE:   4
MAX 90 OR ABOVE:   1    0.10 INCH OR MORE:   3
MIN 32 OR BELOW:   2    0.50 INCH OR MORE:   1
MIN  0 OR BELOW:   0    1.00 INCH OR MORE:   0

[HDD (BASE 65) ]
TOTAL THIS MO.   237    CLEAR  (SCALE 0-3)  19
DPTR FM NORMAL  -193    PTCLDY (SCALE 4-7)   8
TOTAL FM JUL 1   262    CLOUDY (SCALE 8-10)  4
DPTR FM NORMAL  -297

[CDD (BASE 65) ]
TOTAL THIS MO.    19
DPTR FM NORMAL    12    [PRESSURE DATA]
TOTAL FM JAN 1  1255    HIGHEST SLP 30.59 ON 16
DPTR FM NORMAL   299    LOWEST  SLP 29.57 ON 11

[REMARKS]
#FINAL-10-15#
