000
CXUS53 KGLD 010800
CF6MCK
PRELIMINARY LOCAL CLIMATOLOGICAL DATA (WS FORM: F-6)

                                          STATION:   MCCOOK NE
                                          MONTH:     AUGUST
                                          YEAR:      2013
                                          LATITUDE:   40 13 N
                                          LONGITUDE: 100 35 W

  TEMPERATURE IN F:       :PCPN:    SNOW:  WIND      :SUNSHINE: SKY     :PK WND
================================================================================
1   2   3   4   5  6A  6B    7    8   9   10  11  12  13   14  15   16   17  18
                                     12Z  AVG MX 2MIN
DY MAX MIN AVG DEP HDD CDD  WTR  SNW DPTH SPD SPD DIR MIN PSBL S-S WX    SPD DR
================================================================================

 1  94  65  80   4   0  15 0.00    M    M 10.9 36  50   M    M   0        43  50
 2  91  63  77   1   0  12 0.00    M    M 10.6 22 130   M    M   0        30 130
 3  76  67  72  -3   0   7 0.00    M    M 12.5 25  80   M    M   9 18     33  80
 4  85  65  75   0   0  10    T    M    M  7.5 14 130   M    M   7 1      18 110
 5  93  67  80   5   0  15    T    M    M  8.5 23 200   M    M   4 18     29 190
 6  95  68  82   7   0  17 0.00    M    M  7.1 24 140   M    M   4 123    33 150
 7  83  62  73  -2   0   8 0.38    M    M  7.6 48 320   M    M   4 13     60 330
 8  81  63  72  -3   0   7 0.22    M    M  4.1 14 290   M    M   6 18     17 280
 9  86  57  72  -3   0   7 0.00    M    M  4.1 12  70   M    M   1 1      16  60
10  86  59  73  -2   0   8 0.00    M    M  9.2 22 170   M    M   0        26 160
11  85  62  74  -1   0   9 0.11    M    M  6.9 21  40   M    M   2 13     24  40
12  85  60  73  -2   0   8 0.32    M    M  6.0 18  80   M    M   2 13     21  80
13  83  63  73  -1   0   8 0.01    M    M  8.1 30  40   M    M   3 138    38  40
14  81  61  71  -3   0   6 0.00    M    M  8.9 20 170   M    M   4 1      25 150
15  89  61  75   1   0  10    T    M    M  7.4 22  40   M    M   1 13     36  40
16  83  64  74   0   0   9 0.00    M    M  7.7 14 110   M    M   8 18     17 120
17  77  64  71  -3   0   6 0.00    M    M  9.8 18 140   M    M   9 1      23 140
18  86  62  74   0   0   9 0.00    M    M  9.2 18 160   M    M   6 18     24 180
19  95  61  78   4   0  13 0.00    M    M  7.3 15 180   M    M   0 18     20 180
20  98  62  80   7   0  15 0.00    M    M 10.6 22 180   M    M   0 18     28 180
21 101  65  83  10   0  18 0.00    M    M 11.5 24 190   M    M   0 18     30 190
22  91  68  80   7   0  15 0.00    M    M  9.9  M   M   M    M   0 1       M  M
23  96  66  81   8   0  16 0.00    M    M  8.1 21 170   M    M   1 13     33 130
24 100  69  85  12   0  20 0.00    M    M 15.9 38 170   M    M   0         M  M
25 101  72  87  15   0  22 0.00    M    M 16.5 28 170   M    M   0        36 170
26 103  74  89  17   0  24 0.00    M    M 15.2 24 180   M    M   0        31 180
27 103  68  86  14   0  21 0.00    M    M  9.9 20 210   M    M   0        25 190
28  98  60  79   7   0  14 0.00    M    M  6.3 16 200   M    M   0        20 140
29 105  64  85  14   0  20 0.00    M    M  4.3 13 250   M    M   0        18 250
30 102  63  83  12   0  18 0.08    M    M  9.2 39 320   M    M   0 3      52 310
31  96  65  81  10   0  16 0.37    M    M  6.4 33  30   M    M   1 3      41  30
================================================================================
SM 2828 1990         0 403  1.49    M    277.2          M       72
================================================================================
AV 91.2 64.2                               8.9 FASTST   M    M   2    MAX(MPH)
                                 MISC ---->  # 48 320               # 60  330
================================================================================
NOTES:
# LAST OF SEVERAL OCCURRENCES

COLUMN 17 PEAK WIND IN M.P.H.

PRELIMINARY LOCAL CLIMATOLOGICAL DATA (WS FORM: F-6) , PAGE 2

                                          STATION:  MCCOOK NE
                                          MONTH:    AUGUST
                                          YEAR:     2013
                                          LATITUDE:   40 13 N
                                          LONGITUDE: 100 35 W

[TEMPERATURE DATA]      [PRECIPITATION DATA]       SYMBOLS USED IN COLUMN 16

AVERAGE MONTHLY: 77.7   TOTAL FOR MONTH:   1.49    1 = FOG OR MIST
DPTR FM NORMAL:   3.9   DPTR FM NORMAL:   -1.65    2 = FOG REDUCING VISIBILITY
HIGHEST:   105 ON 29    GRTST 24HR  0.47 ON  7- 8      TO 1/4 MILE OR LESS
LOWEST:     57 ON  9                               3 = THUNDER
                        SNOW, ICE PELLETS, HAIL    4 = ICE PELLETS
                        TOTAL MONTH:    M          5 = HAIL
                        GRTST 24HR    M  ON   M    6 = FREEZING RAIN OR DRIZZLE
                        GRTST DEPTH:  M  ON   M    7 = DUSTSTORM OR SANDSTORM:
                                                       VSBY 1/2 MILE OR LESS
                                                   8 = SMOKE OR HAZE
[NO. OF DAYS WITH]      [WEATHER - DAYS WITH]      9 = BLOWING SNOW
                                                   X = TORNADO
MAX 32 OR BELOW:   0    0.01 INCH OR MORE:   7
MAX 90 OR ABOVE:  17    0.10 INCH OR MORE:   5
MIN 32 OR BELOW:   0    0.50 INCH OR MORE:   0
MIN  0 OR BELOW:   0    1.00 INCH OR MORE:   0

[HDD (BASE 65) ]
TOTAL THIS MO.     0    CLEAR  (SCALE 0-3)  20
DPTR FM NORMAL    -9    PTCLDY (SCALE 4-7)   9
TOTAL FM JUL 1     7    CLOUDY (SCALE 8-10)  2
DPTR FM NORMAL    -5

[CDD (BASE 65) ]
TOTAL THIS MO.   403
DPTR FM NORMAL   123    [PRESSURE DATA]
TOTAL FM JAN 1  1185    HIGHEST SLP M ON M
DPTR FM NORMAL   334    LOWEST  SLP 29.76 ON M

[REMARKS]
#FINAL-08-13#
