655
CXUS53 KGLD 010800
CF6MCK
PRELIMINARY LOCAL CLIMATOLOGICAL DATA (WS FORM: F-6)

                                          STATION:   MCCOOK NE
                                          MONTH:     APRIL
                                          YEAR:      2016
                                          LATITUDE:   40 13 N
                                          LONGITUDE: 100 35 W

  TEMPERATURE IN F:       :PCPN:    SNOW:  WIND      :SUNSHINE: SKY     :PK WND
================================================================================
1   2   3   4   5  6A  6B    7    8   9   10  11  12  13   14  15   16   17  18
                                     12Z  AVG MX 2MIN
DY MAX MIN AVG DEP HDD CDD  WTR  SNW DPTH SPD SPD DIR MIN PSBL S-S WX    SPD DR
================================================================================

 1  49  29  39  -5  26   0    T    M    M 14.8 32 360   M    M   3        40 330
 2  68  27  48   3  17   0 0.00    M    M  9.8 17 330   M    M   0        23 330
 3  79  33  56  11   9   0 0.00    M    M 13.1 29 330   M    M   1        35 330
 4  73  33  53   8  12   0 0.00    M    M 11.0 22 150   M    M   0        27 130
 5  77  39  58  12   7   0    T    M    M 13.9 39 320   M    M   2 8      46 310
 6  69  36  53   7  12   0 0.00    M    M 18.2 37 330   M    M   1        46 340
 7  66  34  50   4  15   0 0.00    M    M 18.0 38 330   M    M   3        48 340
 8  73  28  51   4  14   0 0.00    M    M  8.7 17 330   M    M   0        24 310
 9  77  28  53   6  12   0 0.00    M    M 12.3 24 190   M    M   0        40 180
10  66  43  55   8  10   0 0.00    M    M 14.1 25  20   M    M   0        31  20
11  61  39  50   2  15   0    T    M    M  7.5 16  60   M    M   6        20  50
12  69  34  52   4  13   0 0.00    M    M 14.3 29 200   M    M   0 1      36 190
13  76  34  55   7  10   0 0.00    M    M  8.9 21 170   M    M   0        25 170
14  76  48  62  13   3   0 0.00    M    M 17.8 32 160   M    M   3 1      42 160
15  69  52  61  12   4   0 0.43    M    M 19.0 35 160   M    M   8 13     45 160
16  54  41  48  -2  17   0 4.60    M    M 16.2 31  20   M    M  10 1      36  10
17  44  39  42  -8  23   0 0.36    M    M 13.6 37  30   M    M   9 1      44  30
18  56  38  47  -3  18   0    T    M    M  9.5 21 330   M    M   9 1      25 330
19  53  34  44  -7  21   0    T    M    M  6.1 12 190   M    M   7        14 220
20  63  40  52   1  13   0 0.01    M    M  8.5 22  10   M    M   7 123    26  10
21  72  43  58   6   7   0 0.00    M    M 11.6 26 350   M    M   3        34 340
22  73  37  55   3  10   0 0.00    M    M  8.6 22 150   M    M   0        26 150
23  80  51  66  14   0   1    T    M    M 16.2 30 170   M    M   0 3      42 190
24  73  48  61   9   4   0 0.00    M    M  9.7 29 310   M    M   2        35 320
25  72  40  56   3   9   0 0.00    M    M  8.1 15 330   M    M   0        19 290
26  67  47  57   4   8   0    T    M    M 18.8 31  80   M    M   7        36  80
27  51  36  44 -10  21   0 0.00    M    M 22.7 40 320   M    M   7 18     48 330
28  53  31  42 -12  23   0    T    M    M  8.5 18 320   M    M   5        23 310
29  44  37  41 -13  24   0 0.62    M    M 13.0 26  40   M    M  10 1      32  40
30  44  35  40 -15  25   0 0.08    M    M 14.4 21 340   M    M  10 1      26 340
================================================================================
SM 1947 1134       402   1  6.10    M    386.9          M      113
================================================================================
AV 64.9 37.8                              12.9 FASTST   M    M   4    MAX(MPH)
                                 MISC ---->  # 40 320               # 48  340
================================================================================
NOTES:
# LAST OF SEVERAL OCCURRENCES

COLUMN 17 PEAK WIND IN M.P.H.

PRELIMINARY LOCAL CLIMATOLOGICAL DATA (WS FORM: F-6) , PAGE 2

                                          STATION:  MCCOOK NE
                                          MONTH:    APRIL
                                          YEAR:     2016
                                          LATITUDE:   40 13 N
                                          LONGITUDE: 100 35 W

[TEMPERATURE DATA]      [PRECIPITATION DATA]       SYMBOLS USED IN COLUMN 16

AVERAGE MONTHLY: 51.3   TOTAL FOR MONTH:   6.10    1 = FOG OR MIST
DPTR FM NORMAL:   1.8   DPTR FM NORMAL:    3.79    2 = FOG REDUCING VISIBILITY
HIGHEST:    80 ON 23    GRTST 24HR  4.94 ON 15-16      TO 1/4 MILE OR LESS
LOWEST:     27 ON  2                               3 = THUNDER
                        SNOW, ICE PELLETS, HAIL    4 = ICE PELLETS
                        TOTAL MONTH:    M          5 = HAIL
                        GRTST 24HR    M  ON   M    6 = FREEZING RAIN OR DRIZZLE
                        GRTST DEPTH:  M  ON   M    7 = DUSTSTORM OR SANDSTORM:
                                                       VSBY 1/2 MILE OR LESS
                                                   8 = SMOKE OR HAZE
[NO. OF DAYS WITH]      [WEATHER - DAYS WITH]      9 = BLOWING SNOW
                                                   X = TORNADO
MAX 32 OR BELOW:   0    0.01 INCH OR MORE:   6
MAX 90 OR ABOVE:   0    0.10 INCH OR MORE:   4
MIN 32 OR BELOW:   5    0.50 INCH OR MORE:   2
MIN  0 OR BELOW:   0    1.00 INCH OR MORE:   1

[HDD (BASE 65) ]
TOTAL THIS MO.   402    CLEAR  (SCALE 0-3)  16
DPTR FM NORMAL   -70    PTCLDY (SCALE 4-7)   9
TOTAL FM JUL 1  4759    CLOUDY (SCALE 8-10)  5
DPTR FM NORMAL -1144

[CDD (BASE 65) ]
TOTAL THIS MO.     1
DPTR FM NORMAL    -5    [PRESSURE DATA]
TOTAL FM JAN 1     1    HIGHEST SLP M ON M
DPTR FM NORMAL    -5    LOWEST  SLP 29.44 ON 26

[REMARKS]
#FINAL-04-16#
