000
CXUS53 KGLD 290800
CF6MCK
PRELIMINARY LOCAL CLIMATOLOGICAL DATA (WS FORM: F-6)

                                          STATION:   MCCOOK NE
                                          MONTH:     JUNE
                                          YEAR:      2015
                                          LATITUDE:   40 13 N
                                          LONGITUDE: 100 35 W

  TEMPERATURE IN F:       :PCPN:    SNOW:  WIND      :SUNSHINE: SKY     :PK WND
================================================================================
1   2   3   4   5  6A  6B    7    8   9   10  11  12  13   14  15   16   17  18
                                     12Z  AVG MX 2MIN
DY MAX MIN AVG DEP HDD CDD  WTR  SNW DPTH SPD SPD DIR MIN PSBL S-S WX    SPD DR
================================================================================

 1  84  54  69   4   0   4 0.00  0.0    0 12.0 26 350   M    M   4 13     32 350
 2  88  60  74   9   0   9 1.25    M    M 10.9 26  10   M    M   2 13     31  10
 3  82  64  73   8   0   8 0.00  0.0    0 13.2 31  40   M    M   4        38  40
 4  82  66  74   8   0   9 0.78    M    M 12.3 25  90   M    M   7 13     30 110
 5  79  61  70   4   0   5 1.68    M    M 12.6 29 290   M    M   7 13     43 300
 6  89  62  76   9   0  11    T    M    M  8.9 20 210   M    M   2 13     24 200
 7  83  62  73   6   0   8    T    M    M  8.2 28 340   M    M   2        33 340
 8  89  58  74   7   0   9 0.00    M    M  7.1 16 310   M    M   0        22 320
 9  96  58  77   9   0  12 0.00    M    M  6.2 15 240   M    M   0        18 240
10  96  62  79  11   0  14 0.15    M    M  8.5 30  10   M    M   1 38     34  10
11  75  62  69   1   0   4    T    M    M 12.5 21  10   M    M  10 1      39  20
12  66  59  63  -6   2   0    T    M    M  6.1 14  30   M    M   8        18  30
13  84  56  70   1   0   5 0.00    M    M  8.8 18 130   M    M   4 1      23 180
14  84  62  73   3   0   8    T    M    M  5.9 22 170   M    M   3 12     27 170
15  82  59  71   1   0   6 0.01    M    M  9.8 18  40   M    M   2        23  40
16  86  57  72   2   0   7 0.00    M    M 11.6 18 170   M    M   4 1      30 160
17  85  59  72   1   0   7 0.01    M    M 10.3 29  10   M    M   2 3      35  10
18  81  61  71   0   0   6 0.45    M    M  9.0 32  20   M    M   2 13     42  10
19  92  60  76   5   0  11 0.00    M    M 12.2 24 150   M    M   4 12     33 140
20  90  67  79   7   0  14 0.00    M    M 11.8 22  20   M    M   0        26  20
21  92  62  77   5   0  12 0.00    M    M  9.9 32  30   M    M   2 13     43  30
22  89  61  75   3   0  10 0.00    M    M 14.7 25 360   M    M   0        32  40
23  85  59  72  -1   0   7 0.00    M    M 12.9 25 160   M    M   4 3      32  70
24  90  59  75   2   0  10 0.09    M    M  9.0 21  30   M    M   1 13     26 320
25  89  64  77   4   0  12 0.10    M    M 11.4 26  20   M    M   1 138    35  20
26  84  62  73  -1   0   8 0.00    M    M  9.4 20  20   M    M   3 1      24  30
27  88  56  72  -2   0   7 0.00  0.0    0  4.1  9 110   M    M   0 1      13 220
28  95  62  79   5   0  14 0.00    M    M  8.0 18  10   M    M   0        31 360
================================================================================
SM 2405 1694         2 237  4.52     0.0 277.3          M       79
================================================================================
AV 85.9 60.5                               9.9 FASTST   M    M   3    MAX(MPH)
                                 MISC ---->  # 32  20               # 43  300
================================================================================
NOTES:
# LAST OF SEVERAL OCCURRENCES

COLUMN 17 PEAK WIND IN M.P.H.

PRELIMINARY LOCAL CLIMATOLOGICAL DATA (WS FORM: F-6) , PAGE 2

                                          STATION:  MCCOOK NE
                                          MONTH:    JUNE
                                          YEAR:     2015
                                          LATITUDE:   40 13 N
                                          LONGITUDE: 100 35 W

[TEMPERATURE DATA]      [PRECIPITATION DATA]       SYMBOLS USED IN COLUMN 16

AVERAGE MONTHLY: 73.2   TOTAL FOR MONTH:   4.52    1 = FOG OR MIST
DPTR FM NORMAL:   3.6   DPTR FM NORMAL:    1.35    2 = FOG REDUCING VISIBILITY
HIGHEST:    96 ON 10, 9 GRTST 24HR  1.99 ON  4- 5      TO 1/4 MILE OR LESS
LOWEST:     54 ON  1                               3 = THUNDER
                        SNOW, ICE PELLETS, HAIL    4 = ICE PELLETS
                        TOTAL MONTH:   0.0 INCH    5 = HAIL
                        GRTST 24HR     0.0         6 = FREEZING RAIN OR DRIZZLE
                        GRTST DEPTH:   0           7 = DUSTSTORM OR SANDSTORM:
                                                       VSBY 1/2 MILE OR LESS
                                                   8 = SMOKE OR HAZE
[NO. OF DAYS WITH]      [WEATHER - DAYS WITH]      9 = BLOWING SNOW
                                                   X = TORNADO
MAX 32 OR BELOW:   0    0.01 INCH OR MORE:   9
MAX 90 OR ABOVE:   7    0.10 INCH OR MORE:   6
MIN 32 OR BELOW:   0    0.50 INCH OR MORE:   3
MIN  0 OR BELOW:   0    1.00 INCH OR MORE:   2

[HDD (BASE 65) ]
TOTAL THIS MO.     2    CLEAR  (SCALE 0-3)  17
DPTR FM NORMAL   -33    PTCLDY (SCALE 4-7)  10
TOTAL FM JUL 1  5277    CLOUDY (SCALE 8-10)  1
DPTR FM NORMAL  -867

[CDD (BASE 65) ]
TOTAL THIS MO.   237
DPTR FM NORMAL    72    [PRESSURE DATA]
TOTAL FM JAN 1   268    HIGHEST SLP M ON M
DPTR FM NORMAL    58    LOWEST  SLP 29.53 ON 10

[REMARKS]
