000
CDUS43 KGLD 200747 RRA
CLIMCK

CLIMATE REPORT
NATIONAL WEATHER SERVICE GOODLAND
1244 AM MST SAT DEC 20 2014

...................................

...THE MCCOOK NE CLIMATE SUMMARY FOR DECEMBER 19 2014...

CLIMATE NORMAL PERIOD 1981 TO 2010
CLIMATE RECORD PERIOD 1896 TO 2014

WEATHER ITEM   OBSERVED TIME   RECORD YEAR NORMAL DEPARTURE LAST
                VALUE   (LST)  VALUE       VALUE  FROM      YEAR
                                                  NORMAL
..................................................................
TEMPERATURE (F)
 YESTERDAY
  MAXIMUM         49    345 PM  69    1980  40      9       40
  MINIMUM         13    720 AM -15    1989  14     -1       14
  AVERAGE         31                        27      4       27

PRECIPITATION (IN)
  YESTERDAY        0.00                      0.02  -0.02      T
  MONTH TO DATE    0.89                      0.40   0.49     0.08
  SINCE DEC 1      0.89                      0.40   0.49     0.08
  SINCE JAN 1     23.79                     22.29   1.50    12.69

..................................................................

THE MCCOOK NE CLIMATE NORMALS FOR TODAY
                         NORMAL    RECORD    YEAR
 MAXIMUM TEMPERATURE (F)   40        68      2003
 MINIMUM TEMPERATURE (F)   14       -15      1989

-  INDICATES NEGATIVE NUMBERS.
R  INDICATES RECORD WAS SET OR TIED.
MM INDICATES DATA IS MISSING.
T  INDICATES TRACE AMOUNT.

$$
