000
CDUS43 KGLD 040744 RRA
CLIMCK

CLIMATE REPORT
NATIONAL WEATHER SERVICE GOODLAND
140 AM MDT WED MAY 4 2016

...................................

...THE MCCOOK NE CLIMATE SUMMARY FOR MAY 3 2016...

CLIMATE NORMAL PERIOD 1981 TO 2010
CLIMATE RECORD PERIOD 1896 TO 2016


WEATHER ITEM   OBSERVED TIME   RECORD YEAR NORMAL DEPARTURE LAST
                VALUE   (LST)  VALUE       VALUE  FROM      YEAR
                                                  NORMAL
..................................................................
TEMPERATURE (F)
 YESTERDAY
  MAXIMUM         69    548 PM  96    1949  70     -1       90
  MINIMUM         38    604 AM  24    1954  41     -3       51
  AVERAGE         54                        56     -2       71

PRECIPITATION (IN)
  YESTERDAY        0.04                      0.09  -0.05     0.00
  MONTH TO DATE    0.05                      0.28  -0.23     0.00
  SINCE MAR 1      6.63                      3.95   2.68     1.98
  SINCE JAN 1      7.64                      5.08   2.56     2.32

..................................................................


THE MCCOOK NE CLIMATE NORMALS FOR TODAY
                         NORMAL    RECORD    YEAR
 MAXIMUM TEMPERATURE (F)   70        94      2012
 MINIMUM TEMPERATURE (F)   42        27      2013



-  INDICATES NEGATIVE NUMBERS.
R  INDICATES RECORD WAS SET OR TIED.
MM INDICATES DATA IS MISSING.
T  INDICATES TRACE AMOUNT.

$$
