000
CDUS43 KGLD 300749
CLIMCK

CLIMATE REPORT
NATIONAL WEATHER SERVICE GOODLAND
1241 AM MST FRI JAN 30 2015

...................................

...THE MCCOOK NE CLIMATE SUMMARY FOR JANUARY 29 2015...

CLIMATE NORMAL PERIOD 1981 TO 2010
CLIMATE RECORD PERIOD 1896 TO 2015

WEATHER ITEM   OBSERVED TIME   RECORD YEAR NORMAL DEPARTURE LAST
                VALUE   (LST)  VALUE       VALUE  FROM      YEAR
                                                  NORMAL
..................................................................
TEMPERATURE (F)
 YESTERDAY
  MAXIMUM         48    413 PM  72    1931  41      7       58
  MINIMUM         22   1159 PM -13    1922  14      8        2
  AVERAGE         35                        28      7       30

PRECIPITATION (IN)
  YESTERDAY        0.00                      0.01  -0.01     0.00
  MONTH TO DATE    0.01                      0.47  -0.46     0.01
  SINCE DEC 1      1.30                      1.11   0.19     0.23
  SINCE JAN 1      0.01                      0.47  -0.46     0.01

..................................................................

THE MCCOOK NE CLIMATE NORMALS FOR TODAY
                         NORMAL    RECORD    YEAR
 MAXIMUM TEMPERATURE (F)   41        70      2012
                                             1971
 MINIMUM TEMPERATURE (F)   15       -16      1918

-  INDICATES NEGATIVE NUMBERS.
R  INDICATES RECORD WAS SET OR TIED.
MM INDICATES DATA IS MISSING.
T  INDICATES TRACE AMOUNT.

$$
