000
CDUS43 KGLD 140757 RRA
CLIMCK

CLIMATE REPORT
NATIONAL WEATHER SERVICE GOODLAND
1253 AM MST SUN FEB 14 2016

...................................

...THE MCCOOK NE CLIMATE SUMMARY FOR FEBRUARY 13 2016...

CLIMATE NORMAL PERIOD 1981 TO 2010
CLIMATE RECORD PERIOD 1896 TO 2016


WEATHER ITEM   OBSERVED TIME   RECORD YEAR NORMAL DEPARTURE LAST
                VALUE   (LST)  VALUE       VALUE  FROM      YEAR
                                                  NORMAL
..................................................................
TEMPERATURE (F)
 YESTERDAY
  MAXIMUM         30    706 PM  76    1962  44    -14       62
  MINIMUM         21   1040 AM  -8    1986  17      4       21
  AVERAGE         26                        30     -4       42

PRECIPITATION (IN)
  YESTERDAY        0.00                      0.02  -0.02     0.00
  MONTH TO DATE    0.94                      0.25   0.69     0.01
  SINCE DEC 1      1.12                      1.40  -0.28     1.42
  SINCE JAN 1      0.96                      0.76   0.20     0.13

..................................................................

THE MCCOOK NE CLIMATE NORMALS FOR TODAY
                         NORMAL    RECORD    YEAR
 MAXIMUM TEMPERATURE (F)   44        78      1999
 MINIMUM TEMPERATURE (F)   17       -16      1923


-  INDICATES NEGATIVE NUMBERS.
R  INDICATES RECORD WAS SET OR TIED.
MM INDICATES DATA IS MISSING.
T  INDICATES TRACE AMOUNT.




$$
