000
CDUS43 KGLD 310759
CLIMCK

CLIMATE REPORT
NATIONAL WEATHER SERVICE GOODLAND
156 AM MDT MON AUG 31 2015

...................................

...THE MCCOOK NE CLIMATE SUMMARY FOR AUGUST 30 2015...

CLIMATE NORMAL PERIOD 1981 TO 2010
CLIMATE RECORD PERIOD 1896 TO 2015

WEATHER ITEM   OBSERVED TIME   RECORD YEAR NORMAL DEPARTURE LAST
                VALUE   (LST)  VALUE       VALUE  FROM      YEAR
                                                  NORMAL
..................................................................
TEMPERATURE (F)
 YESTERDAY
  MAXIMUM         97    313 PM 104    2012  86     11       92
                                      1929
  MINIMUM         53    643 AM  40    1955  57     -4       58
  AVERAGE         75                        71      4       75

PRECIPITATION (IN)
  YESTERDAY        0.00                      0.08  -0.08     0.00
  MONTH TO DATE    2.48                      3.07  -0.59     5.82
  SINCE JUN 1      8.92                      9.70  -0.78    15.99
  SINCE JAN 1     15.08                     17.64  -2.56    20.95

..................................................................

THE MCCOOK NE CLIMATE NORMALS FOR TODAY
                         NORMAL    RECORD    YEAR
 MAXIMUM TEMPERATURE (F)   85       104      1929
 MINIMUM TEMPERATURE (F)   56        41      1955

-  INDICATES NEGATIVE NUMBERS.
R  INDICATES RECORD WAS SET OR TIED.
MM INDICATES DATA IS MISSING.
T  INDICATES TRACE AMOUNT.

$$
