000
CDUS43 KGLD 260738 RRA
CLIMCK

CLIMATE REPORT
NATIONAL WEATHER SERVICE GOODLAND
136 AM MDT TUE MAY 26 2015

...................................

...THE MCCOOK NE CLIMATE SUMMARY FOR MAY 25 2015...

CLIMATE NORMAL PERIOD 1981 TO 2010
CLIMATE RECORD PERIOD 1896 TO 2015

WEATHER ITEM   OBSERVED TIME   RECORD YEAR NORMAL DEPARTURE LAST
                VALUE   (LST)  VALUE       VALUE  FROM      YEAR
                                                  NORMAL
..................................................................
TEMPERATURE (F)
 YESTERDAY
  MAXIMUM         75    344 PM 100    1964  76     -1       78
  MINIMUM         51    555 AM  37    2002  49      2       62
  AVERAGE         63                        62      1       70

PRECIPITATION (IN)
  YESTERDAY        0.06                      0.11  -0.05     0.00
  MONTH TO DATE    3.42                      2.44   0.98     2.71
  SINCE MAR 1      5.40                      6.11  -0.71     4.08
  SINCE JAN 1      5.74                      7.24  -1.50     4.57

..................................................................

THE MCCOOK NE CLIMATE NORMALS FOR TODAY
                         NORMAL    RECORD    YEAR
 MAXIMUM TEMPERATURE (F)   76       102      2012
 MINIMUM TEMPERATURE (F)   49        35      1992

-  INDICATES NEGATIVE NUMBERS.
R  INDICATES RECORD WAS SET OR TIED.
MM INDICATES DATA IS MISSING.
T  INDICATES TRACE AMOUNT.

$$
