000
CDUS43 KGLD 220040
CLIMCK

CLIMATE REPORT
NATIONAL WEATHER SERVICE GOODLAND
537 PM MST SAT JAN 21 2017

...................................

...THE MCCOOK NE CLIMATE SUMMARY FOR JANUARY 21 2017...
VALID TODAY AS OF 0500 PM LOCAL TIME.

CLIMATE NORMAL PERIOD 1981 TO 2010
CLIMATE RECORD PERIOD 1896 TO 2017


WEATHER ITEM   OBSERVED TIME   RECORD YEAR NORMAL DEPARTURE LAST
                VALUE   (LST)  VALUE       VALUE  FROM      YEAR
                                                  NORMAL
..................................................................
TEMPERATURE (F)
 TODAY
  MAXIMUM         52    401 PM  70    1950  41     11       35
  MINIMUM         24    730 AM -19    1930  14     10       17
  AVERAGE         38                        27     11       26

PRECIPITATION (IN)
  TODAY            0.00                      0.01  -0.01      T
  MONTH TO DATE    0.70                      0.34   0.36     0.02
  SINCE DEC 1      1.13                      0.98   0.15     0.18
  SINCE JAN 1      0.70                      0.34   0.36     0.02

..................................................................


THE MCCOOK NE CLIMATE NORMALS FOR TOMORROW
                         NORMAL    RECORD    YEAR
 MAXIMUM TEMPERATURE (F)   41        73      1943
 MINIMUM TEMPERATURE (F)   14       -18      1966


-  INDICATES NEGATIVE NUMBERS.
R  INDICATES RECORD WAS SET OR TIED.
MM INDICATES DATA IS MISSING.
T  INDICATES TRACE AMOUNT.


$$
