000
CDUS43 KGLD 240901
CLIMCK

CLIMATE REPORT
NATIONAL WEATHER SERVICE GOODLAND
256 AM MDT MON APR 24 2017

...................................

...THE MCCOOK NE CLIMATE SUMMARY FOR APRIL 23 2017...

CLIMATE NORMAL PERIOD 1981 TO 2010
CLIMATE RECORD PERIOD 1896 TO 2017


WEATHER ITEM   OBSERVED TIME   RECORD YEAR NORMAL DEPARTURE LAST
                VALUE   (LST)  VALUE       VALUE  FROM      YEAR
                                                  NORMAL
..................................................................
TEMPERATURE (F)
 YESTERDAY
  MAXIMUM         72    318 PM  98    1939  67      5       80
  MINIMUM         32    609 AM  25    1987  37     -5       51
  AVERAGE         52                        52      0       66

PRECIPITATION (IN)
  YESTERDAY        0.00                      0.10  -0.10      T
  MONTH TO DATE    0.03                      1.66  -1.63     5.40
  SINCE MAR 1      1.03                      3.02  -1.99     5.88
  SINCE JAN 1      1.73                      4.15  -2.42     6.89

..................................................................

THE MCCOOK NE CLIMATE NORMALS FOR TODAY
                         NORMAL    RECORD    YEAR
 MAXIMUM TEMPERATURE (F)   67        95      2012
 MINIMUM TEMPERATURE (F)   38        22      2013

-  INDICATES NEGATIVE NUMBERS.
R  INDICATES RECORD WAS SET OR TIED.
MM INDICATES DATA IS MISSING.
T  INDICATES TRACE AMOUNT.

$$
