000
CDUS43 KGLD 180039
CLIMCK

CLIMATE REPORT
NATIONAL WEATHER SERVICE GOODLAND
536 PM MST WED DEC 17 2014


...................................

...THE MCCOOK NE CLIMATE SUMMARY FOR DECEMBER 17 2014...
VALID TODAY AS OF 0500 PM LOCAL TIME.

CLIMATE NORMAL PERIOD 1981 TO 2010
CLIMATE RECORD PERIOD 1896 TO 2014


WEATHER ITEM   OBSERVED TIME   RECORD YEAR NORMAL DEPARTURE LAST
                VALUE   (LST)  VALUE       VALUE  FROM      YEAR
                                                  NORMAL
..................................................................
TEMPERATURE (F)
 TODAY
  MAXIMUM         23    459 PM  74    1980  40    -17       52
  MINIMUM         21    956 AM  -7    1989  14      7       21
  AVERAGE         22                        27     -5       37

PRECIPITATION (IN)
  TODAY            0.00                      0.02  -0.02     0.00
  MONTH TO DATE    0.84                      0.36   0.48     0.08
  SINCE DEC 1      0.84                      0.36   0.48     0.08
  SINCE JAN 1     23.74                     22.25   1.49    12.69

..................................................................


THE MCCOOK NE CLIMATE NORMALS FOR TOMORROW
                         NORMAL    RECORD    YEAR
 MAXIMUM TEMPERATURE (F)   40        74      1979
 MINIMUM TEMPERATURE (F)   14       -12      1983



-  INDICATES NEGATIVE NUMBERS.
R  INDICATES RECORD WAS SET OR TIED.
MM INDICATES DATA IS MISSING.
T  INDICATES TRACE AMOUNT.

$$
