000
CDUS43 KGLD 220741 RRA
CLIMCK

CLIMATE REPORT
NATIONAL WEATHER SERVICE GOODLAND
137 AM MDT FRI MAY 22 2015

...................................

...THE MCCOOK NE CLIMATE SUMMARY FOR MAY 21 2015...

CLIMATE NORMAL PERIOD 1981 TO 2010
CLIMATE RECORD PERIOD 1896 TO 2015


WEATHER ITEM   OBSERVED TIME   RECORD YEAR NORMAL DEPARTURE LAST
                VALUE   (LST)  VALUE       VALUE  FROM      YEAR
                                                  NORMAL
..................................................................
TEMPERATURE (F)
 YESTERDAY
  MAXIMUM         63    521 PM  97    1970  75    -12       84
  MINIMUM         34    553 AM  30    1915  48    -14       54
  AVERAGE         49                        61    -12       69

PRECIPITATION (IN)
  YESTERDAY        0.00                      0.11  -0.11     0.26
  MONTH TO DATE    2.47                      2.02   0.45     0.40
  SINCE MAR 1      4.45                      5.69  -1.24     1.77
  SINCE JAN 1      4.79                      6.82  -2.03     2.26

..................................................................


THE MCCOOK NE CLIMATE NORMALS FOR TODAY
                         NORMAL    RECORD    YEAR
 MAXIMUM TEMPERATURE (F)   75        97      1964
 MINIMUM TEMPERATURE (F)   48        30      1931


-  INDICATES NEGATIVE NUMBERS.
R  INDICATES RECORD WAS SET OR TIED.
MM INDICATES DATA IS MISSING.
T  INDICATES TRACE AMOUNT.


$$
