000
CDUS43 KGLD 150803 RRA
CLIMCK

CLIMATE REPORT
NATIONAL WEATHER SERVICE GOODLAND
201 AM MDT FRI SEP 15 2017
...................................

...THE MCCOOK NE CLIMATE SUMMARY FOR SEPTEMBER 14 2017...

CLIMATE NORMAL PERIOD 1981 TO 2010
CLIMATE RECORD PERIOD 1896 TO 2017

WEATHER ITEM   OBSERVED TIME   RECORD YEAR NORMAL DEPARTURE LAST
                VALUE   (LST)  VALUE       VALUE  FROM      YEAR
                                                  NORMAL
..................................................................
TEMPERATURE (F)
 YESTERDAY
  MAXIMUM         98    413 PM  99    1955  80     18       65
  MINIMUM         60    639 AM  35    1989  50     10       53
  AVERAGE         79                        65     14       59

PRECIPITATION (IN)
  YESTERDAY        0.00                      0.04  -0.04     0.00
  MONTH TO DATE    0.07                      0.69  -0.62     5.06
  SINCE SEP 1      0.07                      0.69  -0.62     5.06
  SINCE JAN 1     14.18                     18.40  -4.22    23.19

..................................................................

THE MCCOOK NE CLIMATE NORMALS FOR TODAY
                         NORMAL    RECORD    YEAR
 MAXIMUM TEMPERATURE (F)   80       100      2015
                                             1955
 MINIMUM TEMPERATURE (F)   50        30      1961

-  INDICATES NEGATIVE NUMBERS.
R  INDICATES RECORD WAS SET OR TIED.
MM INDICATES DATA IS MISSING.
T  INDICATES TRACE AMOUNT.

$$
