000
CDUS43 KGLD 280042
CLIMCK

CLIMATE REPORT
NATIONAL WEATHER SERVICE GOODLAND
636 PM MDT WED MAY 27 2015

...................................

...THE MCCOOK NE CLIMATE SUMMARY FOR MAY 27 2015...
VALID TODAY AS OF 0600 PM LOCAL TIME.

CLIMATE NORMAL PERIOD 1981 TO 2010
CLIMATE RECORD PERIOD 1896 TO 2015


WEATHER ITEM   OBSERVED TIME   RECORD YEAR NORMAL DEPARTURE LAST
                VALUE   (LST)  VALUE       VALUE  FROM      YEAR
                                                  NORMAL
..................................................................
TEMPERATURE (F)
 TODAY
  MAXIMUM         76    315 PM 103    2006  77     -1       88
  MINIMUM         50    422 AM  35    1992  50      0       53
  AVERAGE         63                        63      0       71

PRECIPITATION (IN)
  TODAY            T                         0.12  -0.12     0.00
  MONTH TO DATE    3.42                      2.67   0.75     2.71
  SINCE MAR 1      5.40                      6.34  -0.94     4.08
  SINCE JAN 1      5.74                      7.47  -1.73     4.57

..................................................................



THE MCCOOK NE CLIMATE NORMALS FOR TOMORROW
                         NORMAL    RECORD    YEAR
 MAXIMUM TEMPERATURE (F)   77       101      2006
 MINIMUM TEMPERATURE (F)   50        36      1917


-  INDICATES NEGATIVE NUMBERS.
R  INDICATES RECORD WAS SET OR TIED.
MM INDICATES DATA IS MISSING.
T  INDICATES TRACE AMOUNT.


$$
