000
CDUS43 KGLD 180040 RRB
CLIMCK

CLIMATE REPORT
NATIONAL WEATHER SERVICE GOODLAND
538 PM MST FRI NOV 17 2017

...................................

...THE MCCOOK NE CLIMATE SUMMARY FOR NOVEMBER 17 2017...
VALID TODAY AS OF 0500 PM LOCAL TIME.

CLIMATE NORMAL PERIOD 1981 TO 2010
CLIMATE RECORD PERIOD 1896 TO 2017


WEATHER ITEM   OBSERVED TIME   RECORD YEAR NORMAL DEPARTURE LAST
                VALUE   (LST)  VALUE       VALUE  FROM      YEAR
                                                  NORMAL
..................................................................
TEMPERATURE (F)
 TODAY
  MAXIMUM         64    105 PM  72    1981  51     13       50
  MINIMUM         37    519 AM  -5    2000  23     14       33
  AVERAGE         51                        37     14       42

PRECIPITATION (IN)
  TODAY            0.00                      0.03  -0.03     0.08
  MONTH TO DATE    0.00                      0.60  -0.60     0.10
  SINCE SEP 1      4.13                      3.83   0.30     5.87
  SINCE JAN 1     18.24                     21.54  -3.30    24.00

..................................................................

THE MCCOOK NE CLIMATE NORMALS FOR TOMORROW
                         NORMAL    RECORD    YEAR
 MAXIMUM TEMPERATURE (F)   51        75      1981
 MINIMUM TEMPERATURE (F)   23        -1      1909



-  INDICATES NEGATIVE NUMBERS.
R  INDICATES RECORD WAS SET OR TIED.
MM INDICATES DATA IS MISSING.
T  INDICATES TRACE AMOUNT.

$$
