000
CDUS43 KGLD 280745
CLIMCK

CLIMATE REPORT
NATIONAL WEATHER SERVICE GOODLAND
1237 AM MST SAT FEB 28 2015


...................................

...THE MCCOOK NE CLIMATE SUMMARY FOR FEBRUARY 27 2015...

CLIMATE NORMAL PERIOD 1981 TO 2010
CLIMATE RECORD PERIOD 1896 TO 2015


WEATHER ITEM   OBSERVED TIME   RECORD YEAR NORMAL DEPARTURE LAST
                VALUE   (LST)  VALUE       VALUE  FROM      YEAR
                                                  NORMAL
..................................................................
TEMPERATURE (F)
 YESTERDAY
  MAXIMUM         26    232 PM  80    2006  48    -22       28
  MINIMUM          7   1210 AM  -9    1962  20    -13        4
  AVERAGE         17                        34    -17       16

PRECIPITATION (IN)
  YESTERDAY        0.00                      0.02  -0.02     0.00
  MONTH TO DATE    0.22                      0.59  -0.37     0.29
  SINCE DEC 1      1.63                      1.74  -0.11     0.71
  SINCE JAN 1      0.34                      1.10  -0.76     0.49

..................................................................


THE MCCOOK NE CLIMATE NORMALS FOR TODAY
                         NORMAL    RECORD    YEAR
 MAXIMUM TEMPERATURE (F)   49        82      2006
 MINIMUM TEMPERATURE (F)   20       -13      1960


-  INDICATES NEGATIVE NUMBERS.
R  INDICATES RECORD WAS SET OR TIED.
MM INDICATES DATA IS MISSING.
T  INDICATES TRACE AMOUNT.

$$
