000
CDUS43 KGLD 190055
CLIMCK

CLIMATE REPORT
NATIONAL WEATHER SERVICE GOODLAND
640 PM MDT MON AUG 18 2014

...................................

...THE MCCOOK NE CLIMATE SUMMARY FOR AUGUST 18 2014...
VALID TODAY AS OF 0600 PM LOCAL TIME.

CLIMATE NORMAL PERIOD 1981 TO 2010
CLIMATE RECORD PERIOD 1896 TO 2014

WEATHER ITEM   OBSERVED TIME   RECORD YEAR NORMAL DEPARTURE LAST
                VALUE   (LST)  VALUE       VALUE  FROM      YEAR
                                                  NORMAL
..................................................................
TEMPERATURE (F)
 TODAY
  MAXIMUM         93    347 PM 105    1983  88      5       86
  MINIMUM         60    449 AM  50    2012  60      0       62
                                      1929
  AVERAGE         77                        74      3       74

PRECIPITATION (IN)
  TODAY            0.00                      0.11  -0.11     0.00
  MONTH TO DATE    1.69                      2.08  -0.39     1.04
  SINCE JUN 1     11.86                      8.71   3.15     3.83
  SINCE JAN 1     16.82                     16.65   0.17     8.72

..................................................................

THE MCCOOK NE CLIMATE NORMALS FOR TOMORROW
                         NORMAL    RECORD    YEAR
 MAXIMUM TEMPERATURE (F)   88       105      1928
 MINIMUM TEMPERATURE (F)   60        43      2012

-  INDICATES NEGATIVE NUMBERS.
R  INDICATES RECORD WAS SET OR TIED.
MM INDICATES DATA IS MISSING.
T  INDICATES TRACE AMOUNT.

$$
