000
CDUS43 KGLD 160743 RRB
CLIMCK

CLIMATE REPORT
NATIONAL WEATHER SERVICE GOODLAND
1239 AM MST TUE DEC 16 2014


...................................

...THE MCCOOK NE CLIMATE SUMMARY FOR DECEMBER 15 2014...

CLIMATE NORMAL PERIOD 1981 TO 2010
CLIMATE RECORD PERIOD 1896 TO 2014


WEATHER ITEM   OBSERVED TIME   RECORD YEAR NORMAL DEPARTURE LAST
                VALUE   (LST)  VALUE       VALUE  FROM      YEAR
                                                  NORMAL
..................................................................
TEMPERATURE (F)
 YESTERDAY
  MAXIMUM         34   1240 AM  66    2002  41     -7       59
  MINIMUM         25   1158 PM -16    1989  15     10       25
  AVERAGE         30                        28      2       42

PRECIPITATION (IN)
  YESTERDAY        0.02                      0.02   0.00     0.00
  MONTH TO DATE    0.84                      0.32   0.52     0.08
  SINCE DEC 1      0.84                      0.32   0.52     0.08
  SINCE JAN 1     23.74                     22.21   1.53    12.69

..................................................................

THE MCCOOK NE CLIMATE NORMALS FOR TODAY
                         NORMAL    RECORD    YEAR
 MAXIMUM TEMPERATURE (F)   40        69      1962
 MINIMUM TEMPERATURE (F)   15       -15      1989



-  INDICATES NEGATIVE NUMBERS.
R  INDICATES RECORD WAS SET OR TIED.
MM INDICATES DATA IS MISSING.
T  INDICATES TRACE AMOUNT.




$$
