000
CDUS43 KGLD 070816
CLIMCK

CLIMATE REPORT
NATIONAL WEATHER SERVICE GOODLAND
110 AM MST WED DEC 7 2016
...................................

...THE MCCOOK NE CLIMATE SUMMARY FOR DECEMBER 6 2016...

CLIMATE NORMAL PERIOD 1981 TO 2010
CLIMATE RECORD PERIOD 1896 TO 2016


WEATHER ITEM   OBSERVED TIME   RECORD YEAR NORMAL DEPARTURE LAST
                VALUE   (LST)  VALUE       VALUE  FROM      YEAR
                                                  NORMAL
..................................................................
TEMPERATURE (F)
 YESTERDAY
  MAXIMUM         36    306 PM  77    1939  43     -7       53
  MINIMUM         15    750 AM -21    1909  16     -1       27
  AVERAGE         26                        29     -3       40

PRECIPITATION (IN)
  YESTERDAY        0.00                      0.03  -0.03     0.00
  MONTH TO DATE    0.00                      0.14  -0.14     0.01
  SINCE DEC 1      0.00                      0.14  -0.14     0.01
  SINCE JAN 1     24.39                     22.03   2.36    20.46

..................................................................


THE MCCOOK NE CLIMATE NORMALS FOR TODAY
                         NORMAL    RECORD    YEAR
 MAXIMUM TEMPERATURE (F)   42        71      1923
 MINIMUM TEMPERATURE (F)   16       -21      1909


-  INDICATES NEGATIVE NUMBERS.
R  INDICATES RECORD WAS SET OR TIED.
MM INDICATES DATA IS MISSING.
T  INDICATES TRACE AMOUNT.


$$
