000
CDUS43 KGLD 190744 RRA
CLIMCK

CLIMATE REPORT
NATIONAL WEATHER SERVICE GOODLAND
140 AM MDT SUN OCT 19 2014


...................................

...THE MCCOOK NE CLIMATE SUMMARY FOR OCTOBER 18 2014...

CLIMATE NORMAL PERIOD 1981 TO 2010
CLIMATE RECORD PERIOD 1896 TO 2014


WEATHER ITEM   OBSERVED TIME   RECORD YEAR NORMAL DEPARTURE LAST
                VALUE   (LST)  VALUE       VALUE  FROM      YEAR
                                                  NORMAL
..................................................................
TEMPERATURE (F)
 YESTERDAY
  MAXIMUM         68    419 PM  90    2003  66      2       52
                                      1918
  MINIMUM         30    710 AM  15    1925  35     -5       30
  AVERAGE         49                        51     -2       41

PRECIPITATION (IN)
  YESTERDAY        0.00                      0.06  -0.06     0.04
  MONTH TO DATE    0.27                      1.08  -0.81     0.58
  SINCE SEP 1      1.95                      2.52  -0.57     2.93
  SINCE JAN 1     22.90                     20.23   2.67    12.10

..................................................................







THE MCCOOK NE CLIMATE NORMALS FOR TODAY
                         NORMAL    RECORD    YEAR
 MAXIMUM TEMPERATURE (F)   65        93      2003
 MINIMUM TEMPERATURE (F)   35        20      1989



-  INDICATES NEGATIVE NUMBERS.
R  INDICATES RECORD WAS SET OR TIED.
MM INDICATES DATA IS MISSING.
T  INDICATES TRACE AMOUNT.




$$
