000
CDUS43 KGLD 130046
CLIMCK

CLIMATE REPORT
NATIONAL WEATHER SERVICE GOODLAND
643 PM MDT SAT APR 12 2014


...................................

...THE MCCOOK NE CLIMATE SUMMARY FOR APRIL 12 2014...
VALID TODAY AS OF 0600 PM LOCAL TIME.

CLIMATE NORMAL PERIOD 1981 TO 2010
CLIMATE RECORD PERIOD 1896 TO 2014


WEATHER ITEM   OBSERVED TIME   RECORD YEAR NORMAL DEPARTURE LAST
                VALUE   (LST)  VALUE       VALUE  FROM      YEAR
                                                  NORMAL
..................................................................
TEMPERATURE (F)
 TODAY
  MAXIMUM         81    249 PM  91    1931  63     18       56
  MINIMUM         44    601 AM  12    1997  33     11       26
  AVERAGE         63                        48     15       41

PRECIPITATION (IN)
  TODAY            0.00                      0.08  -0.08     0.01
  MONTH TO DATE    0.19                      0.73  -0.54     0.76
  SINCE MAR 1      0.45                      2.09  -1.64     1.43
  SINCE JAN 1      0.94                      3.22  -2.28     2.60

..................................................................


THE MCCOOK NE CLIMATE NORMALS FOR TOMORROW
                         NORMAL    RECORD    YEAR
 MAXIMUM TEMPERATURE (F)   64        92      1936
 MINIMUM TEMPERATURE (F)   33        16      1997



-  INDICATES NEGATIVE NUMBERS.
R  INDICATES RECORD WAS SET OR TIED.
MM INDICATES DATA IS MISSING.
T  INDICATES TRACE AMOUNT.

$$
