000
CDUS43 KGLD 250753
CLIMCK

CLIMATE REPORT
NATIONAL WEATHER SERVICE GOODLAND
1241 AM MST TUE NOV 25 2014

...................................

...THE MCCOOK NE CLIMATE SUMMARY FOR NOVEMBER 24 2014...

CLIMATE NORMAL PERIOD 1981 TO 2010
CLIMATE RECORD PERIOD 1896 TO 2014


WEATHER ITEM   OBSERVED TIME   RECORD YEAR NORMAL DEPARTURE LAST
                VALUE   (LST)  VALUE       VALUE  FROM      YEAR
                                                  NORMAL
..................................................................
TEMPERATURE (F)
 YESTERDAY
  MAXIMUM         48    409 PM  72    1995  48      0       40
  MINIMUM         28   1159 PM -10    1950  20      8       15
  AVERAGE         38                        34      4       28

PRECIPITATION (IN)
  YESTERDAY        0.00                      0.03  -0.03     0.00
  MONTH TO DATE    T                         0.79  -0.79     0.48
  SINCE SEP 1      1.95                      4.02  -2.07     3.44
  SINCE JAN 1     22.90                     21.73   1.17    12.61

..................................................................

THE MCCOOK NE CLIMATE NORMALS FOR TODAY
                         NORMAL    RECORD    YEAR
 MAXIMUM TEMPERATURE (F)   47        77      1960
 MINIMUM TEMPERATURE (F)   20         0      1993



-  INDICATES NEGATIVE NUMBERS.
R  INDICATES RECORD WAS SET OR TIED.
MM INDICATES DATA IS MISSING.
T  INDICATES TRACE AMOUNT.


$$
