706
CDUS43 KGLD 200038 RRB
CLIMCK

CLIMATE REPORT
NATIONAL WEATHER SERVICE GOODLAND
635 PM MDT MON JUN 19 2017

...................................

...THE MCCOOK NE CLIMATE SUMMARY FOR JUNE 19 2017...
VALID TODAY AS OF 0600 PM LOCAL TIME.

CLIMATE NORMAL PERIOD 1981 TO 2010
CLIMATE RECORD PERIOD 1896 TO 2017


WEATHER ITEM   OBSERVED TIME   RECORD YEAR NORMAL DEPARTURE LAST
                VALUE   (LST)  VALUE       VALUE  FROM      YEAR
                                                  NORMAL
..................................................................
TEMPERATURE (F)
 TODAY
  MAXIMUM         90    319 PM 105    2002  86      4       94
                                      1988
  MINIMUM         62    535 AM  40    1912  57      5       64
  AVERAGE         76                        71      5       79

PRECIPITATION (IN)
  TODAY            0.01                      0.11  -0.10     0.00
  MONTH TO DATE    0.16                      2.16  -2.00     2.79
  SINCE JUN 1      0.16                      2.16  -2.00     2.79
  SINCE JAN 1      8.19                     10.10  -1.91    12.99

..................................................................


THE MCCOOK NE CLIMATE NORMALS FOR TOMORROW
                         NORMAL    RECORD    YEAR
 MAXIMUM TEMPERATURE (F)   86       107      1988
 MINIMUM TEMPERATURE (F)   58        45      1985


-  INDICATES NEGATIVE NUMBERS.
R  INDICATES RECORD WAS SET OR TIED.
MM INDICATES DATA IS MISSING.
T  INDICATES TRACE AMOUNT.


$$
