000
CDUS43 KGLD 260742
CLIMCK

CLIMATE REPORT
NATIONAL WEATHER SERVICE GOODLAND
140 AM MDT SAT JUL 26 2014

...................................

...THE MCCOOK NE CLIMATE SUMMARY FOR JULY 25 2014...

CLIMATE NORMAL PERIOD 1981 TO 2010
CLIMATE RECORD PERIOD 1896 TO 2014

WEATHER ITEM   OBSERVED TIME   RECORD YEAR NORMAL DEPARTURE LAST
                VALUE   (LST)  VALUE       VALUE  FROM      YEAR
                                                  NORMAL
..................................................................
TEMPERATURE (F)
 YESTERDAY
  MAXIMUM         97    425 PM 113    1936  90      7       82
  MINIMUM         64    535 AM  52    2004  62      2       65
                                      1986
  AVERAGE         81                        76      5       74

PRECIPITATION (IN)
  YESTERDAY        0.00                      0.10  -0.10     0.12
  MONTH TO DATE    1.80                      2.61  -0.81     1.47
  SINCE JUN 1      9.85                      5.99   3.86     2.57
  SINCE JAN 1     14.81                     13.93   0.88     7.46

..................................................................

THE MCCOOK NE CLIMATE NORMALS FOR TODAY
                         NORMAL    RECORD    YEAR
 MAXIMUM TEMPERATURE (F)   90       109      1910
 MINIMUM TEMPERATURE (F)   62        53      2004

-  INDICATES NEGATIVE NUMBERS.
R  INDICATES RECORD WAS SET OR TIED.
MM INDICATES DATA IS MISSING.
T  INDICATES TRACE AMOUNT.

$$
