000
CDUS43 KGLD 110051
CLIMCK

CLIMATE REPORT
NATIONAL WEATHER SERVICE GOODLAND
548 PM MST WED JAN 10 2018

...................................

...THE MCCOOK NE CLIMATE SUMMARY FOR JANUARY 10 2018...
VALID TODAY AS OF 0500 PM LOCAL TIME.

CLIMATE NORMAL PERIOD 1981 TO 2010
CLIMATE RECORD PERIOD 1896 TO 2018


WEATHER ITEM   OBSERVED TIME   RECORD YEAR NORMAL DEPARTURE LAST
                VALUE   (LST)  VALUE       VALUE  FROM      YEAR
                                                  NORMAL
..................................................................
TEMPERATURE (F)
 TODAY
  MAXIMUM         51    433 PM  75    1990  40     11       53
  MINIMUM         21    608 AM -11    1974  14      7       32
  AVERAGE         36                        27      9       43

PRECIPITATION (IN)
  TODAY            0.00                      0.02  -0.02     0.04
  MONTH TO DATE    0.00                      0.18  -0.18     0.04
  SINCE DEC 1      0.10                      0.82  -0.72     0.47
  SINCE JAN 1      0.00                      0.18  -0.18     0.04

..................................................................

THE MCCOOK NE CLIMATE NORMALS FOR TOMORROW
                         NORMAL    RECORD    YEAR
 MAXIMUM TEMPERATURE (F)   40        72      2006
 MINIMUM TEMPERATURE (F)   14       -26      1918



-  INDICATES NEGATIVE NUMBERS.
R  INDICATES RECORD WAS SET OR TIED.
MM INDICATES DATA IS MISSING.
T  INDICATES TRACE AMOUNT.

$$
