000
CDUS43 KGLD 220056 RRA
CLIMCK

CLIMATE REPORT
NATIONAL WEATHER SERVICE GOODLAND
651 PM MDT SUN AUG 21 2016
...................................

...THE MCCOOK NE CLIMATE SUMMARY FOR AUGUST 21 2016...
VALID TODAY AS OF 0600 PM LOCAL TIME.

CLIMATE NORMAL PERIOD 1981 TO 2010
CLIMATE RECORD PERIOD 1896 TO 2016

WEATHER ITEM   OBSERVED TIME   RECORD YEAR NORMAL DEPARTURE LAST
                VALUE   (LST)  VALUE       VALUE  FROM      YEAR
                                                  NORMAL
..................................................................
TEMPERATURE (F)
 TODAY
  MAXIMUM         90    415 PM 104    1929  87      3       87
  MINIMUM         44R   622 AM  48    1950  59    -15       57
  AVERAGE         67                        73     -6       72

PRECIPITATION (IN)
  TODAY            0.00                      0.09  -0.09     0.00
  MONTH TO DATE    1.72                      2.36  -0.64     2.48
  SINCE JUN 1      6.95                      8.99  -2.04     8.92
  SINCE JAN 1     17.15                     16.93   0.22    15.08

..................................................................

THE MCCOOK NE CLIMATE NORMALS FOR TOMORROW
                         NORMAL    RECORD    YEAR
 MAXIMUM TEMPERATURE (F)   87       104      1938
 MINIMUM TEMPERATURE (F)   59        44      1923

-  INDICATES NEGATIVE NUMBERS.
R  INDICATES RECORD WAS SET OR TIED.
MM INDICATES DATA IS MISSING.
T  INDICATES TRACE AMOUNT.

$$
