000
CDUS43 KGLD 140739 RRB
CLIMCK

CLIMATE REPORT
NATIONAL WEATHER SERVICE GOODLAND
137 AM MDT SUN SEP 14 2014

...................................

...THE MCCOOK NE CLIMATE SUMMARY FOR SEPTEMBER 13 2014...

CLIMATE NORMAL PERIOD 1981 TO 2010
CLIMATE RECORD PERIOD 1896 TO 2014

WEATHER ITEM   OBSERVED TIME   RECORD YEAR NORMAL DEPARTURE LAST
                VALUE   (LST)  VALUE       VALUE  FROM      YEAR
                                                  NORMAL
..................................................................
TEMPERATURE (F)
 YESTERDAY
  MAXIMUM         61    528 PM 104    1931  81    -20       67
  MINIMUM         32R   538 AM  34    1999  51    -19       56
  AVERAGE         47                        66    -19       62

PRECIPITATION (IN)
  YESTERDAY        0.00                      0.05  -0.05     0.15
  MONTH TO DATE    0.48                      0.65  -0.17     0.56
  SINCE SEP 1      0.48                      0.65  -0.17     0.56
  SINCE JAN 1     21.43                     18.36   3.07     9.73

..................................................................

THE MCCOOK NE CLIMATE NORMALS FOR TODAY
                         NORMAL    RECORD    YEAR
 MAXIMUM TEMPERATURE (F)   80        99      1955
 MINIMUM TEMPERATURE (F)   50        35      1989

-  INDICATES NEGATIVE NUMBERS.
R  INDICATES RECORD WAS SET OR TIED.
MM INDICATES DATA IS MISSING.
T  INDICATES TRACE AMOUNT.

$$
