000
CDUS43 KGLD 270829
CLIMCK

CLIMATE REPORT
NATIONAL WEATHER SERVICE GOODLAND
225 AM MDT FRI MAY 27 2016
...................................

...THE MCCOOK NE CLIMATE SUMMARY FOR MAY 26 2016...

CLIMATE NORMAL PERIOD 1981 TO 2010
CLIMATE RECORD PERIOD 1896 TO 2016

WEATHER ITEM   OBSERVED TIME   RECORD YEAR NORMAL DEPARTURE LAST
                VALUE   (LST)  VALUE       VALUE  FROM      YEAR
                                                  NORMAL
..................................................................
TEMPERATURE (F)
 YESTERDAY
  MAXIMUM         78    312 PM 102    2012  76      2       74
  MINIMUM         48    504 AM  35    1992  49     -1       51
  AVERAGE         63                        63      0       63

PRECIPITATION (IN)
  YESTERDAY        0.42                      0.11   0.31     0.00
  MONTH TO DATE    1.62                      2.55  -0.93     3.42
  SINCE MAR 1      8.20                      6.22   1.98     5.40
  SINCE JAN 1      9.21                      7.35   1.86     5.74

..................................................................

THE MCCOOK NE CLIMATE NORMALS FOR TODAY
                         NORMAL    RECORD    YEAR
 MAXIMUM TEMPERATURE (F)   77       103      2006
 MINIMUM TEMPERATURE (F)   50        35      1992

-  INDICATES NEGATIVE NUMBERS.
R  INDICATES RECORD WAS SET OR TIED.
MM INDICATES DATA IS MISSING.
T  INDICATES TRACE AMOUNT.

$$
