000
CDUS43 KGLD 160811
CLIMCK

CLIMATE REPORT
NATIONAL WEATHER SERVICE GOODLAND
206 AM MDT SAT AUG 16 2014


...................................

...THE MCCOOK NE CLIMATE SUMMARY FOR AUGUST 15 2014...

CLIMATE NORMAL PERIOD 1981 TO 2010
CLIMATE RECORD PERIOD 1896 TO 2014


WEATHER ITEM   OBSERVED TIME   RECORD YEAR NORMAL DEPARTURE LAST
                VALUE   (LST)  VALUE       VALUE  FROM      YEAR
                                                  NORMAL
..................................................................
TEMPERATURE (F)
 YESTERDAY
  MAXIMUM         94    306 PM 108    1936  88      6       89
  MINIMUM         70    626 AM  51    2004  61      9       61
                                      1992
  AVERAGE         82                        74      8       75

PRECIPITATION (IN)
  YESTERDAY        0.00                      0.11  -0.11      T
  MONTH TO DATE    1.69                      1.75  -0.06     1.04
  SINCE JUN 1     11.86                      8.38   3.48     3.83
  SINCE JAN 1     16.82                     16.32   0.50     8.72

..................................................................

THE MCCOOK NE CLIMATE NORMALS FOR TODAY
                         NORMAL    RECORD    YEAR
 MAXIMUM TEMPERATURE (F)   88       107      1937
 MINIMUM TEMPERATURE (F)   60        52      2012
                                             1927



-  INDICATES NEGATIVE NUMBERS.
R  INDICATES RECORD WAS SET OR TIED.
MM INDICATES DATA IS MISSING.
T  INDICATES TRACE AMOUNT.

$$
