000
CDUS43 KGLD 310039 RRB
CLIMCK

WRKCLIMCK 000
TTAA00 KGLD 310038

CLIMATE REPORT
NATIONAL WEATHER SERVICE GOODLAND
636 PM MDT SAT MAY 30 2015
...................................

...THE MCCOOK NE CLIMATE SUMMARY FOR MAY 30 2015...
VALID TODAY AS OF 0600 PM LOCAL TIME.

CLIMATE NORMAL PERIOD 1981 TO 2010
CLIMATE RECORD PERIOD 1896 TO 2015

WEATHER ITEM   OBSERVED TIME   RECORD YEAR NORMAL DEPARTURE LAST
                VALUE   (LST)  VALUE       VALUE  FROM      YEAR
                                                  NORMAL
..................................................................
TEMPERATURE (F)
 TODAY
  MAXIMUM         67    455 PM 102    1928  78    -11       89
  MINIMUM         43    553 AM  37    1992  51     -8       61
  AVERAGE         55                        64     -9       75

PRECIPITATION (IN)
  TODAY            0.00                      0.12  -0.12     0.00
  MONTH TO DATE    3.84                      3.02   0.82     2.71
  SINCE MAR 1      5.82                      6.69  -0.87     4.08
  SINCE JAN 1      6.16                      7.82  -1.66     4.57

..................................................................

THE MCCOOK NE CLIMATE NORMALS FOR TOMORROW
                         NORMAL    RECORD    YEAR
 MAXIMUM TEMPERATURE (F)   78       106      2002
 MINIMUM TEMPERATURE (F)   51        37      1964

-  INDICATES NEGATIVE NUMBERS.
R  INDICATES RECORD WAS SET OR TIED.
MM INDICATES DATA IS MISSING.
T  INDICATES TRACE AMOUNT.

$$
