958
CDUS43 KGLD 171207
CLIMCK

CLIMATE REPORT
NATIONAL WEATHER SERVICE GOODLAND
503 AM MST FRI NOV 17 2017
...................................

...THE MCCOOK NE CLIMATE SUMMARY FOR NOVEMBER 16 2017...

CLIMATE NORMAL PERIOD 1981 TO 2010
CLIMATE RECORD PERIOD 1896 TO 2017

WEATHER ITEM   OBSERVED TIME   RECORD YEAR NORMAL DEPARTURE LAST
                VALUE   (LST)  VALUE       VALUE  FROM      YEAR
                                                  NORMAL
..................................................................
TEMPERATURE (F)
 YESTERDAY
  MAXIMUM         65    356 PM  81    1941  52     13       70
  MINIMUM         33    557 AM  -7    1955  24      9       36
  AVERAGE         49                        38     11       53

PRECIPITATION (IN)
  YESTERDAY        0.00                      0.03  -0.03     0.00
  MONTH TO DATE    0.00                      0.57  -0.57     0.02
  SINCE SEP 1      4.13                      3.80   0.33     5.79
  SINCE JAN 1     18.24                     21.51  -3.27    23.92

..................................................................

THE MCCOOK NE CLIMATE NORMALS FOR TODAY
                         NORMAL    RECORD    YEAR
 MAXIMUM TEMPERATURE (F)   51        72      1981
 MINIMUM TEMPERATURE (F)   23        -5      2000

-  INDICATES NEGATIVE NUMBERS.
R  INDICATES RECORD WAS SET OR TIED.
MM INDICATES DATA IS MISSING.
T  INDICATES TRACE AMOUNT.

$$
