000
CDUS43 KGLD 180046 RRA
CLIMCK

CLIMATE REPORT
NATIONAL WEATHER SERVICE GOODLAND
642 PM MDT WED AUG 17 2016

...................................

...THE MCCOOK NE CLIMATE SUMMARY FOR AUGUST 17 2016...
VALID TODAY AS OF 0600 PM LOCAL TIME.

CLIMATE NORMAL PERIOD 1981 TO 2010
CLIMATE RECORD PERIOD 1896 TO 2016


WEATHER ITEM   OBSERVED TIME   RECORD YEAR NORMAL DEPARTURE LAST
                VALUE   (LST)  VALUE       VALUE  FROM      YEAR
                                                  NORMAL
..................................................................
TEMPERATURE (F)
 TODAY
  MAXIMUM         97    346 PM 107    1914  88      9       70
  MINIMUM         61    628 AM  45    2012  60      1       62
  AVERAGE         79                        74      5       66

PRECIPITATION (IN)
  TODAY            0.00                      0.11  -0.11     0.00
  MONTH TO DATE    1.43                      1.97  -0.54     2.45
  SINCE JUN 1      6.66                      8.60  -1.94     8.89
  SINCE JAN 1     16.86                     16.54   0.32    15.05

..................................................................


THE MCCOOK NE CLIMATE NORMALS FOR TOMORROW
                         NORMAL    RECORD    YEAR
 MAXIMUM TEMPERATURE (F)   88       105      1983
 MINIMUM TEMPERATURE (F)   60        50      2012
                                             1929


-  INDICATES NEGATIVE NUMBERS.
R  INDICATES RECORD WAS SET OR TIED.
MM INDICATES DATA IS MISSING.
T  INDICATES TRACE AMOUNT.


$$
