000
CDUS43 KGLD 210113
CLIMCK

CLIMATE REPORT
NATIONAL WEATHER SERVICE GOODLAND
707 PM MDT TUE SEP 20 2016
...................................

...THE MCCOOK NE CLIMATE SUMMARY FOR SEPTEMBER 20 2016...
VALID TODAY AS OF 0600 PM LOCAL TIME.

CLIMATE NORMAL PERIOD 1981 TO 2010
CLIMATE RECORD PERIOD 1896 TO 2016

WEATHER ITEM   OBSERVED TIME   RECORD YEAR NORMAL DEPARTURE LAST
                VALUE   (LST)  VALUE       VALUE  FROM      YEAR
                                                  NORMAL
..................................................................
TEMPERATURE (F)
 TODAY
  MAXIMUM         95    304 PM  98    1937  78     17       90
  MINIMUM         57    649 AM  29    1983  47     10       49
  AVERAGE         76                        62     14       70

PRECIPITATION (IN)
  TODAY            0.00                      0.05  -0.05     0.00
  MONTH TO DATE    5.63                      0.97   4.66     0.39
  SINCE SEP 1      5.63                      0.97   4.66     0.39
  SINCE JAN 1     23.76                     18.68   5.08    15.47

..................................................................

THE MCCOOK NE CLIMATE NORMALS FOR TOMORROW
                         NORMAL    RECORD    YEAR
 MAXIMUM TEMPERATURE (F)   77       100      2005
 MINIMUM TEMPERATURE (F)   47        24      1983

-  INDICATES NEGATIVE NUMBERS.
R  INDICATES RECORD WAS SET OR TIED.
MM INDICATES DATA IS MISSING.
T  INDICATES TRACE AMOUNT.

$$
