000
CDUS43 KGLD 150052
CLIMCK

CLIMATE REPORT
NATIONAL WEATHER SERVICE GOODLAND
649 PM MDT MON APR 14 2014

...................................

...THE MCCOOK NE CLIMATE SUMMARY FOR APRIL 14 2014...
VALID TODAY AS OF 0600 PM LOCAL TIME.

CLIMATE NORMAL PERIOD 1981 TO 2010
CLIMATE RECORD PERIOD 1896 TO 2014

WEATHER ITEM   OBSERVED TIME   RECORD YEAR NORMAL DEPARTURE LAST
                VALUE   (LST)  VALUE       VALUE  FROM      YEAR
                                                  NORMAL
..................................................................
TEMPERATURE (F)
 TODAY
  MAXIMUM         46    455 PM  92    1940  64    -18       57
  MINIMUM         26    822 AM  14    1928  34     -8       35
  AVERAGE         36                        49    -13       46

PRECIPITATION (IN)
  TODAY            0.00                      0.07  -0.07     0.00
  MONTH TO DATE    0.78                      0.87  -0.09     0.76
  SINCE MAR 1      1.04                      2.23  -1.19     1.43
  SINCE JAN 1      1.53                      3.36  -1.83     2.60

..................................................................

THE MCCOOK NE CLIMATE NORMALS FOR TOMORROW
                         NORMAL    RECORD    YEAR
 MAXIMUM TEMPERATURE (F)   64        97      2002
 MINIMUM TEMPERATURE (F)   34        19      1983

-  INDICATES NEGATIVE NUMBERS.
R  INDICATES RECORD WAS SET OR TIED.
MM INDICATES DATA IS MISSING.
T  INDICATES TRACE AMOUNT.

$$
