000
CDUS43 KGLD 160828 RRA
CLIMCK

CLIMATE REPORT
NATIONAL WEATHER SERVICE GOODLAND
224 AM MDT TUE MAY 16 2017
...................................

...THE MCCOOK NE CLIMATE SUMMARY FOR MAY 15 2017...

CLIMATE NORMAL PERIOD 1981 TO 2010
CLIMATE RECORD PERIOD 1896 TO 2017

WEATHER ITEM   OBSERVED TIME   RECORD YEAR NORMAL DEPARTURE LAST
                VALUE   (LST)  VALUE       VALUE  FROM      YEAR
                                                  NORMAL
..................................................................
TEMPERATURE (F)
 YESTERDAY
  MAXIMUM         87    535 PM 101    1931  73     14       52
  MINIMUM         56    636 AM  30    1983  46     10       41
  AVERAGE         72                        59     13       47

PRECIPITATION (IN)
  YESTERDAY        0.13                      0.09   0.04     0.01
  MONTH TO DATE    1.15                      1.42  -0.27     0.60
  SINCE MAR 1      4.93                      5.09  -0.16     7.18
  SINCE JAN 1      5.63                      6.22  -0.59     8.19

..................................................................

THE MCCOOK NE CLIMATE NORMALS FOR TODAY
                         NORMAL    RECORD    YEAR
 MAXIMUM TEMPERATURE (F)   73        94      1944
 MINIMUM TEMPERATURE (F)   46        27      1912

-  INDICATES NEGATIVE NUMBERS.
R  INDICATES RECORD WAS SET OR TIED.
MM INDICATES DATA IS MISSING.
T  INDICATES TRACE AMOUNT.

$$
