000
CDUS43 KGLD 170040
CLIMCK

CLIMATE REPORT
NATIONAL WEATHER SERVICE GOODLAND
636 PM MDT SAT AUG 16 2014


...................................

...THE MCCOOK NE CLIMATE SUMMARY FOR AUGUST 16 2014...
VALID TODAY AS OF 0600 PM LOCAL TIME.

CLIMATE NORMAL PERIOD 1981 TO 2010
CLIMATE RECORD PERIOD 1896 TO 2014


WEATHER ITEM   OBSERVED TIME   RECORD YEAR NORMAL DEPARTURE LAST
                VALUE   (LST)  VALUE       VALUE  FROM      YEAR
                                                  NORMAL
..................................................................
TEMPERATURE (F)
 TODAY
  MAXIMUM         96    455 PM 107    1937  88      8       83
  MINIMUM         63    610 AM  52    2012  60      3       64
                                      1927
  AVERAGE         80                        74      6       74

PRECIPITATION (IN)
  TODAY            0.00                      0.11  -0.11     0.00
  MONTH TO DATE    1.69                      1.86  -0.17     1.04
  SINCE JUN 1     11.86                      8.49   3.37     3.83
  SINCE JAN 1     16.82                     16.43   0.39     8.72

..................................................................


THE MCCOOK NE CLIMATE NORMALS FOR TOMORROW
                         NORMAL    RECORD    YEAR
 MAXIMUM TEMPERATURE (F)   88       107      1914
 MINIMUM TEMPERATURE (F)   60        45      2012



-  INDICATES NEGATIVE NUMBERS.
R  INDICATES RECORD WAS SET OR TIED.
MM INDICATES DATA IS MISSING.
T  INDICATES TRACE AMOUNT.

$$
