000
CDUS43 KGLD 110739
CLIMCK

CLIMATE REPORT
NATIONAL WEATHER SERVICE GOODLAND
135 AM MDT FRI APR 11 2014


...................................

...THE MCCOOK NE CLIMATE SUMMARY FOR APRIL 10 2014...

CLIMATE NORMAL PERIOD 1981 TO 2010
CLIMATE RECORD PERIOD 1896 TO 2014


WEATHER ITEM   OBSERVED TIME   RECORD YEAR NORMAL DEPARTURE LAST
                VALUE   (LST)  VALUE       VALUE  FROM      YEAR
                                                  NORMAL
..................................................................
TEMPERATURE (F)
 YESTERDAY
  MAXIMUM         67    419 PM  91    1930  63      4       28
  MINIMUM         45    632 AM  16    1973  32     13       20
  AVERAGE         56                        47      9       24

PRECIPITATION (IN)
  YESTERDAY        0.00                      0.07  -0.07      T
  MONTH TO DATE    0.19                      0.58  -0.39     0.75
  SINCE MAR 1      0.45                      1.94  -1.49     1.42
  SINCE JAN 1      0.94                      3.07  -2.13     2.59

..................................................................


THE MCCOOK NE CLIMATE NORMALS FOR TODAY
                         NORMAL    RECORD    YEAR
 MAXIMUM TEMPERATURE (F)   63        93      1977
 MINIMUM TEMPERATURE (F)   33        15      1997



-  INDICATES NEGATIVE NUMBERS.
R  INDICATES RECORD WAS SET OR TIED.
MM INDICATES DATA IS MISSING.
T  INDICATES TRACE AMOUNT.

$$
