000
CDUS43 KGLD 230042 RRA
CLIMCK

CLIMATE REPORT
NATIONAL WEATHER SERVICE GOODLAND
537 PM MST SUN FEB 22 2015

...................................

...THE MCCOOK NE CLIMATE SUMMARY FOR FEBRUARY 22 2015...
VALID TODAY AS OF 0500 PM LOCAL TIME.

CLIMATE NORMAL PERIOD 1981 TO 2010
CLIMATE RECORD PERIOD 1896 TO 2015

WEATHER ITEM   OBSERVED TIME   RECORD YEAR NORMAL DEPARTURE LAST
                VALUE   (LST)  VALUE       VALUE  FROM      YEAR
                                                  NORMAL
..................................................................
TEMPERATURE (F)
 TODAY
  MAXIMUM         24   1200 AM  78    1982  47    -23       47
  MINIMUM         16    830 AM  -5    1911  19     -3       24
  AVERAGE         20                        33    -13       36

PRECIPITATION (IN)
  TODAY            0.01                      0.02  -0.01     0.01
  MONTH TO DATE    0.04                      0.45  -0.41     0.19
  SINCE DEC 1      1.45                      1.60  -0.15     0.61
  SINCE JAN 1      0.16                      0.96  -0.80     0.39

..................................................................

THE MCCOOK NE CLIMATE NORMALS FOR TOMORROW
                         NORMAL    RECORD    YEAR
 MAXIMUM TEMPERATURE (F)   47        83      1933
 MINIMUM TEMPERATURE (F)   19       -12      1922

-  INDICATES NEGATIVE NUMBERS.
R  INDICATES RECORD WAS SET OR TIED.
MM INDICATES DATA IS MISSING.
T  INDICATES TRACE AMOUNT.

$$
