000
CDUS43 KGLD 230750
CLIMCK

CLIMATE REPORT
NATIONAL WEATHER SERVICE GOODLAND
1243 AM MST FRI JAN 23 2015


...................................

...THE MCCOOK NE CLIMATE SUMMARY FOR JANUARY 22 2015...

CLIMATE NORMAL PERIOD 1981 TO 2010
CLIMATE RECORD PERIOD 1896 TO 2015


WEATHER ITEM   OBSERVED TIME   RECORD YEAR NORMAL DEPARTURE LAST
                VALUE   (LST)  VALUE       VALUE  FROM      YEAR
                                                  NORMAL
..................................................................
TEMPERATURE (F)
 YESTERDAY
  MAXIMUM         46    328 PM  73    1943  41      5       39
  MINIMUM         18    432 AM -18    1966  14      4        9
  AVERAGE         32                        27      5       24

PRECIPITATION (IN)
  YESTERDAY        0.00                      0.02  -0.02     0.00
  MONTH TO DATE    0.01                      0.36  -0.35     0.01
  SINCE DEC 1      1.30                      1.00   0.30     0.23
  SINCE JAN 1      0.01                      0.36  -0.35     0.01

..................................................................







THE MCCOOK NE CLIMATE NORMALS FOR TODAY
                         NORMAL    RECORD    YEAR
 MAXIMUM TEMPERATURE (F)   41        70      1931
 MINIMUM TEMPERATURE (F)   14       -14      1915



-  INDICATES NEGATIVE NUMBERS.
R  INDICATES RECORD WAS SET OR TIED.
MM INDICATES DATA IS MISSING.
T  INDICATES TRACE AMOUNT.




$$
