000
CDUS43 KGLD 080817 RRA
CLIMCK

CLIMATE REPORT
NATIONAL WEATHER SERVICE GOODLAND
103 AM MST MON FEB 8 2016

...................................

...THE MCCOOK NE CLIMATE SUMMARY FOR FEBRUARY 7 2016...

CLIMATE NORMAL PERIOD 1981 TO 2010
CLIMATE RECORD PERIOD 1896 TO 2016

WEATHER ITEM   OBSERVED TIME   RECORD YEAR NORMAL DEPARTURE LAST
                VALUE   (LST)  VALUE       VALUE  FROM      YEAR
                                                  NORMAL
..................................................................
TEMPERATURE (F)
 YESTERDAY
  MAXIMUM         40    326 PM  80    2015  43     -3       80
  MINIMUM         27   1159 PM -10    1936  16     11       33
  AVERAGE         34                        29      5       57

PRECIPITATION (IN)
  YESTERDAY        0.00                      0.02  -0.02     0.00
  MONTH TO DATE    0.03                      0.13  -0.10     0.01
  SINCE DEC 1      0.21                      1.28  -1.07     1.42
  SINCE JAN 1      0.05                      0.64  -0.59     0.13

..................................................................

THE MCCOOK NE CLIMATE NORMALS FOR TODAY
                         NORMAL    RECORD    YEAR
 MAXIMUM TEMPERATURE (F)   43        75      1954
 MINIMUM TEMPERATURE (F)   16       -26      1933

-  INDICATES NEGATIVE NUMBERS.
R  INDICATES RECORD WAS SET OR TIED.
MM INDICATES DATA IS MISSING.
T  INDICATES TRACE AMOUNT.

$$
