000
CDUS43 KGLD 290100 RRA
CLIMCK

CLIMATE REPORT
NATIONAL WEATHER SERVICE GOODLAND
556 PM MST SUN DEC 28 2014

...................................

...THE MCCOOK NE CLIMATE SUMMARY FOR DECEMBER 28 2014...
VALID TODAY AS OF 0500 PM LOCAL TIME.

CLIMATE NORMAL PERIOD 1981 TO 2010
CLIMATE RECORD PERIOD 1896 TO 2014

WEATHER ITEM   OBSERVED TIME   RECORD YEAR NORMAL DEPARTURE LAST
                VALUE   (LST)  VALUE       VALUE  FROM      YEAR
                                                  NORMAL
..................................................................
TEMPERATURE (F)
 TODAY
  MAXIMUM         27    450 PM  66    2002  40    -13       61
  MINIMUM          2    659 AM -12    1911  14    -12       16
  AVERAGE         15                        27    -12       39

PRECIPITATION (IN)
  TODAY            0.00                      0.02  -0.02     0.00
  MONTH TO DATE    0.93                      0.58   0.35     0.22
  SINCE DEC 1      0.93                      0.58   0.35     0.22
  SINCE JAN 1     23.83                     22.47   1.36    12.83

..................................................................

THE MCCOOK NE CLIMATE NORMALS FOR TOMORROW
                         NORMAL    RECORD    YEAR
 MAXIMUM TEMPERATURE (F)   40        72      1929
 MINIMUM TEMPERATURE (F)   14       -10      1983

-  INDICATES NEGATIVE NUMBERS.
R  INDICATES RECORD WAS SET OR TIED.
MM INDICATES DATA IS MISSING.
T  INDICATES TRACE AMOUNT.

$$
