936
CDUS43 KGLD 190807 RRB
CLIMCK

CLIMATE REPORT
NATIONAL WEATHER SERVICE GOODLAND
104 AM MST FRI JAN 19 2018


...................................

...THE MCCOOK NE CLIMATE SUMMARY FOR JANUARY 18 2018...

CLIMATE NORMAL PERIOD 1981 TO 2010
CLIMATE RECORD PERIOD 1896 TO 2018


WEATHER ITEM   OBSERVED TIME   RECORD YEAR NORMAL DEPARTURE LAST
                VALUE   (LST)  VALUE       VALUE  FROM      YEAR
                                                  NORMAL
..................................................................
TEMPERATURE (F)
 YESTERDAY
  MAXIMUM         52    350 PM  68    2006  41     11       51
                                      2005
  MINIMUM         14    602 AM -20    1984  14      0       22
  AVERAGE         33                        27      6       37

PRECIPITATION (IN)
  YESTERDAY        0.00                      0.02  -0.02     0.00
  MONTH TO DATE    0.05                      0.30  -0.25     0.69
  SINCE DEC 1      0.15                      0.94  -0.79     1.12
  SINCE JAN 1      0.05                      0.30  -0.25     0.69

..................................................................


THE MCCOOK NE CLIMATE NORMALS FOR TODAY
                         NORMAL    RECORD    YEAR
 MAXIMUM TEMPERATURE (F)   41        68      2014
 MINIMUM TEMPERATURE (F)   14       -24      1943



-  INDICATES NEGATIVE NUMBERS.
R  INDICATES RECORD WAS SET OR TIED.
MM INDICATES DATA IS MISSING.
T  INDICATES TRACE AMOUNT.

$$
