000
CDUS43 KGLD 170038 RRB
CLIMCK

CLIMATE REPORT
NATIONAL WEATHER SERVICE GOODLAND
635 PM MDT SAT SEP 16 2017

...................................

...THE MCCOOK NE CLIMATE SUMMARY FOR SEPTEMBER 16 2017...
VALID TODAY AS OF 0600 PM LOCAL TIME.

CLIMATE NORMAL PERIOD 1981 TO 2010
CLIMATE RECORD PERIOD 1896 TO 2017


WEATHER ITEM   OBSERVED TIME   RECORD YEAR NORMAL DEPARTURE LAST
                VALUE   (LST)  VALUE       VALUE  FROM      YEAR
                                                  NORMAL
..................................................................
TEMPERATURE (F)
 TODAY
  MAXIMUM         73    459 PM  98    1955  79     -6       80
  MINIMUM         59    716 AM  38    2012  49     10       48
                                      1993
  AVERAGE         66                        64      2       64

PRECIPITATION (IN)
  TODAY            0.00                      0.04  -0.04     0.00
  MONTH TO DATE    0.07                      0.78  -0.71     5.06
  SINCE SEP 1      0.07                      0.78  -0.71     5.06
  SINCE JAN 1     14.18                     18.49  -4.31    23.19

..................................................................


THE MCCOOK NE CLIMATE NORMALS FOR TOMORROW
                         NORMAL    RECORD    YEAR
 MAXIMUM TEMPERATURE (F)   79       100      1927
 MINIMUM TEMPERATURE (F)   49        32      1981


-  INDICATES NEGATIVE NUMBERS.
R  INDICATES RECORD WAS SET OR TIED.
MM INDICATES DATA IS MISSING.
T  INDICATES TRACE AMOUNT.


$$
