000
CDUS43 KGLD 200744 RRA
CLIMCK

CLIMATE REPORT
NATIONAL WEATHER SERVICE GOODLAND
140 AM MDT SAT MAY 20 2017

...................................

...THE MCCOOK NE CLIMATE SUMMARY FOR MAY 19 2017...

CLIMATE NORMAL PERIOD 1981 TO 2010
CLIMATE RECORD PERIOD 1896 TO 2017


WEATHER ITEM   OBSERVED TIME   RECORD YEAR NORMAL DEPARTURE LAST
                VALUE   (LST)  VALUE       VALUE  FROM      YEAR
                                                  NORMAL
..................................................................
TEMPERATURE (F)
 YESTERDAY
  MAXIMUM         50    209 PM  99    1948  74    -24       66
  MINIMUM         43   1159 PM  32    1983  47     -4       49
  AVERAGE         47                        60    -13       58

PRECIPITATION (IN)
  YESTERDAY        0.98                      0.10   0.88     0.00
  MONTH TO DATE    2.52                      1.82   0.70     0.83
  SINCE MAR 1      6.30                      5.49   0.81     7.41
  SINCE JAN 1      7.00                      6.62   0.38     8.42

..................................................................


THE MCCOOK NE CLIMATE NORMALS FOR TODAY
                         NORMAL    RECORD    YEAR
 MAXIMUM TEMPERATURE (F)   74        99      1948
 MINIMUM TEMPERATURE (F)   47        27      1931



-  INDICATES NEGATIVE NUMBERS.
R  INDICATES RECORD WAS SET OR TIED.
MM INDICATES DATA IS MISSING.
T  INDICATES TRACE AMOUNT.

$$
