000
CDUS43 KGLD 230855 RRA
CLIMCK

CLIMATE REPORT
NATIONAL WEATHER SERVICE GOODLAND
251 AM MDT SUN JUL 23 2017
...................................

...THE MCCOOK NE CLIMATE SUMMARY FOR JULY 22 2017...

CLIMATE NORMAL PERIOD 1981 TO 2010
CLIMATE RECORD PERIOD 1896 TO 2017

WEATHER ITEM   OBSERVED TIME   RECORD YEAR NORMAL DEPARTURE LAST
                VALUE   (LST)  VALUE       VALUE  FROM      YEAR
                                                  NORMAL
..................................................................
TEMPERATURE (F)
 YESTERDAY
  MAXIMUM         97   1217 PM 110    1931  90      7      102
  MINIMUM         65   1159 PM  44    1909  62      3       71
  AVERAGE         81                        76      5       87

PRECIPITATION (IN)
  YESTERDAY        T                         0.10  -0.10     0.00
  MONTH TO DATE    1.28                      2.30  -1.02     1.28
  SINCE JUN 1      1.55                      5.68  -4.13     4.13
  SINCE JAN 1      9.58                     13.62  -4.04    14.33

..................................................................

THE MCCOOK NE CLIMATE NORMALS FOR TODAY
                         NORMAL    RECORD    YEAR
 MAXIMUM TEMPERATURE (F)   90       106      1940
 MINIMUM TEMPERATURE (F)   62        44      1909

-  INDICATES NEGATIVE NUMBERS.
R  INDICATES RECORD WAS SET OR TIED.
MM INDICATES DATA IS MISSING.
T  INDICATES TRACE AMOUNT.

$$
