000
CDUS43 KGLD 250740
CLIMCK

CLIMATE REPORT
NATIONAL WEATHER SERVICE GOODLAND
136 AM MDT TUE AUG 25 2015
...................................

...THE MCCOOK NE CLIMATE SUMMARY FOR AUGUST 24 2015...

CLIMATE NORMAL PERIOD 1981 TO 2010
CLIMATE RECORD PERIOD 1896 TO 2015

WEATHER ITEM   OBSERVED TIME   RECORD YEAR NORMAL DEPARTURE LAST
                VALUE   (LST)  VALUE       VALUE  FROM      YEAR
                                                  NORMAL
..................................................................
TEMPERATURE (F)
 YESTERDAY
  MAXIMUM         87    419 PM 107    1936  87      0       87
  MINIMUM         42    554 AM  39    1928  59    -17       59
  AVERAGE         65                        73     -8       73

PRECIPITATION (IN)
  YESTERDAY        0.00                      0.08  -0.08     0.00
  MONTH TO DATE    2.48                      2.61  -0.13     2.43
  SINCE JUN 1      8.92                      9.24  -0.32    12.60
  SINCE JAN 1     15.08                     17.18  -2.10    17.56

..................................................................

THE MCCOOK NE CLIMATE NORMALS FOR TODAY
                         NORMAL    RECORD    YEAR
 MAXIMUM TEMPERATURE (F)   87       103      1929
 MINIMUM TEMPERATURE (F)   58        42      1911

-  INDICATES NEGATIVE NUMBERS.
R  INDICATES RECORD WAS SET OR TIED.
MM INDICATES DATA IS MISSING.
T  INDICATES TRACE AMOUNT.

$$
