169
CDUS43 KGLD 180800
CLIMCK

CLIMATE REPORT
NATIONAL WEATHER SERVICE GOODLAND
156 AM MDT TUE JUL 18 2017

...................................

...THE MCCOOK NE CLIMATE SUMMARY FOR JULY 17 2017...

CLIMATE NORMAL PERIOD 1981 TO 2010
CLIMATE RECORD PERIOD 1896 TO 2017

WEATHER ITEM   OBSERVED TIME   RECORD YEAR NORMAL DEPARTURE LAST
                VALUE   (LST)  VALUE       VALUE  FROM      YEAR
                                                  NORMAL
..................................................................
TEMPERATURE (F)
 YESTERDAY
  MAXIMUM         98    444 PM 108    1936  90      8       89
  MINIMUM         70    606 AM  52    1917  62      8       69
  AVERAGE         84                        76      8       79

PRECIPITATION (IN)
  YESTERDAY        0.00                      0.10  -0.10     0.00
  MONTH TO DATE    1.25                      1.81  -0.56     1.12
  SINCE JUN 1      1.52                      5.19  -3.67     3.97
  SINCE JAN 1      9.55                     13.13  -3.58    14.17

..................................................................

THE MCCOOK NE CLIMATE NORMALS FOR TODAY
                         NORMAL    RECORD    YEAR
 MAXIMUM TEMPERATURE (F)   90       108      1925
 MINIMUM TEMPERATURE (F)   62        53      1992

-  INDICATES NEGATIVE NUMBERS.
R  INDICATES RECORD WAS SET OR TIED.
MM INDICATES DATA IS MISSING.
T  INDICATES TRACE AMOUNT.

$$
