000
CDUS43 KGLD 240046
CLIMCK

CLIMATE REPORT
NATIONAL WEATHER SERVICE GOODLAND
538 PM MST TUE DEC 23 2014
...................................

...THE MCCOOK NE CLIMATE SUMMARY FOR DECEMBER 23 2014...
VALID TODAY AS OF 0500 PM LOCAL TIME.

CLIMATE NORMAL PERIOD 1981 TO 2010
CLIMATE RECORD PERIOD 1896 TO 2014

WEATHER ITEM   OBSERVED TIME   RECORD YEAR NORMAL DEPARTURE LAST
                VALUE   (LST)  VALUE       VALUE  FROM      YEAR
                                                  NORMAL
..................................................................
TEMPERATURE (F)
 TODAY
  MAXIMUM         34    406 PM  81    1964  40     -6       19
  MINIMUM         27    723 AM -27    1989  14     13        9
  AVERAGE         31                        27      4       14

PRECIPITATION (IN)
  TODAY            T                         0.02  -0.02     0.14
  MONTH TO DATE    0.89                      0.49   0.40     0.22
  SINCE DEC 1      0.89                      0.49   0.40     0.22
  SINCE JAN 1     23.79                     22.38   1.41    12.83

..................................................................

THE MCCOOK NE CLIMATE NORMALS FOR TOMORROW
                         NORMAL    RECORD    YEAR
 MAXIMUM TEMPERATURE (F)   40        74      1955
 MINIMUM TEMPERATURE (F)   14       -19      1989

-  INDICATES NEGATIVE NUMBERS.
R  INDICATES RECORD WAS SET OR TIED.
MM INDICATES DATA IS MISSING.
T  INDICATES TRACE AMOUNT.

$$
