000
CDUS43 KGLD 060043
CLIMCK

CLIMATE REPORT
NATIONAL WEATHER SERVICE GOODLAND
636 PM MDT SAT JUL 5 2014

...................................

...THE MCCOOK NE CLIMATE SUMMARY FOR JULY 5 2014...
VALID TODAY AS OF 0600 PM LOCAL TIME.

CLIMATE NORMAL PERIOD 1981 TO 2010
CLIMATE RECORD PERIOD 1896 TO 2014


WEATHER ITEM   OBSERVED TIME   RECORD YEAR NORMAL DEPARTURE LAST
                VALUE   (LST)  VALUE       VALUE  FROM      YEAR
                                                  NORMAL
..................................................................
TEMPERATURE (F)
 TODAY
  MAXIMUM         94    454 PM 108    1964  90      4       99
  MINIMUM         61    544 AM  48    1983  61      0       71
  AVERAGE         78                        76      2       85

PRECIPITATION (IN)
  TODAY            0.00                      0.11  -0.11     0.08
  MONTH TO DATE    0.43                      0.52  -0.09     0.08
  SINCE JUN 1      8.48                      3.90   4.58     1.18
  SINCE JAN 1     13.44                     11.84   1.60     6.07

..................................................................

THE MCCOOK NE CLIMATE NORMALS FOR TOMORROW
                         NORMAL    RECORD    YEAR
 MAXIMUM TEMPERATURE (F)   90       111      2001
 MINIMUM TEMPERATURE (F)   61        48      1924


-  INDICATES NEGATIVE NUMBERS.
R  INDICATES RECORD WAS SET OR TIED.
MM INDICATES DATA IS MISSING.
T  INDICATES TRACE AMOUNT.

$$
