000
CDUS43 KGLD 180742 RRA
CLIMCK

CLIMATE REPORT
NATIONAL WEATHER SERVICE GOODLAND
138 AM MDT SAT MAR 18 2017


...................................

...THE MCCOOK NE CLIMATE SUMMARY FOR MARCH 17 2017...

CLIMATE NORMAL PERIOD 1981 TO 2010
CLIMATE RECORD PERIOD 1896 TO 2017


WEATHER ITEM   OBSERVED TIME   RECORD YEAR NORMAL DEPARTURE LAST
                VALUE   (LST)  VALUE       VALUE  FROM      YEAR
                                                  NORMAL
..................................................................
TEMPERATURE (F)
 YESTERDAY
  MAXIMUM         71    351 PM  87    2012  55     16       51
  MINIMUM         35    629 AM   8    1958  25     10       21
  AVERAGE         53                        40     13       36

PRECIPITATION (IN)
  YESTERDAY        0.00                      0.05  -0.05     0.00
  MONTH TO DATE    0.03                      0.68  -0.65     0.01
  SINCE MAR 1      0.03                      0.68  -0.65     0.01
  SINCE JAN 1      0.73                      1.81  -1.08     1.02

..................................................................


THE MCCOOK NE CLIMATE NORMALS FOR TODAY
                         NORMAL    RECORD    YEAR
 MAXIMUM TEMPERATURE (F)   55        84      2007
 MINIMUM TEMPERATURE (F)   25        -4      1958



-  INDICATES NEGATIVE NUMBERS.
R  INDICATES RECORD WAS SET OR TIED.
MM INDICATES DATA IS MISSING.
T  INDICATES TRACE AMOUNT.

$$
