000
CDUS43 KGLD 180751
CLIMCK

CLIMATE REPORT
NATIONAL WEATHER SERVICE GOODLAND
144 AM MDT SAT OCT 18 2014


...................................

...THE MCCOOK NE CLIMATE SUMMARY FOR OCTOBER 17 2014...

CLIMATE NORMAL PERIOD 1981 TO 2010
CLIMATE RECORD PERIOD 1896 TO 2014


WEATHER ITEM   OBSERVED TIME   RECORD YEAR NORMAL DEPARTURE LAST
                VALUE   (LST)  VALUE       VALUE  FROM      YEAR
                                                  NORMAL
..................................................................
TEMPERATURE (F)
 YESTERDAY
  MAXIMUM         69    349 PM  90    1918  66      3       57
  MINIMUM         37    700 AM  18    1922  36      1       30
  AVERAGE         53                        51      2       44

PRECIPITATION (IN)
  YESTERDAY        0.00                      0.07  -0.07     0.00
  MONTH TO DATE    0.27                      1.02  -0.75     0.54
  SINCE SEP 1      1.95                      2.46  -0.51     2.89
  SINCE JAN 1     22.90                     20.17   2.73    12.06

..................................................................







THE MCCOOK NE CLIMATE NORMALS FOR TODAY
                         NORMAL    RECORD    YEAR
 MAXIMUM TEMPERATURE (F)   66        90      2003
                                             1918
 MINIMUM TEMPERATURE (F)   35        15      1925



-  INDICATES NEGATIVE NUMBERS.
R  INDICATES RECORD WAS SET OR TIED.
MM INDICATES DATA IS MISSING.
T  INDICATES TRACE AMOUNT.




$$
