000
CDUS43 KGLD 080745
CLIMCK

CLIMATE REPORT
NATIONAL WEATHER SERVICE GOODLAND
142 AM MDT TUE APR 8 2014

...................................

...THE MCCOOK NE CLIMATE SUMMARY FOR APRIL 7 2014...

CLIMATE NORMAL PERIOD 1981 TO 2010
CLIMATE RECORD PERIOD 1896 TO 2014

WEATHER ITEM   OBSERVED TIME   RECORD YEAR NORMAL DEPARTURE LAST
                VALUE   (LST)  VALUE       VALUE  FROM      YEAR
                                                  NORMAL
..................................................................
TEMPERATURE (F)
 YESTERDAY
  MAXIMUM         58    338 PM  88    1978  62     -4       67
  MINIMUM         33   1159 PM  14    2007  31      2       39
                                      1961
  AVERAGE         46                        46      0       53

PRECIPITATION (IN)
  YESTERDAY        T                         0.06  -0.06     0.04
  MONTH TO DATE    0.19                      0.38  -0.19     0.04
  SINCE MAR 1      0.45                      1.74  -1.29     0.71
  SINCE JAN 1      0.94                      2.87  -1.93     1.88

..................................................................

THE MCCOOK NE CLIMATE NORMALS FOR TODAY
                         NORMAL    RECORD    YEAR
 MAXIMUM TEMPERATURE (F)   62        93      1978
 MINIMUM TEMPERATURE (F)   31        12      1914

-  INDICATES NEGATIVE NUMBERS.
R  INDICATES RECORD WAS SET OR TIED.
MM INDICATES DATA IS MISSING.
T  INDICATES TRACE AMOUNT.

$$
