000
CDUS43 KGLD 150748
CLIMCK

CLIMATE REPORT
NATIONAL WEATHER SERVICE GOODLAND
1244 AM MST WED FEB 15 2017


...................................

...THE MCCOOK NE CLIMATE SUMMARY FOR FEBRUARY 14 2017...

CLIMATE NORMAL PERIOD 1981 TO 2010
CLIMATE RECORD PERIOD 1896 TO 2017


WEATHER ITEM   OBSERVED TIME   RECORD YEAR NORMAL DEPARTURE LAST
                VALUE   (LST)  VALUE       VALUE  FROM      YEAR
                                                  NORMAL
..................................................................
TEMPERATURE (F)
 YESTERDAY
  MAXIMUM         56    342 PM  78    1999  44     12       47
  MINIMUM         25    521 AM -16    1923  17      8       23
  AVERAGE         41                        30     11       35

PRECIPITATION (IN)
  YESTERDAY        0.00                      0.02  -0.02     0.00
  MONTH TO DATE    T                         0.27  -0.27     0.94
  SINCE DEC 1      1.13                      1.42  -0.29     1.12
  SINCE JAN 1      0.70                      0.78  -0.08     0.96

..................................................................


THE MCCOOK NE CLIMATE NORMALS FOR TODAY
                         NORMAL    RECORD    YEAR
 MAXIMUM TEMPERATURE (F)   44        69      2011
 MINIMUM TEMPERATURE (F)   17       -22      1909



-  INDICATES NEGATIVE NUMBERS.
R  INDICATES RECORD WAS SET OR TIED.
MM INDICATES DATA IS MISSING.
T  INDICATES TRACE AMOUNT.

$$
