000
CDUS43 KGLD 130040
CLIMCK

CLIMATE REPORT
NATIONAL WEATHER SERVICE GOODLAND
635 PM MDT FRI MAY 12 2017
...................................

...THE MCCOOK NE CLIMATE SUMMARY FOR MAY 12 2017...
VALID TODAY AS OF 0600 PM LOCAL TIME.

CLIMATE NORMAL PERIOD 1981 TO 2010
CLIMATE RECORD PERIOD 1896 TO 2017

WEATHER ITEM   OBSERVED TIME   RECORD YEAR NORMAL DEPARTURE LAST
                VALUE   (LST)  VALUE       VALUE  FROM      YEAR
                                                  NORMAL
..................................................................
TEMPERATURE (F)
 TODAY
  MAXIMUM         74    404 PM  99    1962  72      2       73
  MINIMUM         38    550 AM  29    2015  45     -7       39
                                      1953
  AVERAGE         56                        58     -2       56

PRECIPITATION (IN)
  TODAY            0.00                      0.09  -0.09     0.00
  MONTH TO DATE    1.02                      1.13  -0.11     0.59
  SINCE MAR 1      4.80                      4.80   0.00     7.17
  SINCE JAN 1      5.50                      5.93  -0.43     8.18

..................................................................

THE MCCOOK NE CLIMATE NORMALS FOR TOMORROW
                         NORMAL    RECORD    YEAR
 MAXIMUM TEMPERATURE (F)   73        95      2013
                                             1962
 MINIMUM TEMPERATURE (F)   45        26      1966

-  INDICATES NEGATIVE NUMBERS.
R  INDICATES RECORD WAS SET OR TIED.
MM INDICATES DATA IS MISSING.
T  INDICATES TRACE AMOUNT.

$$
