000
CDUS43 KGLD 200752 RRA
CLIMCK

CLIMATE REPORT
NATIONAL WEATHER SERVICE GOODLAND
1243 AM MST TUE JAN 20 2015


...................................

...THE MCCOOK NE CLIMATE SUMMARY FOR JANUARY 19 2015...

CLIMATE NORMAL PERIOD 1981 TO 2010
CLIMATE RECORD PERIOD 1896 TO 2015


WEATHER ITEM   OBSERVED TIME   RECORD YEAR NORMAL DEPARTURE LAST
                VALUE   (LST)  VALUE       VALUE  FROM      YEAR
                                                  NORMAL
..................................................................
TEMPERATURE (F)
 YESTERDAY
  MAXIMUM         57    348 PM  68    2014  41     16       68
  MINIMUM         31    634 AM -24    1943  14     17       21
  AVERAGE         44                        27     17       45

PRECIPITATION (IN)
  YESTERDAY        0.00                      0.01  -0.01     0.00
  MONTH TO DATE    0.01                      0.31  -0.30     0.01
  SINCE DEC 1      1.30                      0.95   0.35     0.23
  SINCE JAN 1      0.01                      0.31  -0.30     0.01

..................................................................

THE MCCOOK NE CLIMATE NORMALS FOR TODAY
                         NORMAL    RECORD    YEAR
 MAXIMUM TEMPERATURE (F)   41        71      1964
 MINIMUM TEMPERATURE (F)   14       -16      1984



-  INDICATES NEGATIVE NUMBERS.
R  INDICATES RECORD WAS SET OR TIED.
MM INDICATES DATA IS MISSING.
T  INDICATES TRACE AMOUNT.

$$
