000
CDUS43 KGLD 080744
CLIMCK

CLIMATE REPORT
NATIONAL WEATHER SERVICE GOODLAND
137 AM MDT TUE JUL 8 2014

...................................

...THE MCCOOK NE CLIMATE SUMMARY FOR JULY 7 2014...

CLIMATE NORMAL PERIOD 1981 TO 2010
CLIMATE RECORD PERIOD 1896 TO 2014

WEATHER ITEM   OBSERVED TIME   RECORD YEAR NORMAL DEPARTURE LAST
                VALUE   (LST)  VALUE       VALUE  FROM      YEAR
                                                  NORMAL
..................................................................
TEMPERATURE (F)
 YESTERDAY
  MAXIMUM         90    324 PM 109    2001  90      0       98
  MINIMUM         63    532 AM  49    1931  61      2       71
  AVERAGE         77                        76      1       85

PRECIPITATION (IN)
  YESTERDAY        0.00                      0.11  -0.11     0.05
  MONTH TO DATE    0.43                      0.73  -0.30     0.13
  SINCE JUN 1      8.48                      4.11   4.37     1.23
  SINCE JAN 1     13.44                     12.05   1.39     6.12

..................................................................

THE MCCOOK NE CLIMATE NORMALS FOR TODAY
                         NORMAL    RECORD    YEAR
 MAXIMUM TEMPERATURE (F)   90       106      1980
 MINIMUM TEMPERATURE (F)   62        48      1952

-  INDICATES NEGATIVE NUMBERS.
R  INDICATES RECORD WAS SET OR TIED.
MM INDICATES DATA IS MISSING.
T  INDICATES TRACE AMOUNT.

$$
