107
CDUS43 KGLD 270746 RRB
CLIMCK

CLIMATE REPORT
NATIONAL WEATHER SERVICE GOODLAND
1243 AM MST SUN NOV 27 2016

...................................

...THE MCCOOK NE CLIMATE SUMMARY FOR NOVEMBER 26 2016...

CLIMATE NORMAL PERIOD 1981 TO 2010
CLIMATE RECORD PERIOD 1896 TO 2016


WEATHER ITEM   OBSERVED TIME   RECORD YEAR NORMAL DEPARTURE LAST
                VALUE   (LST)  VALUE       VALUE  FROM      YEAR
                                                  NORMAL
..................................................................
TEMPERATURE (F)
 YESTERDAY
  MAXIMUM         59    315 PM  76    1960  47     12       33
  MINIMUM         18    537 AM  -3    1975  20     -2       22
  AVERAGE         39                        33      6       28

PRECIPITATION (IN)
  YESTERDAY        0.00                      0.03  -0.03     0.01
  MONTH TO DATE    0.46                      0.85  -0.39     2.77
  SINCE SEP 1      6.23                      4.08   2.15     5.35
  SINCE JAN 1     24.36                     21.79   2.57    20.43

..................................................................


THE MCCOOK NE CLIMATE NORMALS FOR TODAY
                         NORMAL    RECORD    YEAR
 MAXIMUM TEMPERATURE (F)   46        73      1960
 MINIMUM TEMPERATURE (F)   19        -6      1952


-  INDICATES NEGATIVE NUMBERS.
R  INDICATES RECORD WAS SET OR TIED.
MM INDICATES DATA IS MISSING.
T  INDICATES TRACE AMOUNT.


$$
