000
CDUS43 KGLD 200044
CLIMCK

CLIMATE REPORT
NATIONAL WEATHER SERVICE GOODLAND
640 PM MDT TUE MAY 19 2015
...................................

...THE MCCOOK NE CLIMATE SUMMARY FOR MAY 19 2015...
VALID TODAY AS OF 0600 PM LOCAL TIME.

CLIMATE NORMAL PERIOD 1981 TO 2010
CLIMATE RECORD PERIOD 1896 TO 2015

WEATHER ITEM   OBSERVED TIME   RECORD YEAR NORMAL DEPARTURE LAST
                VALUE   (LST)  VALUE       VALUE  FROM      YEAR
                                                  NORMAL
..................................................................
TEMPERATURE (F)
 TODAY
  MAXIMUM         50    255 AM  99    1948  74    -24       91
  MINIMUM         39    437 PM  32    1983  47     -8       56
  AVERAGE         45                        60    -15       74

PRECIPITATION (IN)
  TODAY            1.17                      0.10   1.07     0.00
  MONTH TO DATE    2.41                      1.82   0.59     0.14
  SINCE MAR 1      4.39                      5.49  -1.10     1.51
  SINCE JAN 1      4.73                      6.62  -1.89     2.00

..................................................................

THE MCCOOK NE CLIMATE NORMALS FOR TOMORROW
                         NORMAL    RECORD    YEAR
 MAXIMUM TEMPERATURE (F)   74        99      1948
 MINIMUM TEMPERATURE (F)   47        27      1931

-  INDICATES NEGATIVE NUMBERS.
R  INDICATES RECORD WAS SET OR TIED.
MM INDICATES DATA IS MISSING.
T  INDICATES TRACE AMOUNT.

$$
