000
CDUS43 KGLD 230051
CLIMCK

CLIMATE REPORT
NATIONAL WEATHER SERVICE GOODLAND
646 PM MDT FRI AUG 22 2014

...................................

...THE MCCOOK NE CLIMATE SUMMARY FOR AUGUST 22 2014...
VALID TODAY AS OF 0600 PM LOCAL TIME.

CLIMATE NORMAL PERIOD 1981 TO 2010
CLIMATE RECORD PERIOD 1896 TO 2014

WEATHER ITEM   OBSERVED TIME   RECORD YEAR NORMAL DEPARTURE LAST
                VALUE   (LST)  VALUE       VALUE  FROM      YEAR
                                                  NORMAL
..................................................................
TEMPERATURE (F)
 TODAY
  MAXIMUM         92    154 PM 104    1938  87      5       91
  MINIMUM         64    605 AM  44    1923  59      5       68
  AVERAGE         78                        73      5       80

PRECIPITATION (IN)
  TODAY            0.00                      0.09  -0.09     0.00
  MONTH TO DATE    1.69                      2.45  -0.76     1.04
  SINCE JUN 1     11.86                      9.08   2.78     3.83
  SINCE JAN 1     16.82                     17.02  -0.20     8.72

..................................................................

THE MCCOOK NE CLIMATE NORMALS FOR TOMORROW
                         NORMAL    RECORD    YEAR
 MAXIMUM TEMPERATURE (F)   87       103      2011
                                             1936
 MINIMUM TEMPERATURE (F)   59        47      1964

-  INDICATES NEGATIVE NUMBERS.
R  INDICATES RECORD WAS SET OR TIED.
MM INDICATES DATA IS MISSING.
T  INDICATES TRACE AMOUNT.

$$
