608
CDUS43 KGLD 200039 RRA
CLIMCK

CLIMATE REPORT
NATIONAL WEATHER SERVICE GOODLAND
636 PM MDT WED APR 19 2017

...................................

...THE MCCOOK NE CLIMATE SUMMARY FOR APRIL 19 2017...
VALID TODAY AS OF 0600 PM LOCAL TIME.

CLIMATE NORMAL PERIOD 1981 TO 2010
CLIMATE RECORD PERIOD 1896 TO 2017


WEATHER ITEM   OBSERVED TIME   RECORD YEAR NORMAL DEPARTURE LAST
                VALUE   (LST)  VALUE       VALUE  FROM      YEAR
                                                  NORMAL
..................................................................
TEMPERATURE (F)
 TODAY
  MAXIMUM         73    424 PM  91    1961  66      7       53
  MINIMUM         58    431 AM  20    2013  36     22       34
  AVERAGE         66                        51     15       44

PRECIPITATION (IN)
  TODAY            0.00                      0.09  -0.09      T
  MONTH TO DATE    0.01                      1.29  -1.28     5.39
  SINCE MAR 1      1.01                      2.65  -1.64     5.87
  SINCE JAN 1      1.71                      3.78  -2.07     6.88

..................................................................


THE MCCOOK NE CLIMATE NORMALS FOR TOMORROW
                         NORMAL    RECORD    YEAR
 MAXIMUM TEMPERATURE (F)   66        92      1946
 MINIMUM TEMPERATURE (F)   36        20      1953


-  INDICATES NEGATIVE NUMBERS.
R  INDICATES RECORD WAS SET OR TIED.
MM INDICATES DATA IS MISSING.
T  INDICATES TRACE AMOUNT.


$$
