000
CDUS43 KGLD 070045
CLIMCK

CLIMATE REPORT
NATIONAL WEATHER SERVICE GOODLAND
640 PM MDT SUN JUL 6 2014

...................................

...THE MCCOOK NE CLIMATE SUMMARY FOR JULY 6 2014...
VALID TODAY AS OF 0600 PM LOCAL TIME.

CLIMATE NORMAL PERIOD 1981 TO 2010
CLIMATE RECORD PERIOD 1896 TO 2014


WEATHER ITEM   OBSERVED TIME   RECORD YEAR NORMAL DEPARTURE LAST
                VALUE   (LST)  VALUE       VALUE  FROM      YEAR
                                                  NORMAL
..................................................................
TEMPERATURE (F)
 TODAY
  MAXIMUM        101    417 PM 111    2001  90     11      103
  MINIMUM         65    544 AM  48    1924  61      4       71
  AVERAGE         83                        76      7       87

PRECIPITATION (IN)
  TODAY            0.00                      0.10  -0.10     0.00
  MONTH TO DATE    0.43                      0.62  -0.19     0.08
  SINCE JUN 1      8.48                      4.00   4.48     1.18
  SINCE JAN 1     13.44                     11.94   1.50     6.07

..................................................................

THE MCCOOK NE CLIMATE NORMALS FOR TOMORROW
                         NORMAL    RECORD    YEAR
 MAXIMUM TEMPERATURE (F)   90       109      2001
 MINIMUM TEMPERATURE (F)   61        49      1931


-  INDICATES NEGATIVE NUMBERS.
R  INDICATES RECORD WAS SET OR TIED.
MM INDICATES DATA IS MISSING.
T  INDICATES TRACE AMOUNT.

$$
