691
CDUS43 KGLD 010040 RRB
CLIMCK

CLIMATE REPORT
NATIONAL WEATHER SERVICE GOODLAND
537 PM MST SUN JAN 31 2016

...................................

...THE MCCOOK NE CLIMATE SUMMARY FOR JANUARY 31 2016...
VALID TODAY AS OF 0500 PM LOCAL TIME.

CLIMATE NORMAL PERIOD 1981 TO 2010
CLIMATE RECORD PERIOD 1896 TO 2016


WEATHER ITEM   OBSERVED TIME   RECORD YEAR NORMAL DEPARTURE LAST
                VALUE   (LST)  VALUE       VALUE  FROM      YEAR
                                                  NORMAL
..................................................................
TEMPERATURE (F)
 TODAY
  MAXIMUM         49    328 PM  76    1989  42      7       37
  MINIMUM         33    510 AM -18    1918  15     18       25
  AVERAGE         41                        28     13       31

PRECIPITATION (IN)
  TODAY            0.00                      0.02  -0.02     0.11
  MONTH TO DATE    0.02                      0.51  -0.49     0.12
  SINCE DEC 1      0.18                      1.15  -0.97     1.41
  SINCE JAN 1      0.02                      0.51  -0.49     0.12

..................................................................


THE MCCOOK NE CLIMATE NORMALS FOR TOMORROW
                         NORMAL    RECORD    YEAR
 MAXIMUM TEMPERATURE (F)   42        80      2003
 MINIMUM TEMPERATURE (F)   15       -23      1918



-  INDICATES NEGATIVE NUMBERS.
R  INDICATES RECORD WAS SET OR TIED.
MM INDICATES DATA IS MISSING.
T  INDICATES TRACE AMOUNT.

$$
