000
CDUS43 KGLD 130743
CLIMCK

CLIMATE REPORT
NATIONAL WEATHER SERVICE GOODLAND
1238 AM MST SAT DEC 13 2014

...................................

...THE MCCOOK NE CLIMATE SUMMARY FOR DECEMBER 12 2014...

CLIMATE NORMAL PERIOD 1981 TO 2010
CLIMATE RECORD PERIOD 1896 TO 2014


WEATHER ITEM   OBSERVED TIME   RECORD YEAR NORMAL DEPARTURE LAST
                VALUE   (LST)  VALUE       VALUE  FROM      YEAR
                                                  NORMAL
..................................................................
TEMPERATURE (F)
 YESTERDAY
  MAXIMUM         51   1159 PM  70    1921  41     10       46
  MINIMUM         40    309 AM -18    1961  15     25       10
  AVERAGE         46                        28     18       28

PRECIPITATION (IN)
  YESTERDAY        0.00                      0.01  -0.01     0.00
  MONTH TO DATE    0.00                      0.26  -0.26     0.08
  SINCE DEC 1      0.00                      0.26  -0.26     0.08
  SINCE JAN 1     22.90                     22.15   0.75    12.69

..................................................................

THE MCCOOK NE CLIMATE NORMALS FOR TODAY
                         NORMAL    RECORD    YEAR
 MAXIMUM TEMPERATURE (F)   41        72      1988
 MINIMUM TEMPERATURE (F)   15       -15      1961



-  INDICATES NEGATIVE NUMBERS.
R  INDICATES RECORD WAS SET OR TIED.
MM INDICATES DATA IS MISSING.
T  INDICATES TRACE AMOUNT.




$$
