000
CDUS43 KGLD 060050
CLIMCK

CLIMATE REPORT
NATIONAL WEATHER SERVICE GOODLAND
546 PM MST TUE DEC 5 2017


...................................

...THE MCCOOK NE CLIMATE SUMMARY FOR DECEMBER 5 2017...
VALID TODAY AS OF 0500 PM LOCAL TIME.

CLIMATE NORMAL PERIOD 1981 TO 2010
CLIMATE RECORD PERIOD 1896 TO 2017


WEATHER ITEM   OBSERVED TIME   RECORD YEAR NORMAL DEPARTURE LAST
                VALUE   (LST)  VALUE       VALUE  FROM      YEAR
                                                  NORMAL
..................................................................
TEMPERATURE (F)
 TODAY
  MAXIMUM         47    252 PM  73    1918  43      4       54
  MINIMUM         12    151 AM -10    1909  17     -5       25
  AVERAGE         30                        30      0       40

PRECIPITATION (IN)
  TODAY            0.00                      0.02  -0.02     0.00
  MONTH TO DATE    0.00                      0.11  -0.11     0.00
  SINCE DEC 1      0.00                      0.11  -0.11     0.00
  SINCE JAN 1     18.40                     22.00  -3.60    24.39

..................................................................


THE MCCOOK NE CLIMATE NORMALS FOR TOMORROW
                         NORMAL    RECORD    YEAR
 MAXIMUM TEMPERATURE (F)   43        77      1939
 MINIMUM TEMPERATURE (F)   16       -21      1909



-  INDICATES NEGATIVE NUMBERS.
R  INDICATES RECORD WAS SET OR TIED.
MM INDICATES DATA IS MISSING.
T  INDICATES TRACE AMOUNT.

$$
