000
CDUS43 KGLD 210049
CLIMCK

CLIMATE REPORT
NATIONAL WEATHER SERVICE GOODLAND
642 PM MDT FRI MAR 20 2015
...................................

...THE MCCOOK NE CLIMATE SUMMARY FOR MARCH 20 2015...
VALID TODAY AS OF 0600 PM LOCAL TIME.

CLIMATE NORMAL PERIOD 1981 TO 2010
CLIMATE RECORD PERIOD 1896 TO 2015


WEATHER ITEM   OBSERVED TIME   RECORD YEAR NORMAL DEPARTURE LAST
                VALUE   (LST)  VALUE       VALUE  FROM      YEAR
                                                  NORMAL
..................................................................
TEMPERATURE (F)
 TODAY
  MAXIMUM         75    457 PM  85    1997  56     19       68
  MINIMUM         26    507 AM   3    1965  26      0       22
  AVERAGE         51                        40     11       45

PRECIPITATION (IN)
  TODAY            0.00                      0.05  -0.05     0.00
  MONTH TO DATE    0.01                      0.82  -0.81     0.20
  SINCE MAR 1      0.01                      0.82  -0.81     0.20
  SINCE JAN 1      0.35                      1.95  -1.60     0.69

..................................................................

THE MCCOOK NE CLIMATE NORMALS FOR TOMORROW
                         NORMAL    RECORD    YEAR
 MAXIMUM TEMPERATURE (F)   56        89      1910
 MINIMUM TEMPERATURE (F)   26         1      1912

-  INDICATES NEGATIVE NUMBERS.
R  INDICATES RECORD WAS SET OR TIED.
MM INDICATES DATA IS MISSING.
T  INDICATES TRACE AMOUNT.


$$
