000
CDUS43 KGLD 280041
CLIMCK

CLIMATE REPORT
NATIONAL WEATHER SERVICE GOODLAND
636 PM MDT MON JUL 27 2015
...................................

...THE MCCOOK NE CLIMATE SUMMARY FOR JULY 27 2015...
VALID TODAY AS OF 0600 PM LOCAL TIME.

CLIMATE NORMAL PERIOD 1981 TO 2010
CLIMATE RECORD PERIOD 1896 TO 2015

WEATHER ITEM   OBSERVED TIME   RECORD YEAR NORMAL DEPARTURE LAST
                VALUE   (LST)  VALUE       VALUE  FROM      YEAR
                                                  NORMAL
..................................................................
TEMPERATURE (F)
 TODAY
  MAXIMUM         95    441 PM 109    1931  90      5       91
  MINIMUM         66    624 AM  49    2005  62      4       61
  AVERAGE         81                        76      5       76

PRECIPITATION (IN)
  TODAY            0.00                      0.11  -0.11     0.00
  MONTH TO DATE    1.92                      2.82  -0.90     1.80
  SINCE JUN 1      6.44                      6.20   0.24     9.85
  SINCE JAN 1     12.60                     14.14  -1.54    14.81

..................................................................

THE MCCOOK NE CLIMATE NORMALS FOR TOMORROW
                         NORMAL    RECORD    YEAR
 MAXIMUM TEMPERATURE (F)   89       105      2012
                                             1931
 MINIMUM TEMPERATURE (F)   62        51      1994

-  INDICATES NEGATIVE NUMBERS.
R  INDICATES RECORD WAS SET OR TIED.
MM INDICATES DATA IS MISSING.
T  INDICATES TRACE AMOUNT.

$$
