304
CDUS43 KGLD 200755
CLIMCK

CLIMATE REPORT
NATIONAL WEATHER SERVICE GOODLAND
151 AM MDT WED JUL 20 2016
...................................

...THE MCCOOK NE CLIMATE SUMMARY FOR JULY 19 2016...

CLIMATE NORMAL PERIOD 1981 TO 2010
CLIMATE RECORD PERIOD 1896 TO 2016

WEATHER ITEM   OBSERVED TIME   RECORD YEAR NORMAL DEPARTURE LAST
                VALUE   (LST)  VALUE       VALUE  FROM      YEAR
                                                  NORMAL
..................................................................
TEMPERATURE (F)
 YESTERDAY
  MAXIMUM        103    311 PM 112    1934  90     13       88
  MINIMUM         68    626 AM  52    1911  62      6       65
  AVERAGE         86                        76     10       77

PRECIPITATION (IN)
  YESTERDAY        0.16                      0.09   0.07     0.05
  MONTH TO DATE    1.28                      2.00  -0.72     1.40
  SINCE JUN 1      4.13                      5.38  -1.25     5.92
  SINCE JAN 1     14.33                     13.32   1.01    12.08

..................................................................

THE MCCOOK NE CLIMATE NORMALS FOR TODAY
                         NORMAL    RECORD    YEAR
 MAXIMUM TEMPERATURE (F)   90       114      1932
 MINIMUM TEMPERATURE (F)   62        51      1911

-  INDICATES NEGATIVE NUMBERS.
R  INDICATES RECORD WAS SET OR TIED.
MM INDICATES DATA IS MISSING.
T  INDICATES TRACE AMOUNT.

$$
