000
CDUS43 KGLD 260742 RRA
CLIMCK

CLIMATE REPORT
NATIONAL WEATHER SERVICE GOODLAND
1238 AM MST MON JAN 26 2015


...................................

...THE MCCOOK NE CLIMATE SUMMARY FOR JANUARY 25 2015...

CLIMATE NORMAL PERIOD 1981 TO 2010
CLIMATE RECORD PERIOD 1896 TO 2015


WEATHER ITEM   OBSERVED TIME   RECORD YEAR NORMAL DEPARTURE LAST
                VALUE   (LST)  VALUE       VALUE  FROM      YEAR
                                                  NORMAL
..................................................................
TEMPERATURE (F)
 YESTERDAY
  MAXIMUM         56    412 PM  75    2002  41     15       58
  MINIMUM         35   1159 PM -12    1957  14     21       37
  AVERAGE         46                        28     18       48

PRECIPITATION (IN)
  YESTERDAY        0.00                      0.02  -0.02     0.00
  MONTH TO DATE    0.01                      0.41  -0.40     0.01
  SINCE DEC 1      1.30                      1.05   0.25     0.23
  SINCE JAN 1      0.01                      0.41  -0.40     0.01

..................................................................







THE MCCOOK NE CLIMATE NORMALS FOR TODAY
                         NORMAL    RECORD    YEAR
 MAXIMUM TEMPERATURE (F)   41        77      2002
 MINIMUM TEMPERATURE (F)   14       -16      1950



-  INDICATES NEGATIVE NUMBERS.
R  INDICATES RECORD WAS SET OR TIED.
MM INDICATES DATA IS MISSING.
T  INDICATES TRACE AMOUNT.




$$
