000
CDUS43 KGLD 170056
CLIMCK

CLIMATE REPORT
NATIONAL WEATHER SERVICE GOODLAND
652 PM MDT FRI JUN 16 2017

...................................

...THE MCCOOK NE CLIMATE SUMMARY FOR JUNE 16 2017...
VALID TODAY AS OF 0600 PM LOCAL TIME.

CLIMATE NORMAL PERIOD 1981 TO 2010
CLIMATE RECORD PERIOD 1896 TO 2017

WEATHER ITEM   OBSERVED TIME   RECORD YEAR NORMAL DEPARTURE LAST
                VALUE   (LST)  VALUE       VALUE  FROM      YEAR
                                                  NORMAL
..................................................................
TEMPERATURE (F)
 TODAY
  MAXIMUM        102    232 PM 107    1946  84     18      100
  MINIMUM         63    315 AM  40    1989  56      7       66
  AVERAGE         83                        70     13       83

PRECIPITATION (IN)
  TODAY            0.00                      0.12  -0.12     0.00
  MONTH TO DATE    0.15                      1.82  -1.67     0.22
  SINCE JUN 1      0.15                      1.82  -1.67     0.22
  SINCE JAN 1      8.18                      9.76  -1.58    10.42

..................................................................

THE MCCOOK NE CLIMATE NORMALS FOR TOMORROW
                         NORMAL    RECORD    YEAR
 MAXIMUM TEMPERATURE (F)   85       105      2001
                                             1939
 MINIMUM TEMPERATURE (F)   57        46      1999

-  INDICATES NEGATIVE NUMBERS.
R  INDICATES RECORD WAS SET OR TIED.
MM INDICATES DATA IS MISSING.
T  INDICATES TRACE AMOUNT.

$$
