000
CDUS43 KGLD 180104
CLIMCK

CLIMATE REPORT
NATIONAL WEATHER SERVICE GOODLAND
638 PM MDT THU JUL 17 2014

...................................

...THE MCCOOK NE CLIMATE SUMMARY FOR JULY 17 2014...
VALID TODAY AS OF 0600 PM LOCAL TIME.

CLIMATE NORMAL PERIOD 1981 TO 2010
CLIMATE RECORD PERIOD 1896 TO 2014

WEATHER ITEM   OBSERVED TIME   RECORD YEAR NORMAL DEPARTURE LAST
                VALUE   (LST)  VALUE       VALUE  FROM      YEAR
                                                  NORMAL
..................................................................
TEMPERATURE (F)
 TODAY
  MAXIMUM         70    222 PM 108    1936  90    -20       91
  MINIMUM         57    547 AM  52    1917  62     -5       61
  AVERAGE         64                        76    -12       76

PRECIPITATION (IN)
  TODAY            T                         0.10  -0.10     0.00
  MONTH TO DATE    1.72                      1.81  -0.09     1.31
  SINCE JUN 1      9.77                      5.19   4.58     2.41
  SINCE JAN 1     14.73                     13.13   1.60     7.30

..................................................................

THE MCCOOK NE CLIMATE NORMALS FOR TOMORROW
                         NORMAL    RECORD    YEAR
 MAXIMUM TEMPERATURE (F)   90       108      1925
 MINIMUM TEMPERATURE (F)   62        53      1992

-  INDICATES NEGATIVE NUMBERS.
R  INDICATES RECORD WAS SET OR TIED.
MM INDICATES DATA IS MISSING.
T  INDICATES TRACE AMOUNT.

$$
