000
CDUS43 KGLD 210057 RRB
CLIMCK

CLIMATE REPORT
NATIONAL WEATHER SERVICE GOODLAND
654 PM MDT WED APR 20 2016
...................................

...THE MCCOOK NE CLIMATE SUMMARY FOR APRIL 20 2016...
VALID TODAY AS OF 0600 PM LOCAL TIME.

CLIMATE NORMAL PERIOD 1981 TO 2010
CLIMATE RECORD PERIOD 1896 TO 2016

WEATHER ITEM   OBSERVED TIME   RECORD YEAR NORMAL DEPARTURE LAST
                VALUE   (LST)  VALUE       VALUE  FROM      YEAR
                                                  NORMAL
..................................................................
TEMPERATURE (F)
 TODAY
  MAXIMUM         63    358 PM  92    1946  66     -3       62
  MINIMUM         40   1239 AM  20    1953  36      4       31
  AVERAGE         52                        51      1       47

PRECIPITATION (IN)
  TODAY            0.01                      0.09  -0.08     0.00
  MONTH TO DATE    5.40                      1.38   4.02     1.54
  SINCE MAR 1      5.88                      2.74   3.14     1.57
  SINCE JAN 1      6.89                      3.87   3.02     1.91

..................................................................

THE MCCOOK NE CLIMATE NORMALS FOR TOMORROW
                         NORMAL    RECORD    YEAR
 MAXIMUM TEMPERATURE (F)   66        94      1989
 MINIMUM TEMPERATURE (F)   37        18      1927

-  INDICATES NEGATIVE NUMBERS.
R  INDICATES RECORD WAS SET OR TIED.
MM INDICATES DATA IS MISSING.
T  INDICATES TRACE AMOUNT.

$$
