000
CDUS43 KGLD 100749
CLIMCK

CLIMATE REPORT
NATIONAL WEATHER SERVICE GOODLAND
144 AM MDT THU APR 10 2014


...................................

...THE MCCOOK NE CLIMATE SUMMARY FOR APRIL 9 2014...

CLIMATE NORMAL PERIOD 1981 TO 2010
CLIMATE RECORD PERIOD 1896 TO 2014


WEATHER ITEM   OBSERVED TIME   RECORD YEAR NORMAL DEPARTURE LAST
                VALUE   (LST)  VALUE       VALUE  FROM      YEAR
                                                  NORMAL
..................................................................
TEMPERATURE (F)
 YESTERDAY
  MAXIMUM         87    358 PM  95    1930  62     25       42
  MINIMUM         40    644 AM  15    1982  32      8       20
  AVERAGE         64                        47     17       31

PRECIPITATION (IN)
  YESTERDAY        0.00                      0.07  -0.07     0.07
  MONTH TO DATE    0.19                      0.51  -0.32     0.75
  SINCE MAR 1      0.45                      1.87  -1.42     1.42
  SINCE JAN 1      0.94                      3.00  -2.06     2.59

..................................................................


THE MCCOOK NE CLIMATE NORMALS FOR TODAY
                         NORMAL    RECORD    YEAR
 MAXIMUM TEMPERATURE (F)   63        91      1930
 MINIMUM TEMPERATURE (F)   32        16      1973



-  INDICATES NEGATIVE NUMBERS.
R  INDICATES RECORD WAS SET OR TIED.
MM INDICATES DATA IS MISSING.
T  INDICATES TRACE AMOUNT.

$$
