000
CDUS43 KGLD 250740
CLIMCK

CLIMATE REPORT
NATIONAL WEATHER SERVICE GOODLAND
136 AM MDT THU SEP 25 2014


...................................

...THE MCCOOK NE CLIMATE SUMMARY FOR SEPTEMBER 24 2014...

CLIMATE NORMAL PERIOD 1981 TO 2010
CLIMATE RECORD PERIOD 1896 TO 2014


WEATHER ITEM   OBSERVED TIME   RECORD YEAR NORMAL DEPARTURE LAST
                VALUE   (LST)  VALUE       VALUE  FROM      YEAR
                                                  NORMAL
..................................................................
TEMPERATURE (F)
 YESTERDAY
  MAXIMUM         86    415 PM  96    2005  76     10       80
                                      1958
  MINIMUM         53    654 AM  25    1909  45      8       50
  AVERAGE         70                        60     10       65

PRECIPITATION (IN)
  YESTERDAY        0.00                      0.04  -0.04     0.00
  MONTH TO DATE    1.55                      1.15   0.40     1.07
  SINCE SEP 1      1.55                      1.15   0.40     1.07
  SINCE JAN 1     22.50                     18.86   3.64    10.24

..................................................................


THE MCCOOK NE CLIMATE NORMALS FOR TODAY
                         NORMAL    RECORD    YEAR
 MAXIMUM TEMPERATURE (F)   75       103      1998
 MINIMUM TEMPERATURE (F)   45        25      1926



-  INDICATES NEGATIVE NUMBERS.
R  INDICATES RECORD WAS SET OR TIED.
MM INDICATES DATA IS MISSING.
T  INDICATES TRACE AMOUNT.

$$
