000
CDUS43 KGLD 230757 RRC
CLIMCK

CLIMATE REPORT
NATIONAL WEATHER SERVICE GOODLAND
1255 AM MST WED NOV 23 2016

...................................

...THE MCCOOK NE CLIMATE SUMMARY FOR NOVEMBER 22 2016...

CLIMATE NORMAL PERIOD 1981 TO 2010
CLIMATE RECORD PERIOD 1896 TO 2016


WEATHER ITEM   OBSERVED TIME   RECORD YEAR NORMAL DEPARTURE LAST
                VALUE   (LST)  VALUE       VALUE  FROM      YEAR
                                                  NORMAL
..................................................................
TEMPERATURE (F)
 YESTERDAY
  MAXIMUM         43   1154 PM  76    2002  49     -6       57
  MINIMUM         36    731 AM  -1    1975  21     15       21
                                      1929
  AVERAGE         40                        35      5       39

PRECIPITATION (IN)
  YESTERDAY        0.35                      0.02   0.33     0.00
  MONTH TO DATE    0.46                      0.73  -0.27     2.76
  SINCE SEP 1      6.23                      3.96   2.27     5.34
  SINCE JAN 1     24.36                     21.67   2.69    20.42

..................................................................


THE MCCOOK NE CLIMATE NORMALS FOR TODAY
                         NORMAL    RECORD    YEAR
 MAXIMUM TEMPERATURE (F)   48        72      2005
 MINIMUM TEMPERATURE (F)   21         4      1975


-  INDICATES NEGATIVE NUMBERS.
R  INDICATES RECORD WAS SET OR TIED.
MM INDICATES DATA IS MISSING.
T  INDICATES TRACE AMOUNT.


$$
