000
CDUS43 KGLD 110049
CLIMCK

CLIMATE REPORT
NATIONAL WEATHER SERVICE GOODLAND
646 PM MDT WED SEP 10 2014

...................................

...THE MCCOOK NE CLIMATE SUMMARY FOR SEPTEMBER 10 2014...
VALID TODAY AS OF 0600 PM LOCAL TIME.

CLIMATE NORMAL PERIOD 1981 TO 2010
CLIMATE RECORD PERIOD 1896 TO 2014

WEATHER ITEM   OBSERVED TIME   RECORD YEAR NORMAL DEPARTURE LAST
                VALUE   (LST)  VALUE       VALUE  FROM      YEAR
                                                  NORMAL
..................................................................
TEMPERATURE (F)
 TODAY
  MAXIMUM         65    110 AM 101    1936  82    -17       93
  MINIMUM         53    734 AM  33    1962  52      1       66
  AVERAGE         59                        67     -8       80

PRECIPITATION (IN)
  TODAY            T                         0.05  -0.05     0.14
  MONTH TO DATE    0.48                      0.51  -0.03     0.14
  SINCE SEP 1      0.48                      0.51  -0.03     0.14
  SINCE JAN 1     21.43                     18.22   3.21     9.31

..................................................................

THE MCCOOK NE CLIMATE NORMALS FOR TOMORROW
                         NORMAL    RECORD    YEAR
 MAXIMUM TEMPERATURE (F)   82       103      1927
 MINIMUM TEMPERATURE (F)   52        38      1989

-  INDICATES NEGATIVE NUMBERS.
R  INDICATES RECORD WAS SET OR TIED.
MM INDICATES DATA IS MISSING.
T  INDICATES TRACE AMOUNT.

$$
