000
CDUS43 KGLD 180744 RRA
CLIMCK

CLIMATE REPORT
NATIONAL WEATHER SERVICE GOODLAND
140 AM MDT WED MAY 18 2016

...................................

...THE MCCOOK NE CLIMATE SUMMARY FOR MAY 17 2016...

CLIMATE NORMAL PERIOD 1981 TO 2010
CLIMATE RECORD PERIOD 1896 TO 2016


WEATHER ITEM   OBSERVED TIME   RECORD YEAR NORMAL DEPARTURE LAST
                VALUE   (LST)  VALUE       VALUE  FROM      YEAR
                                                  NORMAL
..................................................................
TEMPERATURE (F)
 YESTERDAY
  MAXIMUM         66    542 PM 104    1927  74     -8       79
  MINIMUM         45    629 AM  32    1930  46     -1       49
  AVERAGE         56                        60     -4       64

PRECIPITATION (IN)
  YESTERDAY        0.00                      0.10  -0.10     0.05
  MONTH TO DATE    0.83                      1.62  -0.79     1.24
  SINCE MAR 1      7.41                      5.29   2.12     3.22
  SINCE JAN 1      8.42                      6.42   2.00     3.56

..................................................................


THE MCCOOK NE CLIMATE NORMALS FOR TODAY
                         NORMAL    RECORD    YEAR
 MAXIMUM TEMPERATURE (F)   74        99      1996
 MINIMUM TEMPERATURE (F)   47        31      1910



-  INDICATES NEGATIVE NUMBERS.
R  INDICATES RECORD WAS SET OR TIED.
MM INDICATES DATA IS MISSING.
T  INDICATES TRACE AMOUNT.

$$
