000
CDUS43 KGLD 030739
CLIMCK

CLIMATE REPORT
NATIONAL WEATHER SERVICE GOODLAND
136 AM MDT THU APR 3 2014

...................................

...THE MCCOOK NE CLIMATE SUMMARY FOR APRIL 2 2014...

CLIMATE NORMAL PERIOD 1981 TO 2010
CLIMATE RECORD PERIOD 1896 TO 2014

WEATHER ITEM   OBSERVED TIME   RECORD YEAR NORMAL DEPARTURE LAST
                VALUE   (LST)  VALUE       VALUE  FROM      YEAR
                                                  NORMAL
..................................................................
TEMPERATURE (F)
 YESTERDAY
  MAXIMUM         46    438 PM  90    1996  60    -14       52
  MINIMUM         31    537 AM   0    1936  29      2       27
  AVERAGE         39                        45     -6       40

PRECIPITATION (IN)
  YESTERDAY        0.00                      0.06  -0.06     0.00
  MONTH TO DATE    0.00                      0.11  -0.11     0.00
  SINCE MAR 1      0.26                      1.47  -1.21     0.67
  SINCE JAN 1      0.75                      2.60  -1.85     1.84

..................................................................

THE MCCOOK NE CLIMATE NORMALS FOR TODAY
                         NORMAL    RECORD    YEAR
 MAXIMUM TEMPERATURE (F)   60        90      1929
 MINIMUM TEMPERATURE (F)   30        10      1936

-  INDICATES NEGATIVE NUMBERS.
R  INDICATES RECORD WAS SET OR TIED.
MM INDICATES DATA IS MISSING.
T  INDICATES TRACE AMOUNT.

$$
