000
CDUS43 KGLD 160751 RRA
CLIMCK

CLIMATE REPORT
NATIONAL WEATHER SERVICE GOODLAND
145 AM MDT SAT APR 16 2016


...................................

...THE MCCOOK NE CLIMATE SUMMARY FOR APRIL 15 2016...

CLIMATE NORMAL PERIOD 1981 TO 2010
CLIMATE RECORD PERIOD 1896 TO 2016


WEATHER ITEM   OBSERVED TIME   RECORD YEAR NORMAL DEPARTURE LAST
                VALUE   (LST)  VALUE       VALUE  FROM      YEAR
                                                  NORMAL
..................................................................
TEMPERATURE (F)
 YESTERDAY
  MAXIMUM         69   1243 PM  97    2002  64      5       73
  MINIMUM         52   1159 PM  19    1983  34     18       41
  AVERAGE         61                        49     12       57

PRECIPITATION (IN)
  YESTERDAY        0.43                      0.08   0.35     0.30
  MONTH TO DATE    0.43                      0.95  -0.52     0.71
  SINCE MAR 1      0.91                      2.31  -1.40     0.74
  SINCE JAN 1      1.92                      3.44  -1.52     1.08

..................................................................


THE MCCOOK NE CLIMATE NORMALS FOR TODAY
                         NORMAL    RECORD    YEAR
 MAXIMUM TEMPERATURE (F)   65        90      1964
 MINIMUM TEMPERATURE (F)   35        18      1951


-  INDICATES NEGATIVE NUMBERS.
R  INDICATES RECORD WAS SET OR TIED.
MM INDICATES DATA IS MISSING.
T  INDICATES TRACE AMOUNT.

$$
