000
CDUS43 KGLD 240044
CLIMCK

CLIMATE REPORT
NATIONAL WEATHER SERVICE GOODLAND
638 PM MDT TUE SEP 23 2014

...................................

...THE MCCOOK NE CLIMATE SUMMARY FOR SEPTEMBER 23 2014...
VALID TODAY AS OF 0600 PM LOCAL TIME.

CLIMATE NORMAL PERIOD 1981 TO 2010
CLIMATE RECORD PERIOD 1896 TO 2014

WEATHER ITEM   OBSERVED TIME   RECORD YEAR NORMAL DEPARTURE LAST
                VALUE   (LST)  VALUE       VALUE  FROM      YEAR
                                                  NORMAL
..................................................................
TEMPERATURE (F)
 TODAY
  MAXIMUM         85    414 PM  98    1954  76      9       71
  MINIMUM         54    649 AM  29    1909  46      8       57
  AVERAGE         70                        61      9       64

PRECIPITATION (IN)
  TODAY            0.03                      0.05  -0.02      T
  MONTH TO DATE    1.55                      1.11   0.44     1.07
  SINCE SEP 1      1.55                      1.11   0.44     1.07
  SINCE JAN 1     22.50                     18.82   3.68    10.24

..................................................................

THE MCCOOK NE CLIMATE NORMALS FOR TOMORROW
                         NORMAL    RECORD    YEAR
 MAXIMUM TEMPERATURE (F)   76        96      2005
                                             1958
 MINIMUM TEMPERATURE (F)   45        25      1909

-  INDICATES NEGATIVE NUMBERS.
R  INDICATES RECORD WAS SET OR TIED.
MM INDICATES DATA IS MISSING.
T  INDICATES TRACE AMOUNT.

$$
