000
CDUS43 KGLD 160813
CLIMCK

CLIMATE REPORT
NATIONAL WEATHER SERVICE GOODLAND
138 AM MDT TUE AUG 16 2016

...................................

...THE MCCOOK NE CLIMATE SUMMARY FOR AUGUST 15 2016...

CLIMATE NORMAL PERIOD 1981 TO 2010
CLIMATE RECORD PERIOD 1896 TO 2016

WEATHER ITEM   OBSERVED TIME   RECORD YEAR NORMAL DEPARTURE LAST
                VALUE   (LST)  VALUE       VALUE  FROM      YEAR
                                                  NORMAL
..................................................................
TEMPERATURE (F)
 YESTERDAY
  MAXIMUM         96    335 PM 108    1936  88      8       94
  MINIMUM         58    611 AM  51    2004  61     -3       70
                                      1992
  AVERAGE         77                        74      3       82

PRECIPITATION (IN)
  YESTERDAY        0.00                      0.11  -0.11     0.00
  MONTH TO DATE    1.43                      1.75  -0.32     2.37
  SINCE JUN 1      6.66                      8.38  -1.72     8.81
  SINCE JAN 1     16.86                     16.32   0.54    14.97

..................................................................

THE MCCOOK NE CLIMATE NORMALS FOR TODAY
                         NORMAL    RECORD    YEAR
 MAXIMUM TEMPERATURE (F)   88       107      1937
 MINIMUM TEMPERATURE (F)   60        52      2012
                                             1927

-  INDICATES NEGATIVE NUMBERS.
R  INDICATES RECORD WAS SET OR TIED.
MM INDICATES DATA IS MISSING.
T  INDICATES TRACE AMOUNT.

$$
