000
CDUS43 KGLD 190040
CLIMCK

CLIMATE REPORT
NATIONAL WEATHER SERVICE GOODLAND
535 PM MST TUE NOV 18 2014


...................................

...THE MCCOOK NE CLIMATE SUMMARY FOR NOVEMBER 18 2014...
VALID TODAY AS OF 0500 PM LOCAL TIME.

CLIMATE NORMAL PERIOD 1981 TO 2010
CLIMATE RECORD PERIOD 1896 TO 2014


WEATHER ITEM   OBSERVED TIME   RECORD YEAR NORMAL DEPARTURE LAST
                VALUE   (LST)  VALUE       VALUE  FROM      YEAR
                                                  NORMAL
..................................................................
TEMPERATURE (F)
 TODAY
  MAXIMUM         56    310 PM  75    1981  51      5       62
  MINIMUM          1    508 AM  -1    1909  23    -22       19
  AVERAGE         29                        37     -8       41

PRECIPITATION (IN)
  TODAY            0.00                      0.02  -0.02     0.00
  MONTH TO DATE    T                         0.62  -0.62     0.48
  SINCE SEP 1      1.95                      3.85  -1.90     3.44
  SINCE JAN 1     22.90                     21.56   1.34    12.61

..................................................................


THE MCCOOK NE CLIMATE NORMALS FOR TOMORROW
                         NORMAL    RECORD    YEAR
 MAXIMUM TEMPERATURE (F)   50        80      2007
 MINIMUM TEMPERATURE (F)   23         5      1937



-  INDICATES NEGATIVE NUMBERS.
R  INDICATES RECORD WAS SET OR TIED.
MM INDICATES DATA IS MISSING.
T  INDICATES TRACE AMOUNT.

$$
