000
CDUS43 KGLD 230742
CLIMCK

CLIMATE REPORT
NATIONAL WEATHER SERVICE GOODLAND
138 AM MDT THU JUL 23 2015
...................................

...THE MCCOOK NE CLIMATE SUMMARY FOR JULY 22 2015...

CLIMATE NORMAL PERIOD 1981 TO 2010
CLIMATE RECORD PERIOD 1896 TO 2015

WEATHER ITEM   OBSERVED TIME   RECORD YEAR NORMAL DEPARTURE LAST
                VALUE   (LST)  VALUE       VALUE  FROM      YEAR
                                                  NORMAL
..................................................................
TEMPERATURE (F)
 YESTERDAY
  MAXIMUM         89    338 PM 110    1931  90     -1       93
  MINIMUM         66    656 AM  44    1909  62      4       66
  AVERAGE         78                        76      2       80

PRECIPITATION (IN)
  YESTERDAY        T                         0.10  -0.10     0.00
  MONTH TO DATE    1.40                      2.30  -0.90     1.72
  SINCE JUN 1      5.92                      5.68   0.24     9.77
  SINCE JAN 1     12.08                     13.62  -1.54    14.73

..................................................................

THE MCCOOK NE CLIMATE NORMALS FOR TODAY
                         NORMAL    RECORD    YEAR
 MAXIMUM TEMPERATURE (F)   90       106      1940
 MINIMUM TEMPERATURE (F)   62        44      1909

-  INDICATES NEGATIVE NUMBERS.
R  INDICATES RECORD WAS SET OR TIED.
MM INDICATES DATA IS MISSING.
T  INDICATES TRACE AMOUNT.

$$
