000
CDUS43 KGLD 270752 RRA
CLIMCK

CLIMATE REPORT
NATIONAL WEATHER SERVICE GOODLAND
147 AM MDT SAT JUN 27 2015
...................................

...THE MCCOOK NE CLIMATE SUMMARY FOR JUNE 26 2015...

CLIMATE NORMAL PERIOD 1981 TO 2010
CLIMATE RECORD PERIOD 1896 TO 2015

WEATHER ITEM   OBSERVED TIME   RECORD YEAR NORMAL DEPARTURE LAST
                VALUE   (LST)  VALUE       VALUE  FROM      YEAR
                                                  NORMAL
..................................................................
TEMPERATURE (F)
 YESTERDAY
  MAXIMUM         84    448 PM 115    2012  88     -4       85
  MINIMUM         62   1137 PM  45    1968  59      3       62
  AVERAGE         73                        74     -1       74

PRECIPITATION (IN)
  YESTERDAY        0.00                      0.12  -0.12     0.13
  MONTH TO DATE    4.52                      2.96   1.56     6.80
  SINCE JUN 1      4.52                      2.96   1.56     6.80
  SINCE JAN 1     10.68                     10.90  -0.22    11.76

..................................................................

THE MCCOOK NE CLIMATE NORMALS FOR TODAY
                         NORMAL    RECORD    YEAR
 MAXIMUM TEMPERATURE (F)   88       109      2012
 MINIMUM TEMPERATURE (F)   59        44      1985

-  INDICATES NEGATIVE NUMBERS.
R  INDICATES RECORD WAS SET OR TIED.
MM INDICATES DATA IS MISSING.
T  INDICATES TRACE AMOUNT.

$$
