000
CDUS43 KGLD 050743 RRA
CLIMCK

CLIMATE REPORT
NATIONAL WEATHER SERVICE GOODLAND
1238 AM MST FRI FEB 5 2016


...................................

...THE MCCOOK NE CLIMATE SUMMARY FOR FEBRUARY 4 2016...

CLIMATE NORMAL PERIOD 1981 TO 2010
CLIMATE RECORD PERIOD 1896 TO 2016


WEATHER ITEM   OBSERVED TIME   RECORD YEAR NORMAL DEPARTURE LAST
                VALUE   (LST)  VALUE       VALUE  FROM      YEAR
                                                  NORMAL
..................................................................
TEMPERATURE (F)
 YESTERDAY
  MAXIMUM         30    414 PM  74    1962  42    -12       35
  MINIMUM          5    804 AM -13    1989  15    -10       16
  AVERAGE         18                        29    -11       26

PRECIPITATION (IN)
  YESTERDAY        0.00                      0.01  -0.01      T
  MONTH TO DATE    0.03                      0.07  -0.04     0.01
  SINCE DEC 1      0.21                      1.22  -1.01     1.42
  SINCE JAN 1      0.05                      0.58  -0.53     0.13

..................................................................







THE MCCOOK NE CLIMATE NORMALS FOR TODAY
                         NORMAL    RECORD    YEAR
 MAXIMUM TEMPERATURE (F)   42        76      1933
 MINIMUM TEMPERATURE (F)   15       -17      1982



-  INDICATES NEGATIVE NUMBERS.
R  INDICATES RECORD WAS SET OR TIED.
MM INDICATES DATA IS MISSING.
T  INDICATES TRACE AMOUNT.




$$
