000
CDUS43 KGLD 150050
CLIMCK

CLIMATE REPORT
NATIONAL WEATHER SERVICE GOODLAND
647 PM MDT THU APR 14 2016
...................................

...THE MCCOOK NE CLIMATE SUMMARY FOR APRIL 14 2016...
VALID TODAY AS OF 0600 PM LOCAL TIME.

CLIMATE NORMAL PERIOD 1981 TO 2010
CLIMATE RECORD PERIOD 1896 TO 2016

WEATHER ITEM   OBSERVED TIME   RECORD YEAR NORMAL DEPARTURE LAST
                VALUE   (LST)  VALUE       VALUE  FROM      YEAR
                                                  NORMAL
..................................................................
TEMPERATURE (F)
 TODAY
  MAXIMUM         76    433 PM  92    1940  64     12       72
  MINIMUM         48    401 AM  14    1928  34     14       41
  AVERAGE         62                        49     13       57

PRECIPITATION (IN)
  TODAY            0.00                      0.07  -0.07     0.00
  MONTH TO DATE    T                         0.87  -0.87     0.41
  SINCE MAR 1      0.48                      2.23  -1.75     0.44
  SINCE JAN 1      1.49                      3.36  -1.87     0.78

..................................................................

THE MCCOOK NE CLIMATE NORMALS FOR TOMORROW
                         NORMAL    RECORD    YEAR
 MAXIMUM TEMPERATURE (F)   64        97      2002
 MINIMUM TEMPERATURE (F)   34        19      1983

-  INDICATES NEGATIVE NUMBERS.
R  INDICATES RECORD WAS SET OR TIED.
MM INDICATES DATA IS MISSING.
T  INDICATES TRACE AMOUNT.

$$
