000
CDUS43 KGLD 261139
CLIMCK

CLIMATE REPORT
NATIONAL WEATHER SERVICE GOODLAND
535 AM MDT SUN JUL 26 2015
...................................

...THE MCCOOK NE CLIMATE SUMMARY FOR JULY 25 2015...

CLIMATE NORMAL PERIOD 1981 TO 2010
CLIMATE RECORD PERIOD 1896 TO 2015

WEATHER ITEM   OBSERVED TIME   RECORD YEAR NORMAL DEPARTURE LAST
                VALUE   (LST)  VALUE       VALUE  FROM      YEAR
                                                  NORMAL
..................................................................
TEMPERATURE (F)
 YESTERDAY
  MAXIMUM         89    526 PM 113    1936  90     -1       97
  MINIMUM         69    828 AM  52    2004  62      7       64
                                      1986
  AVERAGE         79                        76      3       81

PRECIPITATION (IN)
  YESTERDAY        0.13                      0.10   0.03     0.00
  MONTH TO DATE    1.70                      2.61  -0.91     1.80
  SINCE JUN 1      6.22                      5.99   0.23     9.85
  SINCE JAN 1     12.38                     13.93  -1.55    14.81

..................................................................

THE MCCOOK NE CLIMATE NORMALS FOR TODAY
                         NORMAL    RECORD    YEAR
 MAXIMUM TEMPERATURE (F)   90       109      1910
 MINIMUM TEMPERATURE (F)   62        53      2004

-  INDICATES NEGATIVE NUMBERS.
R  INDICATES RECORD WAS SET OR TIED.
MM INDICATES DATA IS MISSING.
T  INDICATES TRACE AMOUNT.

$$
