000
CDUS43 KGLD 160744
CLIMCK

CLIMATE REPORT
NATIONAL WEATHER SERVICE GOODLAND
138 AM MDT FRI SEP 16 2016
...................................

...THE MCCOOK NE CLIMATE SUMMARY FOR SEPTEMBER 15 2016...

CLIMATE NORMAL PERIOD 1981 TO 2010
CLIMATE RECORD PERIOD 1896 TO 2016

WEATHER ITEM   OBSERVED TIME   RECORD YEAR NORMAL DEPARTURE LAST
                VALUE   (LST)  VALUE       VALUE  FROM      YEAR
                                                  NORMAL
..................................................................
TEMPERATURE (F)
 YESTERDAY
  MAXIMUM         84    414 PM 100    2015  80      4      100
                                      1955
  MINIMUM         55   1110 PM  30    1961  50      5       60
  AVERAGE         70                        65      5       80

PRECIPITATION (IN)
  YESTERDAY        T                         0.05  -0.05     0.12
  MONTH TO DATE    5.06                      0.74   4.32     0.39
  SINCE SEP 1      5.06                      0.74   4.32     0.39
  SINCE JAN 1     23.19                     18.45   4.74    15.47

..................................................................

THE MCCOOK NE CLIMATE NORMALS FOR TODAY
                         NORMAL    RECORD    YEAR
 MAXIMUM TEMPERATURE (F)   79        98      1955
 MINIMUM TEMPERATURE (F)   49        38      2012
                                             1993

-  INDICATES NEGATIVE NUMBERS.
R  INDICATES RECORD WAS SET OR TIED.
MM INDICATES DATA IS MISSING.
T  INDICATES TRACE AMOUNT.

$$
