000
CDUS43 KGLD 230037 RRB
CLIMCK

CLIMATE REPORT
NATIONAL WEATHER SERVICE GOODLAND
635 PM MDT FRI JUL 22 2016

...................................

...THE MCCOOK NE CLIMATE SUMMARY FOR JULY 22 2016...
VALID TODAY AS OF 0600 PM LOCAL TIME.

CLIMATE NORMAL PERIOD 1981 TO 2010
CLIMATE RECORD PERIOD 1896 TO 2016


WEATHER ITEM   OBSERVED TIME   RECORD YEAR NORMAL DEPARTURE LAST
                VALUE   (LST)  VALUE       VALUE  FROM      YEAR
                                                  NORMAL
..................................................................
TEMPERATURE (F)
 TODAY
  MAXIMUM        102    240 PM 110    1931  90     12       89
  MINIMUM         71    518 AM  44    1909  62      9       66
  AVERAGE         87                        76     11       78

PRECIPITATION (IN)
  TODAY            0.00                      0.10  -0.10      T
  MONTH TO DATE    1.28                      2.30  -1.02     1.40
  SINCE JUN 1      4.13                      5.68  -1.55     5.92
  SINCE JAN 1     14.33                     13.62   0.71    12.08

..................................................................


THE MCCOOK NE CLIMATE NORMALS FOR TOMORROW
                         NORMAL    RECORD    YEAR
 MAXIMUM TEMPERATURE (F)   90       106      1940
 MINIMUM TEMPERATURE (F)   62        44      1909


-  INDICATES NEGATIVE NUMBERS.
R  INDICATES RECORD WAS SET OR TIED.
MM INDICATES DATA IS MISSING.
T  INDICATES TRACE AMOUNT.


$$
