000
CDUS43 KGLD 130040
CLIMCK

CLIMATE REPORT
NATIONAL WEATHER SERVICE GOODLAND
639 PM MDT TUE AUG 12 2014

...................................

...THE MCCOOK NE CLIMATE SUMMARY FOR AUGUST 12 2014...
VALID TODAY AS OF 0600 PM LOCAL TIME.

CLIMATE NORMAL PERIOD 1981 TO 2010
CLIMATE RECORD PERIOD 1896 TO 2014

WEATHER ITEM   OBSERVED TIME   RECORD YEAR NORMAL DEPARTURE LAST
                VALUE   (LST)  VALUE       VALUE  FROM      YEAR
                                                  NORMAL
..................................................................
TEMPERATURE (F)
 TODAY
  MAXIMUM         87    450 PM 106    2000  88     -1       85
  MINIMUM         59    645 AM  45    1964  61     -2       60
  AVERAGE         73                        75     -2       73

PRECIPITATION (IN)
  TODAY            0.00                      0.11  -0.11     0.32
  MONTH TO DATE    1.69                      1.42   0.27     1.03
  SINCE JUN 1     11.86                      8.05   3.81     3.82
  SINCE JAN 1     16.82                     15.99   0.83     8.71

..................................................................

THE MCCOOK NE CLIMATE NORMALS FOR TOMORROW
                         NORMAL    RECORD    YEAR
 MAXIMUM TEMPERATURE (F)   88       106      1969
 MINIMUM TEMPERATURE (F)   61        42      1920

-  INDICATES NEGATIVE NUMBERS.
R  INDICATES RECORD WAS SET OR TIED.
MM INDICATES DATA IS MISSING.
T  INDICATES TRACE AMOUNT.

$$
