000
CDUS43 KGLD 190039 RRB
CLIMCK

CLIMATE REPORT
NATIONAL WEATHER SERVICE GOODLAND
636 PM MDT MON SEP 18 2017

...................................

...THE MCCOOK NE CLIMATE SUMMARY FOR SEPTEMBER 18 2017...
VALID TODAY AS OF 0600 PM LOCAL TIME.

CLIMATE NORMAL PERIOD 1981 TO 2010
CLIMATE RECORD PERIOD 1896 TO 2017


WEATHER ITEM   OBSERVED TIME   RECORD YEAR NORMAL DEPARTURE LAST
                VALUE   (LST)  VALUE       VALUE  FROM      YEAR
                                                  NORMAL
..................................................................
TEMPERATURE (F)
 TODAY
  MAXIMUM         84    450 PM 101    2004  79      5       90
  MINIMUM         58    546 AM  32    1912  48     10       46
  AVERAGE         71                        63      8       68

PRECIPITATION (IN)
  TODAY            0.06                      0.04   0.02     0.00
  MONTH TO DATE    0.16                      0.87  -0.71     5.63
  SINCE SEP 1      0.16                      0.87  -0.71     5.63
  SINCE JAN 1     14.27                     18.58  -4.31    23.76

..................................................................


THE MCCOOK NE CLIMATE NORMALS FOR TOMORROW
                         NORMAL    RECORD    YEAR
 MAXIMUM TEMPERATURE (F)   78        99      1972
 MINIMUM TEMPERATURE (F)   48        31      2003
                                             1971


-  INDICATES NEGATIVE NUMBERS.
R  INDICATES RECORD WAS SET OR TIED.
MM INDICATES DATA IS MISSING.
T  INDICATES TRACE AMOUNT.


$$
