000
CDUS43 KGLD 280739 RRA
CLIMCK

CLIMATE REPORT
NATIONAL WEATHER SERVICE GOODLAND
136 AM MDT WED SEP 28 2016

...................................

...THE MCCOOK NE CLIMATE SUMMARY FOR SEPTEMBER 27 2016...

CLIMATE NORMAL PERIOD 1981 TO 2010
CLIMATE RECORD PERIOD 1896 TO 2016

WEATHER ITEM   OBSERVED TIME   RECORD YEAR NORMAL DEPARTURE LAST
                VALUE   (LST)  VALUE       VALUE  FROM      YEAR
                                                  NORMAL
..................................................................
TEMPERATURE (F)
 YESTERDAY
  MAXIMUM         86    500 PM  95    1956  74     12       89
  MINIMUM         43    552 AM  31    1996  44     -1       56
  AVERAGE         65                        59      6       73

PRECIPITATION (IN)
  YESTERDAY        0.00                      0.05  -0.05     0.00
  MONTH TO DATE    5.63                      1.30   4.33     1.06
  SINCE SEP 1      5.63                      1.30   4.33     1.06
  SINCE JAN 1     23.76                     19.01   4.75    16.14

..................................................................

THE MCCOOK NE CLIMATE NORMALS FOR TODAY
                         NORMAL    RECORD    YEAR
 MAXIMUM TEMPERATURE (F)   74        96      1953
 MINIMUM TEMPERATURE (F)   43        29      1951

-  INDICATES NEGATIVE NUMBERS.
R  INDICATES RECORD WAS SET OR TIED.
MM INDICATES DATA IS MISSING.
T  INDICATES TRACE AMOUNT.

$$
