000
CDUS43 KGLD 310044 RRA
CLIMCK

CLIMATE REPORT
NATIONAL WEATHER SERVICE GOODLAND
539 PM MST FRI JAN 30 2015


...................................

...THE MCCOOK NE CLIMATE SUMMARY FOR JANUARY 30 2015...
VALID TODAY AS OF 0500 PM LOCAL TIME.

CLIMATE NORMAL PERIOD 1981 TO 2010
CLIMATE RECORD PERIOD 1896 TO 2015


WEATHER ITEM   OBSERVED TIME   RECORD YEAR NORMAL DEPARTURE LAST
                VALUE   (LST)  VALUE       VALUE  FROM      YEAR
                                                  NORMAL
..................................................................
TEMPERATURE (F)
 TODAY
  MAXIMUM         49    351 PM  70    2012  41      8       52
                                      1971
  MINIMUM         20    626 AM -16    1918  15      5       22
  AVERAGE         35                        28      7       37

PRECIPITATION (IN)
  TODAY            T                         0.02  -0.02     0.06
  MONTH TO DATE    0.01                      0.49  -0.48     0.07
  SINCE DEC 1      1.30                      1.13   0.17     0.29
  SINCE JAN 1      0.01                      0.49  -0.48     0.07

..................................................................


THE MCCOOK NE CLIMATE NORMALS FOR TOMORROW
                         NORMAL    RECORD    YEAR
 MAXIMUM TEMPERATURE (F)   42        76      1989
 MINIMUM TEMPERATURE (F)   15       -18      1918


-  INDICATES NEGATIVE NUMBERS.
R  INDICATES RECORD WAS SET OR TIED.
MM INDICATES DATA IS MISSING.
T  INDICATES TRACE AMOUNT.

$$
