000
CDUS43 KGLD 160757 RRA
CLIMCK

WRKCLIMCK 000
TTAA00 KGLD 160755

CLIMATE REPORT
NATIONAL WEATHER SERVICE GOODLAND
153 AM MDT SAT MAY 16 2015

...................................

...THE MCCOOK NE CLIMATE SUMMARY FOR MAY 15 2015...

CLIMATE NORMAL PERIOD 1981 TO 2010
CLIMATE RECORD PERIOD 1896 TO 2015


WEATHER ITEM   OBSERVED TIME   RECORD YEAR NORMAL DEPARTURE LAST
                VALUE   (LST)  VALUE       VALUE  FROM      YEAR
                                                  NORMAL
..................................................................
TEMPERATURE (F)
 YESTERDAY
  MAXIMUM         82    316 PM 101    1931  73      9       66
  MINIMUM         59    247 AM  30    1983  46     13       37
  AVERAGE         71                        59     12       52

PRECIPITATION (IN)
  YESTERDAY        0.01                      0.09  -0.08      T
  MONTH TO DATE    0.94                      1.42  -0.48     0.11
  SINCE MAR 1      2.92                      5.09  -2.17     1.48
  SINCE JAN 1      3.26                      6.22  -2.96     1.97

..................................................................

THE MCCOOK NE CLIMATE NORMALS FOR TODAY
                         NORMAL    RECORD    YEAR
 MAXIMUM TEMPERATURE (F)   73        94      1944
 MINIMUM TEMPERATURE (F)   46        27      1912

-  INDICATES NEGATIVE NUMBERS.
R  INDICATES RECORD WAS SET OR TIED.
MM INDICATES DATA IS MISSING.
T  INDICATES TRACE AMOUNT.

$$
