000
CDUS43 KGLD 090052
CLIMCK

CLIMATE REPORT
NATIONAL WEATHER SERVICE GOODLAND
648 PM MDT TUE APR 8 2014


...................................

...THE MCCOOK NE CLIMATE SUMMARY FOR APRIL 8 2014...
VALID TODAY AS OF 0600 PM LOCAL TIME.

CLIMATE NORMAL PERIOD 1981 TO 2010
CLIMATE RECORD PERIOD 1896 TO 2014


WEATHER ITEM   OBSERVED TIME   RECORD YEAR NORMAL DEPARTURE LAST
                VALUE   (LST)  VALUE       VALUE  FROM      YEAR
                                                  NORMAL
..................................................................
TEMPERATURE (F)
 TODAY
  MAXIMUM         67    418 PM  93    1978  62      5       72
  MINIMUM         26    638 AM  12    1914  31     -5       35
  AVERAGE         47                        47      0       54

PRECIPITATION (IN)
  TODAY            0.00                      0.06  -0.06     0.64
  MONTH TO DATE    0.19                      0.44  -0.25     0.68
  SINCE MAR 1      0.45                      1.80  -1.35     1.35
  SINCE JAN 1      0.94                      2.93  -1.99     2.52

..................................................................


THE MCCOOK NE CLIMATE NORMALS FOR TOMORROW
                         NORMAL    RECORD    YEAR
 MAXIMUM TEMPERATURE (F)   62        95      1930
 MINIMUM TEMPERATURE (F)   32        15      1982


-  INDICATES NEGATIVE NUMBERS.
R  INDICATES RECORD WAS SET OR TIED.
MM INDICATES DATA IS MISSING.
T  INDICATES TRACE AMOUNT.

$$
