602
CDUS43 KGLD 210045
CLIMCK

CLIMATE REPORT
NATIONAL WEATHER SERVICE GOODLAND
640 PM MDT SAT AUG 20 2016


...................................

...THE MCCOOK NE CLIMATE SUMMARY FOR AUGUST 20 2016...
VALID TODAY AS OF 0600 PM LOCAL TIME.

CLIMATE NORMAL PERIOD 1981 TO 2010
CLIMATE RECORD PERIOD 1896 TO 2016


WEATHER ITEM   OBSERVED TIME   RECORD YEAR NORMAL DEPARTURE LAST
                VALUE   (LST)  VALUE       VALUE  FROM      YEAR
                                                  NORMAL
..................................................................
TEMPERATURE (F)
 TODAY
  MAXIMUM         78    455 PM 103    1974  87     -9       89
  MINIMUM         49    615 AM  48    1950  60    -11       50
  AVERAGE         64                        73     -9       70

PRECIPITATION (IN)
  TODAY            0.00                      0.09  -0.09     0.00
  MONTH TO DATE    1.72                      2.27  -0.55     2.48
  SINCE JUN 1      6.95                      8.90  -1.95     8.92
  SINCE JAN 1     17.15                     16.84   0.31    15.08

..................................................................







THE MCCOOK NE CLIMATE NORMALS FOR TOMORROW
                         NORMAL    RECORD    YEAR
 MAXIMUM TEMPERATURE (F)   87       104      1929
 MINIMUM TEMPERATURE (F)   59        48      1950



-  INDICATES NEGATIVE NUMBERS.
R  INDICATES RECORD WAS SET OR TIED.
MM INDICATES DATA IS MISSING.
T  INDICATES TRACE AMOUNT.




$$
