000
CDUS43 KGLD 240759
CLIMCK

CLIMATE REPORT
NATIONAL WEATHER SERVICE GOODLAND
155 AM MDT FRI JUL 24 2015

...................................

...THE MCCOOK NE CLIMATE SUMMARY FOR JULY 23 2015...

CLIMATE NORMAL PERIOD 1981 TO 2010
CLIMATE RECORD PERIOD 1896 TO 2015

WEATHER ITEM   OBSERVED TIME   RECORD YEAR NORMAL DEPARTURE LAST
                VALUE   (LST)  VALUE       VALUE  FROM      YEAR
                                                  NORMAL
..................................................................
TEMPERATURE (F)
 YESTERDAY
  MAXIMUM         98    357 PM 106    1940  90      8       86
  MINIMUM         64    516 AM  44    1909  62      2       66
  AVERAGE         81                        76      5       76

PRECIPITATION (IN)
  YESTERDAY        0.16                      0.10   0.06     0.08
  MONTH TO DATE    1.56                      2.40  -0.84     1.80
  SINCE JUN 1      6.08                      5.78   0.30     9.85
  SINCE JAN 1     12.24                     13.72  -1.48    14.81

..................................................................

THE MCCOOK NE CLIMATE NORMALS FOR TODAY
                         NORMAL    RECORD    YEAR
 MAXIMUM TEMPERATURE (F)   90       111      1936
 MINIMUM TEMPERATURE (F)   62        51      1924

-  INDICATES NEGATIVE NUMBERS.
R  INDICATES RECORD WAS SET OR TIED.
MM INDICATES DATA IS MISSING.
T  INDICATES TRACE AMOUNT.

$$
