000
CDUS43 KGLD 260048
CLIMCK

CLIMATE REPORT
NATIONAL WEATHER SERVICE GOODLAND
545 PM MST WED FEB 25 2015

...................................

...THE MCCOOK NE CLIMATE SUMMARY FOR FEBRUARY 25 2015...
VALID TODAY AS OF 0500 PM LOCAL TIME.

CLIMATE NORMAL PERIOD 1981 TO 2010
CLIMATE RECORD PERIOD 1896 TO 2015

WEATHER ITEM   OBSERVED TIME   RECORD YEAR NORMAL DEPARTURE LAST
                VALUE   (LST)  VALUE       VALUE  FROM      YEAR
                                                  NORMAL
..................................................................
TEMPERATURE (F)
 TODAY
  MAXIMUM         52   1133 AM  77    1986  48      4       14
  MINIMUM         27    315 AM -17    1960  20      7        3
  AVERAGE         40                        34      6        9

PRECIPITATION (IN)
  TODAY            0.00                      0.03  -0.03     0.01
  MONTH TO DATE    0.22                      0.54  -0.32     0.29
  SINCE DEC 1      1.63                      1.69  -0.06     0.71
  SINCE JAN 1      0.34                      1.05  -0.71     0.49

..................................................................

THE MCCOOK NE CLIMATE NORMALS FOR TOMORROW
                         NORMAL    RECORD    YEAR
 MAXIMUM TEMPERATURE (F)   48        74      1933
 MINIMUM TEMPERATURE (F)   20       -12      1934

-  INDICATES NEGATIVE NUMBERS.
R  INDICATES RECORD WAS SET OR TIED.
MM INDICATES DATA IS MISSING.
T  INDICATES TRACE AMOUNT.

$$
