000
CDUS43 KGLD 260042 RRA
CLIMCK

CLIMATE REPORT
NATIONAL WEATHER SERVICE GOODLAND
637 PM MDT THU JUN 25 2015

...................................

...THE MCCOOK NE CLIMATE SUMMARY FOR JUNE 25 2015...
VALID TODAY AS OF 0600 PM LOCAL TIME.

CLIMATE NORMAL PERIOD 1981 TO 2010
CLIMATE RECORD PERIOD 1896 TO 2015


WEATHER ITEM   OBSERVED TIME   RECORD YEAR NORMAL DEPARTURE LAST
                VALUE   (LST)  VALUE       VALUE  FROM      YEAR
                                                  NORMAL
..................................................................
TEMPERATURE (F)
 TODAY
  MAXIMUM         89    251 PM 106    1954  88      1       87
  MINIMUM         64    451 AM  45    1928  59      5       59
  AVERAGE         77                        73      4       73

PRECIPITATION (IN)
  TODAY            0.00                      0.11  -0.11     0.92
  MONTH TO DATE    4.42                      2.84   1.58     6.67
  SINCE JUN 1      4.42                      2.84   1.58     6.67
  SINCE JAN 1     10.58                     10.78  -0.20    11.63

..................................................................


THE MCCOOK NE CLIMATE NORMALS FOR TOMORROW
                         NORMAL    RECORD    YEAR
 MAXIMUM TEMPERATURE (F)   88       115      2012
 MINIMUM TEMPERATURE (F)   59        45      1968



-  INDICATES NEGATIVE NUMBERS.
R  INDICATES RECORD WAS SET OR TIED.
MM INDICATES DATA IS MISSING.
T  INDICATES TRACE AMOUNT.

$$
