000
CDUS43 KGLD 200052
CLIMCK

CLIMATE REPORT
NATIONAL WEATHER SERVICE GOODLAND
643 PM MDT THU MAR 19 2015

...................................

...THE MCCOOK NE CLIMATE SUMMARY FOR MARCH 19 2015...
VALID TODAY AS OF 0600 PM LOCAL TIME.

CLIMATE NORMAL PERIOD 1981 TO 2010
CLIMATE RECORD PERIOD 1896 TO 2015


WEATHER ITEM   OBSERVED TIME   RECORD YEAR NORMAL DEPARTURE LAST
                VALUE   (LST)  VALUE       VALUE  FROM      YEAR
                                                  NORMAL
..................................................................
TEMPERATURE (F)
 TODAY
  MAXIMUM         66    446 PM  87    2004  55     11       56
  MINIMUM         33    547 AM  -2    1923  25      8       28
  AVERAGE         50                        40     10       42

PRECIPITATION (IN)
  TODAY            T                         0.05  -0.05     0.00
  MONTH TO DATE    0.01                      0.77  -0.76     0.20
  SINCE MAR 1      0.01                      0.77  -0.76     0.20
  SINCE JAN 1      0.35                      1.90  -1.55     0.69

..................................................................

THE MCCOOK NE CLIMATE NORMALS FOR TOMORROW
                         NORMAL    RECORD    YEAR
 MAXIMUM TEMPERATURE (F)   56        85      1997
 MINIMUM TEMPERATURE (F)   26         3      1965


-  INDICATES NEGATIVE NUMBERS.
R  INDICATES RECORD WAS SET OR TIED.
MM INDICATES DATA IS MISSING.
T  INDICATES TRACE AMOUNT.


$$
