000
CDUS43 KGLD 240742
CLIMCK

CLIMATE REPORT
NATIONAL WEATHER SERVICE GOODLAND
137 AM MDT THU JUL 24 2014


...................................

...THE MCCOOK NE CLIMATE SUMMARY FOR JULY 23 2014...

CLIMATE NORMAL PERIOD 1981 TO 2010
CLIMATE RECORD PERIOD 1896 TO 2014


WEATHER ITEM   OBSERVED TIME   RECORD YEAR NORMAL DEPARTURE LAST
                VALUE   (LST)  VALUE       VALUE  FROM      YEAR
                                                  NORMAL
..................................................................
TEMPERATURE (F)
 YESTERDAY
  MAXIMUM         86    427 PM 106    1940  90     -4       94
  MINIMUM         66   1111 AM  44    1909  62      4       67
  AVERAGE         76                        76      0       81

PRECIPITATION (IN)
  YESTERDAY        0.08                      0.10  -0.02     0.00
  MONTH TO DATE    1.80                      2.40  -0.60     1.35
  SINCE JUN 1      9.85                      5.78   4.07     2.45
  SINCE JAN 1     14.81                     13.72   1.09     7.34

..................................................................


THE MCCOOK NE CLIMATE NORMALS FOR TODAY
                         NORMAL    RECORD    YEAR
 MAXIMUM TEMPERATURE (F)   90       111      1936
 MINIMUM TEMPERATURE (F)   62        51      1924



-  INDICATES NEGATIVE NUMBERS.
R  INDICATES RECORD WAS SET OR TIED.
MM INDICATES DATA IS MISSING.
T  INDICATES TRACE AMOUNT.




$$
