000
CDUS43 KGLD 160059
CLIMCK

CLIMATE REPORT
NATIONAL WEATHER SERVICE GOODLAND
653 PM MDT FRI JUL 15 2016
...................................

...THE MCCOOK NE CLIMATE SUMMARY FOR JULY 15 2016...
VALID TODAY AS OF 0600 PM LOCAL TIME.

CLIMATE NORMAL PERIOD 1981 TO 2010
CLIMATE RECORD PERIOD 1896 TO 2016

WEATHER ITEM   OBSERVED TIME   RECORD YEAR NORMAL DEPARTURE LAST
                VALUE   (LST)  VALUE       VALUE  FROM      YEAR
                                                  NORMAL
..................................................................
TEMPERATURE (F)
 TODAY
  MAXIMUM         78    459 PM 112    1925  90    -12       85
  MINIMUM         61   1153 AM  47    2014  62     -1       67
  AVERAGE         70                        76     -6       76

PRECIPITATION (IN)
  TODAY            0.05                      0.10  -0.05     0.43
  MONTH TO DATE    1.12                      1.60  -0.48     1.35
  SINCE JUN 1      3.97                      4.98  -1.01     5.87
  SINCE JAN 1     14.17                     12.92   1.25    12.03

..................................................................

THE MCCOOK NE CLIMATE NORMALS FOR TOMORROW
                         NORMAL    RECORD    YEAR
 MAXIMUM TEMPERATURE (F)   90       110      2006
 MINIMUM TEMPERATURE (F)   62        50      1917

-  INDICATES NEGATIVE NUMBERS.
R  INDICATES RECORD WAS SET OR TIED.
MM INDICATES DATA IS MISSING.
T  INDICATES TRACE AMOUNT.

$$
