000
CDUS43 KGLD 120742 RRB
CLIMCK

CLIMATE REPORT
NATIONAL WEATHER SERVICE GOODLAND
139 AM MDT THU MAY 12 2016

...................................

...THE MCCOOK NE CLIMATE SUMMARY FOR MAY 11 2016...

CLIMATE NORMAL PERIOD 1981 TO 2010
CLIMATE RECORD PERIOD 1896 TO 2016


WEATHER ITEM   OBSERVED TIME   RECORD YEAR NORMAL DEPARTURE LAST
                VALUE   (LST)  VALUE       VALUE  FROM      YEAR
                                                  NORMAL
..................................................................
TEMPERATURE (F)
 YESTERDAY
  MAXIMUM         67    412 PM 102    1962  72     -5       62
  MINIMUM         45    449 AM   1    2015  44      1       MM
  AVERAGE         56                        58     -2       MM

PRECIPITATION (IN)
  YESTERDAY        0.32                      0.09   0.23     0.00
  MONTH TO DATE    0.59                      1.04  -0.45     0.79
  SINCE MAR 1      7.17                      4.71   2.46     2.77
  SINCE JAN 1      8.18                      5.84   2.34     3.11

..................................................................


THE MCCOOK NE CLIMATE NORMALS FOR TODAY
                         NORMAL    RECORD    YEAR
 MAXIMUM TEMPERATURE (F)   72        99      1962
 MINIMUM TEMPERATURE (F)   45        29      2015
                                             1953


-  INDICATES NEGATIVE NUMBERS.
R  INDICATES RECORD WAS SET OR TIED.
MM INDICATES DATA IS MISSING.
T  INDICATES TRACE AMOUNT.


$$
