000
CDUS43 KGLD 010744
CLIMCK

CLIMATE REPORT
NATIONAL WEATHER SERVICE GOODLAND
139 AM MDT TUE APR 1 2014


...................................

...THE MCCOOK NE CLIMATE SUMMARY FOR MARCH 31 2014...

CLIMATE NORMAL PERIOD 1981 TO 2010
CLIMATE RECORD PERIOD 1896 TO 2014


WEATHER ITEM   OBSERVED TIME   RECORD YEAR NORMAL DEPARTURE LAST
                VALUE   (LST)  VALUE       VALUE  FROM      YEAR
                                                  NORMAL
..................................................................
TEMPERATURE (F)
 YESTERDAY
  MAXIMUM         63   1215 AM  91    1946  59      4       71
  MINIMUM         30   1150 PM   6    1931  29      1       32
  AVERAGE         47                        44      3       52

PRECIPITATION (IN)
  YESTERDAY        0.00                      0.05  -0.05     0.00
  MONTH TO DATE    0.16                      1.36  -1.20     0.67
  SINCE MAR 1      0.16                      1.36  -1.20     0.67
  SINCE JAN 1      0.65                      2.49  -1.84     1.84

..................................................................


THE MCCOOK NE CLIMATE NORMALS FOR TODAY
                         NORMAL    RECORD    YEAR
 MAXIMUM TEMPERATURE (F)   60        92      2012
 MINIMUM TEMPERATURE (F)   29        13      1949


-  INDICATES NEGATIVE NUMBERS.
R  INDICATES RECORD WAS SET OR TIED.
MM INDICATES DATA IS MISSING.
T  INDICATES TRACE AMOUNT.

$$
