000
CDUS43 KGLD 220041 RRA
CLIMCK

CLIMATE REPORT
NATIONAL WEATHER SERVICE GOODLAND
638 PM MDT TUE JUL 21 2015

...................................

...THE MCCOOK NE CLIMATE SUMMARY FOR JULY 21 2015...
VALID TODAY AS OF 0600 PM LOCAL TIME.

CLIMATE NORMAL PERIOD 1981 TO 2010
CLIMATE RECORD PERIOD 1896 TO 2015


WEATHER ITEM   OBSERVED TIME   RECORD YEAR NORMAL DEPARTURE LAST
                VALUE   (LST)  VALUE       VALUE  FROM      YEAR
                                                  NORMAL
..................................................................
TEMPERATURE (F)
 TODAY
  MAXIMUM         88    356 PM 107    2012  90     -2      100
  MINIMUM         58    510 AM  49    1915  62     -4       68
  AVERAGE         73                        76     -3       84

PRECIPITATION (IN)
  TODAY            0.00                      0.10  -0.10     0.00
  MONTH TO DATE    1.40                      2.20  -0.80     1.72
  SINCE JUN 1      5.92                      5.58   0.34     9.77
  SINCE JAN 1     12.08                     13.52  -1.44    14.73

..................................................................


THE MCCOOK NE CLIMATE NORMALS FOR TOMORROW
                         NORMAL    RECORD    YEAR
 MAXIMUM TEMPERATURE (F)   90       110      1931
 MINIMUM TEMPERATURE (F)   62        44      1909



-  INDICATES NEGATIVE NUMBERS.
R  INDICATES RECORD WAS SET OR TIED.
MM INDICATES DATA IS MISSING.
T  INDICATES TRACE AMOUNT.

$$
