000
CDUS43 KGLD 010044 RRB
CLIMCK

CLIMATE REPORT
NATIONAL WEATHER SERVICE GOODLAND
541 PM MST SAT DEC 31 2016

...................................

...THE MCCOOK NE CLIMATE SUMMARY FOR DECEMBER 31 2016...
VALID TODAY AS OF 0500 PM LOCAL TIME.

CLIMATE NORMAL PERIOD 1981 TO 2010
CLIMATE RECORD PERIOD 1896 TO 2016


WEATHER ITEM   OBSERVED TIME   RECORD YEAR NORMAL DEPARTURE LAST
                VALUE   (LST)  VALUE       VALUE  FROM      YEAR
                                                  NORMAL
..................................................................
TEMPERATURE (F)
 TODAY
  MAXIMUM         42    414 PM  65    1980  40      2       34
  MINIMUM         20    815 AM -18    1911  14      6       11
  AVERAGE         31                        27      4       23

PRECIPITATION (IN)
  TODAY            0.00                      0.02  -0.02     0.00
  MONTH TO DATE    0.34                      0.64  -0.30     0.16
  SINCE DEC 1      0.34                      0.64  -0.30     0.16
  SINCE JAN 1     24.73                     22.53   2.20    20.61

..................................................................


THE MCCOOK NE CLIMATE NORMALS FOR TOMORROW
                         NORMAL    RECORD    YEAR
 MAXIMUM TEMPERATURE (F)   40        71      1939
                                             1919
 MINIMUM TEMPERATURE (F)   14       -19      1924



-  INDICATES NEGATIVE NUMBERS.
R  INDICATES RECORD WAS SET OR TIED.
MM INDICATES DATA IS MISSING.
T  INDICATES TRACE AMOUNT.

$$
