000
CDUS43 KGLD 070039
CLIMCK

CLIMATE REPORT
NATIONAL WEATHER SERVICE GOODLAND
636 PM MDT SAT MAY 6 2017

...................................

...THE MCCOOK NE CLIMATE SUMMARY FOR MAY 6 2017...
VALID TODAY AS OF 0600 PM LOCAL TIME.

CLIMATE NORMAL PERIOD 1981 TO 2010
CLIMATE RECORD PERIOD 1896 TO 2017


WEATHER ITEM   OBSERVED TIME   RECORD YEAR NORMAL DEPARTURE LAST
                VALUE   (LST)  VALUE       VALUE  FROM      YEAR
                                                  NORMAL
..................................................................
TEMPERATURE (F)
 TODAY
  MAXIMUM         88    229 PM  98    1916  71     17       85
  MINIMUM         43    609 AM  29    1989  42      1       52
  AVERAGE         66                        56     10       69

PRECIPITATION (IN)
  TODAY            0.00                      0.10  -0.10     0.00
  MONTH TO DATE    0.01                      0.58  -0.57     0.05
  SINCE MAR 1      3.79                      4.25  -0.46     6.63
  SINCE JAN 1      4.49                      5.38  -0.89     7.64

..................................................................


THE MCCOOK NE CLIMATE NORMALS FOR TOMORROW
                         NORMAL    RECORD    YEAR
 MAXIMUM TEMPERATURE (F)   71        99      1916
 MINIMUM TEMPERATURE (F)   43        30      1917


-  INDICATES NEGATIVE NUMBERS.
R  INDICATES RECORD WAS SET OR TIED.
MM INDICATES DATA IS MISSING.
T  INDICATES TRACE AMOUNT.


$$
