000
CDUS43 KGLD 250743 RRA
CLIMCK

CLIMATE REPORT
NATIONAL WEATHER SERVICE GOODLAND
1239 AM MST WED FEB 25 2015

...................................

...THE MCCOOK NE CLIMATE SUMMARY FOR FEBRUARY 24 2015...

CLIMATE NORMAL PERIOD 1981 TO 2010
CLIMATE RECORD PERIOD 1896 TO 2015


WEATHER ITEM   OBSERVED TIME   RECORD YEAR NORMAL DEPARTURE LAST
                VALUE   (LST)  VALUE       VALUE  FROM      YEAR
                                                  NORMAL
..................................................................
TEMPERATURE (F)
 YESTERDAY
  MAXIMUM         55    439 PM  78    1958  47      8       40
  MINIMUM         13    422 AM -11    1960  19     -6       13
  AVERAGE         34                        33      1       27

PRECIPITATION (IN)
  YESTERDAY        0.00                      0.03  -0.03     0.00
  MONTH TO DATE    0.22                      0.51  -0.29     0.28
  SINCE DEC 1      1.63                      1.66  -0.03     0.70
  SINCE JAN 1      0.34                      1.02  -0.68     0.48

..................................................................

THE MCCOOK NE CLIMATE NORMALS FOR TODAY
                         NORMAL    RECORD    YEAR
 MAXIMUM TEMPERATURE (F)   48        77      1986
 MINIMUM TEMPERATURE (F)   20       -17      1960



-  INDICATES NEGATIVE NUMBERS.
R  INDICATES RECORD WAS SET OR TIED.
MM INDICATES DATA IS MISSING.
T  INDICATES TRACE AMOUNT.




$$
