000
CDUS43 KGLD 180744
CLIMCK

WRKCLIMCK 000
TTAA00 KGLD 180741

CLIMATE REPORT
NATIONAL WEATHER SERVICE GOODLAND
140 AM MDT MON MAY 18 2015

...................................

...THE MCCOOK NE CLIMATE SUMMARY FOR MAY 17 2015...

CLIMATE NORMAL PERIOD 1981 TO 2010
CLIMATE RECORD PERIOD 1896 TO 2015

WEATHER ITEM   OBSERVED TIME   RECORD YEAR NORMAL DEPARTURE LAST
                VALUE   (LST)  VALUE       VALUE  FROM      YEAR
                                                  NORMAL
..................................................................
TEMPERATURE (F)
 YESTERDAY
  MAXIMUM         79    320 PM 104    1927  74      5       56
  MINIMUM         49    551 AM  32    1930  46      3       34
  AVERAGE         64                        60      4       45

PRECIPITATION (IN)
  YESTERDAY        0.05                      0.10  -0.05      T
  MONTH TO DATE    1.24                      1.62  -0.38     0.14
  SINCE MAR 1      3.22                      5.29  -2.07     1.51
  SINCE JAN 1      3.56                      6.42  -2.86     2.00

..................................................................

THE MCCOOK NE CLIMATE NORMALS FOR TODAY
                         NORMAL    RECORD    YEAR
 MAXIMUM TEMPERATURE (F)   74        99      1996
 MINIMUM TEMPERATURE (F)   47        31      1910

-  INDICATES NEGATIVE NUMBERS.
R  INDICATES RECORD WAS SET OR TIED.
MM INDICATES DATA IS MISSING.
T  INDICATES TRACE AMOUNT.

$$
