000
CDUS43 KGLD 140759
CLIMCK

CLIMATE REPORT
NATIONAL WEATHER SERVICE GOODLAND
155 AM MDT MON JUL 14 2014

...................................

...THE MCCOOK NE CLIMATE SUMMARY FOR JULY 13 2014...

CLIMATE NORMAL PERIOD 1981 TO 2010
CLIMATE RECORD PERIOD 1896 TO 2014

WEATHER ITEM   OBSERVED TIME   RECORD YEAR NORMAL DEPARTURE LAST
                VALUE   (LST)  VALUE       VALUE  FROM      YEAR
                                                  NORMAL
..................................................................
TEMPERATURE (F)
 YESTERDAY
  MAXIMUM         90    157 PM 108    1954  90      0      106
  MINIMUM         64    545 AM  46    1987  62      2       71
  AVERAGE         77                        76      1       89

PRECIPITATION (IN)
  YESTERDAY        0.00                      0.11  -0.11     0.00
  MONTH TO DATE    0.97                      1.39  -0.42     0.73
  SINCE JUN 1      9.02                      4.77   4.25     1.83
  SINCE JAN 1     13.98                     12.71   1.27     6.72

..................................................................

THE MCCOOK NE CLIMATE NORMALS FOR TODAY
                         NORMAL    RECORD    YEAR
 MAXIMUM TEMPERATURE (F)   90       109      1934
 MINIMUM TEMPERATURE (F)   62        48      1990

-  INDICATES NEGATIVE NUMBERS.
R  INDICATES RECORD WAS SET OR TIED.
MM INDICATES DATA IS MISSING.
T  INDICATES TRACE AMOUNT.

$$
