000
CDUS43 KGLD 170049
CLIMCK

CLIMATE REPORT
NATIONAL WEATHER SERVICE GOODLAND
544 PM MST TUE DEC 16 2014


...................................

...THE MCCOOK NE CLIMATE SUMMARY FOR DECEMBER 16 2014...
VALID TODAY AS OF 0500 PM LOCAL TIME.

CLIMATE NORMAL PERIOD 1981 TO 2010
CLIMATE RECORD PERIOD 1896 TO 2014


WEATHER ITEM   OBSERVED TIME   RECORD YEAR NORMAL DEPARTURE LAST
                VALUE   (LST)  VALUE       VALUE  FROM      YEAR
                                                  NORMAL
..................................................................
TEMPERATURE (F)
 TODAY
  MAXIMUM         32    248 PM  69    1962  40     -8       62
  MINIMUM         17    704 AM -15    1989  15      2       25
  AVERAGE         25                        28     -3       44

PRECIPITATION (IN)
  TODAY            0.00                      0.02  -0.02     0.00
  MONTH TO DATE    0.84                      0.34   0.50     0.08
  SINCE DEC 1      0.84                      0.34   0.50     0.08
  SINCE JAN 1     23.74                     22.23   1.51    12.69

..................................................................


THE MCCOOK NE CLIMATE NORMALS FOR TOMORROW
                         NORMAL    RECORD    YEAR
 MAXIMUM TEMPERATURE (F)   40        74      1980
 MINIMUM TEMPERATURE (F)   14        -7      1989



-  INDICATES NEGATIVE NUMBERS.
R  INDICATES RECORD WAS SET OR TIED.
MM INDICATES DATA IS MISSING.
T  INDICATES TRACE AMOUNT.

$$
