910
CDUS43 KGLD 130815
CLIMCK

CLIMATE REPORT
NATIONAL WEATHER SERVICE GOODLAND
1257 AM MST SAT JAN 13 2018


...................................

...THE MCCOOK NE CLIMATE SUMMARY FOR JANUARY 12 2018...

CLIMATE NORMAL PERIOD 1981 TO 2010
CLIMATE RECORD PERIOD 1896 TO 2018


WEATHER ITEM   OBSERVED TIME   RECORD YEAR NORMAL DEPARTURE LAST
                VALUE   (LST)  VALUE       VALUE  FROM      YEAR
                                                  NORMAL
..................................................................
TEMPERATURE (F)
 YESTERDAY
  MAXIMUM         13    626 PM  66    1953  40    -27       26
  MINIMUM          1    327 AM -30    1912  14    -13        5
  AVERAGE          7                        27    -20       16

PRECIPITATION (IN)
  YESTERDAY        T                         0.02  -0.02     0.00
  MONTH TO DATE    0.02                      0.21  -0.19     0.04
  SINCE DEC 1      0.12                      0.85  -0.73     0.47
  SINCE JAN 1      0.02                      0.21  -0.19     0.04

..................................................................


THE MCCOOK NE CLIMATE NORMALS FOR TODAY
                         NORMAL    RECORD    YEAR
 MAXIMUM TEMPERATURE (F)   40        69      1928
 MINIMUM TEMPERATURE (F)   14       -16      1916


-  INDICATES NEGATIVE NUMBERS.
R  INDICATES RECORD WAS SET OR TIED.
MM INDICATES DATA IS MISSING.
T  INDICATES TRACE AMOUNT.

$$
