000
CDUS43 KGLD 140731
CLIMCK

CLIMATE REPORT
NATIONAL WEATHER SERVICE GOODLAND
131 AM MDT TUE OCT 14 2014


...................................

...THE MCCOOK NE CLIMATE SUMMARY FOR OCTOBER 13 2014...

CLIMATE NORMAL PERIOD 1981 TO 2010
CLIMATE RECORD PERIOD 1896 TO 2014


WEATHER ITEM   OBSERVED TIME   RECORD YEAR NORMAL DEPARTURE LAST
                VALUE   (LST)  VALUE       VALUE  FROM      YEAR
                                                  NORMAL
..................................................................
TEMPERATURE (F)
 YESTERDAY
  MAXIMUM         65    330 PM  91    1950  68     -3       67
  MINIMUM         40   1159 PM  22    1986  37      3       40
  AVERAGE         53                        52      1       54

PRECIPITATION (IN)
  YESTERDAY        0.00                      0.06  -0.06     0.00
  MONTH TO DATE    0.27                      0.76  -0.49     0.36
  SINCE SEP 1      1.95                      2.20  -0.25     2.71
  SINCE JAN 1     22.90                     19.91   2.99    11.88

..................................................................

THE MCCOOK NE CLIMATE NORMALS FOR TODAY
                         NORMAL    RECORD    YEAR
 MAXIMUM TEMPERATURE (F)   67        94      1929
 MINIMUM TEMPERATURE (F)   37        23      1986



-  INDICATES NEGATIVE NUMBERS.
R  INDICATES RECORD WAS SET OR TIED.
MM INDICATES DATA IS MISSING.
T  INDICATES TRACE AMOUNT.




$$
