000
CDUS43 KGLD 170724
CLIMCK

CLIMATE REPORT
NATIONAL WEATHER SERVICE GOODLAND
1224 AM MST SAT JAN 17 2015


...................................

...THE MCCOOK NE CLIMATE SUMMARY FOR JANUARY 16 2015...

CLIMATE NORMAL PERIOD 1981 TO 2010
CLIMATE RECORD PERIOD 1896 TO 2015


WEATHER ITEM   OBSERVED TIME   RECORD YEAR NORMAL DEPARTURE LAST
                VALUE   (LST)  VALUE       VALUE  FROM      YEAR
                                                  NORMAL
..................................................................
TEMPERATURE (F)
 YESTERDAY
  MAXIMUM         56    350 PM  71    1951  41     15       47
  MINIMUM         22    758 AM -20    1930  14      8       25
  AVERAGE         39                        27     12       36

PRECIPITATION (IN)
  YESTERDAY        0.00                      0.02  -0.02     0.00
  MONTH TO DATE    0.01                      0.27  -0.26     0.01
  SINCE DEC 1      1.30                      0.91   0.39     0.23
  SINCE JAN 1      0.01                      0.27  -0.26     0.01

..................................................................

THE MCCOOK NE CLIMATE NORMALS FOR TODAY
                         NORMAL    RECORD    YEAR
 MAXIMUM TEMPERATURE (F)   41        63      1938
 MINIMUM TEMPERATURE (F)   14       -24      1930



-  INDICATES NEGATIVE NUMBERS.
R  INDICATES RECORD WAS SET OR TIED.
MM INDICATES DATA IS MISSING.
T  INDICATES TRACE AMOUNT.




$$
