000
CDUS43 KGLD 130749 RRA
CLIMCK

CLIMATE REPORT
NATIONAL WEATHER SERVICE GOODLAND
141 AM MDT SAT SEP 13 2014

...................................

...THE MCCOOK NE CLIMATE SUMMARY FOR SEPTEMBER 12 2014...

CLIMATE NORMAL PERIOD 1981 TO 2010
CLIMATE RECORD PERIOD 1896 TO 2014

WEATHER ITEM   OBSERVED TIME   RECORD YEAR NORMAL DEPARTURE LAST
                VALUE   (LST)  VALUE       VALUE  FROM      YEAR
                                                  NORMAL
..................................................................
TEMPERATURE (F)
 YESTERDAY
  MAXIMUM         52    446 PM 103    1911  81    -29       74
  MINIMUM         34R  1159 PM  37    1989  51    -17       65
  AVERAGE         43                        66    -23       70

PRECIPITATION (IN)
  YESTERDAY        0.00                      0.04  -0.04     0.04
  MONTH TO DATE    0.48                      0.60  -0.12     0.41
  SINCE SEP 1      0.48                      0.60  -0.12     0.41
  SINCE JAN 1     21.43                     18.31   3.12     9.58

..................................................................

THE MCCOOK NE CLIMATE NORMALS FOR TODAY
                         NORMAL    RECORD    YEAR
 MAXIMUM TEMPERATURE (F)   81       104      1931
 MINIMUM TEMPERATURE (F)   51        34      1999

-  INDICATES NEGATIVE NUMBERS.
R  INDICATES RECORD WAS SET OR TIED.
MM INDICATES DATA IS MISSING.
T  INDICATES TRACE AMOUNT.

$$
