000
CDUS43 KGLD 280750 RRB
CLIMCK

CLIMATE REPORT
NATIONAL WEATHER SERVICE GOODLAND
1246 AM MST TUE NOV 28 2017

...................................

...THE MCCOOK NE CLIMATE SUMMARY FOR NOVEMBER 27 2017...

CLIMATE NORMAL PERIOD 1981 TO 2010
CLIMATE RECORD PERIOD 1896 TO 2017


WEATHER ITEM   OBSERVED TIME   RECORD YEAR NORMAL DEPARTURE LAST
                VALUE   (LST)  VALUE       VALUE  FROM      YEAR
                                                  NORMAL
..................................................................
TEMPERATURE (F)
 YESTERDAY
  MAXIMUM         79R   346 PM  73    1960  46     33       65
  MINIMUM         34    755 AM  -6    1952  19     15       25
  AVERAGE         57                        33     24       45

PRECIPITATION (IN)
  YESTERDAY        0.00                      0.02  -0.02     0.03
  MONTH TO DATE    0.16                      0.87  -0.71     0.49
  SINCE SEP 1      4.29                      4.10   0.19     6.26
  SINCE JAN 1     18.40                     21.81  -3.41    24.39

..................................................................

THE MCCOOK NE CLIMATE NORMALS FOR TODAY
                         NORMAL    RECORD    YEAR
 MAXIMUM TEMPERATURE (F)   46        78      2014
 MINIMUM TEMPERATURE (F)   19       -10      1952



-  INDICATES NEGATIVE NUMBERS.
R  INDICATES RECORD WAS SET OR TIED.
MM INDICATES DATA IS MISSING.
T  INDICATES TRACE AMOUNT.




$$
