000
CDUS43 KGLD 230747
CLIMCK

CLIMATE REPORT
NATIONAL WEATHER SERVICE GOODLAND
141 AM MDT SUN AUG 23 2015

...................................

...THE MCCOOK NE CLIMATE SUMMARY FOR AUGUST 22 2015...

CLIMATE NORMAL PERIOD 1981 TO 2010
CLIMATE RECORD PERIOD 1896 TO 2015


WEATHER ITEM   OBSERVED TIME   RECORD YEAR NORMAL DEPARTURE LAST
                VALUE   (LST)  VALUE       VALUE  FROM      YEAR
                                                  NORMAL
..................................................................
TEMPERATURE (F)
 YESTERDAY
  MAXIMUM         89   1254 PM 104    1938  87      2       92
  MINIMUM         59   1159 PM  44    1923  59      0       64
  AVERAGE         74                        73      1       78

PRECIPITATION (IN)
  YESTERDAY        0.00                      0.09  -0.09     0.74
  MONTH TO DATE    2.48                      2.45   0.03     2.43
  SINCE JUN 1      8.92                      9.08  -0.16    12.60
  SINCE JAN 1     15.08                     17.02  -1.94    17.56

..................................................................


THE MCCOOK NE CLIMATE NORMALS FOR TODAY
                         NORMAL    RECORD    YEAR
 MAXIMUM TEMPERATURE (F)   87       103      2011
                                             1936
 MINIMUM TEMPERATURE (F)   59        47      1964



-  INDICATES NEGATIVE NUMBERS.
R  INDICATES RECORD WAS SET OR TIED.
MM INDICATES DATA IS MISSING.
T  INDICATES TRACE AMOUNT.

$$
