000
CDUS43 KGLD 230043
CLIMCK

CLIMATE REPORT
NATIONAL WEATHER SERVICE GOODLAND
638 PM MDT MON AUG 22 2016


...................................

...THE MCCOOK NE CLIMATE SUMMARY FOR AUGUST 22 2016...
VALID TODAY AS OF 0600 PM LOCAL TIME.

CLIMATE NORMAL PERIOD 1981 TO 2010
CLIMATE RECORD PERIOD 1896 TO 2016


WEATHER ITEM   OBSERVED TIME   RECORD YEAR NORMAL DEPARTURE LAST
                VALUE   (LST)  VALUE       VALUE  FROM      YEAR
                                                  NORMAL
..................................................................
TEMPERATURE (F)
 TODAY
  MAXIMUM         94    121 PM 104    1938  87      7       89
  MINIMUM         66    634 AM  44    1923  59      7       59
  AVERAGE         80                        73      7       74

PRECIPITATION (IN)
  TODAY            0.00                      0.09  -0.09     0.00
  MONTH TO DATE    1.72                      2.45  -0.73     2.48
  SINCE JUN 1      6.95                      9.08  -2.13     8.92
  SINCE JAN 1     17.15                     17.02   0.13    15.08

..................................................................







THE MCCOOK NE CLIMATE NORMALS FOR TOMORROW
                         NORMAL    RECORD    YEAR
 MAXIMUM TEMPERATURE (F)   87       103      2011
                                             1936
 MINIMUM TEMPERATURE (F)   59        47      2015
                                             1964



-  INDICATES NEGATIVE NUMBERS.
R  INDICATES RECORD WAS SET OR TIED.
MM INDICATES DATA IS MISSING.
T  INDICATES TRACE AMOUNT.




$$
