000
CDUS43 KGLD 160040 RRB
CLIMCK

CLIMATE REPORT
NATIONAL WEATHER SERVICE GOODLAND
536 PM MST TUE NOV 15 2016

...................................

...THE MCCOOK NE CLIMATE SUMMARY FOR NOVEMBER 15 2016...
VALID TODAY AS OF 0500 PM LOCAL TIME.

CLIMATE NORMAL PERIOD 1981 TO 2010
CLIMATE RECORD PERIOD 1896 TO 2016


WEATHER ITEM   OBSERVED TIME   RECORD YEAR NORMAL DEPARTURE LAST
                VALUE   (LST)  VALUE       VALUE  FROM      YEAR
                                                  NORMAL
..................................................................
TEMPERATURE (F)
 TODAY
  MAXIMUM         75    311 PM  76    1941  53     22       61
  MINIMUM         34    209 AM   0    1940  24     10       30
  AVERAGE         55                        38     17       46

PRECIPITATION (IN)
  TODAY            0.00                      0.03  -0.03     0.00
  MONTH TO DATE    0.02                      0.54  -0.52     0.49
  SINCE SEP 1      5.79                      3.77   2.02     3.07
  SINCE JAN 1     23.92                     21.48   2.44    18.15

..................................................................


THE MCCOOK NE CLIMATE NORMALS FOR TOMORROW
                         NORMAL    RECORD    YEAR
 MAXIMUM TEMPERATURE (F)   52        81      1941
 MINIMUM TEMPERATURE (F)   24        -7      1955


-  INDICATES NEGATIVE NUMBERS.
R  INDICATES RECORD WAS SET OR TIED.
MM INDICATES DATA IS MISSING.
T  INDICATES TRACE AMOUNT.


$$
