000
CDUS43 KGLD 090746 RRA
CLIMCK

CLIMATE REPORT
NATIONAL WEATHER SERVICE GOODLAND
142 AM MDT MON MAY 9 2016

...................................

...THE MCCOOK NE CLIMATE SUMMARY FOR MAY 8 2016...

CLIMATE NORMAL PERIOD 1981 TO 2010
CLIMATE RECORD PERIOD 1896 TO 2016


WEATHER ITEM   OBSERVED TIME   RECORD YEAR NORMAL DEPARTURE LAST
                VALUE   (LST)  VALUE       VALUE  FROM      YEAR
                                                  NORMAL
..................................................................
TEMPERATURE (F)
 YESTERDAY
  MAXIMUM         75    347 PM  95    1934  71      4       71
  MINIMUM         46    505 AM  27    1917  43      3       47
  AVERAGE         61                        57      4       59

PRECIPITATION (IN)
  YESTERDAY        0.05                      0.09  -0.04      T
  MONTH TO DATE    0.11                      0.76  -0.65     0.38
  SINCE MAR 1      6.69                      4.43   2.26     2.36
  SINCE JAN 1      7.70                      5.56   2.14     2.70

..................................................................


THE MCCOOK NE CLIMATE NORMALS FOR TODAY
                         NORMAL    RECORD    YEAR
 MAXIMUM TEMPERATURE (F)   72        97      1916
 MINIMUM TEMPERATURE (F)   44         1      2015


-  INDICATES NEGATIVE NUMBERS.
R  INDICATES RECORD WAS SET OR TIED.
MM INDICATES DATA IS MISSING.
T  INDICATES TRACE AMOUNT.


$$
