209
CDUS43 KGLD 110038
CLIMCK

CLIMATE REPORT
NATIONAL WEATHER SERVICE GOODLAND
636 PM MDT SUN SEP 10 2017

...................................

...THE MCCOOK NE CLIMATE SUMMARY FOR SEPTEMBER 10 2017...
VALID TODAY AS OF 0600 PM LOCAL TIME.

CLIMATE NORMAL PERIOD 1981 TO 2010
CLIMATE RECORD PERIOD 1896 TO 2017


WEATHER ITEM   OBSERVED TIME   RECORD YEAR NORMAL DEPARTURE LAST
                VALUE   (LST)  VALUE       VALUE  FROM      YEAR
                                                  NORMAL
..................................................................
TEMPERATURE (F)
 TODAY
  MAXIMUM         93    413 PM 101    1936  82     11       78
  MINIMUM         63    653 AM  33    1962  52     11       43
  AVERAGE         78                        67     11       61

PRECIPITATION (IN)
  TODAY            0.00                      0.05  -0.05     0.00
  MONTH TO DATE    0.07                      0.51  -0.44     5.06
  SINCE SEP 1      0.07                      0.51  -0.44     5.06
  SINCE JAN 1     14.18                     18.22  -4.04    23.19

..................................................................


THE MCCOOK NE CLIMATE NORMALS FOR TOMORROW
                         NORMAL    RECORD    YEAR
 MAXIMUM TEMPERATURE (F)   82       103      1927
 MINIMUM TEMPERATURE (F)   52        38      1989



-  INDICATES NEGATIVE NUMBERS.
R  INDICATES RECORD WAS SET OR TIED.
MM INDICATES DATA IS MISSING.
T  INDICATES TRACE AMOUNT.

$$
