000
CDUS43 KGLD 120040 RRA
CLIMCK

CLIMATE REPORT
NATIONAL WEATHER SERVICE GOODLAND
537 PM MST THU DEC 11 2014

...................................

...THE MCCOOK NE CLIMATE SUMMARY FOR DECEMBER 11 2014...
VALID TODAY AS OF 0500 PM LOCAL TIME.

CLIMATE NORMAL PERIOD 1981 TO 2010
CLIMATE RECORD PERIOD 1896 TO 2014

WEATHER ITEM   OBSERVED TIME   RECORD YEAR NORMAL DEPARTURE LAST
                VALUE   (LST)  VALUE       VALUE  FROM      YEAR
                                                  NORMAL
..................................................................
TEMPERATURE (F)
 TODAY
  MAXIMUM         46    353 PM  66    2004  41      5       29
                                      1990
  MINIMUM         30    911 AM -20    1932  15     15        5
  AVERAGE         38                        28     10       17

PRECIPITATION (IN)
  TODAY            0.00                      0.03  -0.03     0.00
  MONTH TO DATE    0.00                      0.25  -0.25     0.08
  SINCE DEC 1      0.00                      0.25  -0.25     0.08
  SINCE JAN 1     22.90                     22.14   0.76    12.69

..................................................................

THE MCCOOK NE CLIMATE NORMALS FOR TOMORROW
                         NORMAL    RECORD    YEAR
 MAXIMUM TEMPERATURE (F)   41        70      1921
 MINIMUM TEMPERATURE (F)   15       -18      1961

-  INDICATES NEGATIVE NUMBERS.
R  INDICATES RECORD WAS SET OR TIED.
MM INDICATES DATA IS MISSING.
T  INDICATES TRACE AMOUNT.

$$
