000
CDUS43 KGLD 130043 RRB
CLIMCK

CLIMATE REPORT
NATIONAL WEATHER SERVICE GOODLAND
640 PM MDT SUN OCT 12 2014


...................................

...THE MCCOOK NE CLIMATE SUMMARY FOR OCTOBER 12 2014...
VALID TODAY AS OF 0600 PM LOCAL TIME.

CLIMATE NORMAL PERIOD 1981 TO 2010
CLIMATE RECORD PERIOD 1896 TO 2014


WEATHER ITEM   OBSERVED TIME   RECORD YEAR NORMAL DEPARTURE LAST
                VALUE   (LST)  VALUE       VALUE  FROM      YEAR
                                                  NORMAL
..................................................................
TEMPERATURE (F)
 TODAY
  MAXIMUM         62    423 PM  93    1975  68     -6       60
  MINIMUM         44    744 AM  12    1909  38      6       44
  AVERAGE         53                        53      0       52

PRECIPITATION (IN)
  TODAY            0.09                      0.06   0.03     0.00
  MONTH TO DATE    0.27                      0.70  -0.43     0.36
  SINCE SEP 1      1.95                      2.14  -0.19     2.71
  SINCE JAN 1     22.90                     19.85   3.05    11.88

..................................................................

THE MCCOOK NE CLIMATE NORMALS FOR TOMORROW
                         NORMAL    RECORD    YEAR
 MAXIMUM TEMPERATURE (F)   68        91      1950
 MINIMUM TEMPERATURE (F)   37        22      1986



-  INDICATES NEGATIVE NUMBERS.
R  INDICATES RECORD WAS SET OR TIED.
MM INDICATES DATA IS MISSING.
T  INDICATES TRACE AMOUNT.




$$
