000
CDUS43 KGLD 210748
CLIMCK

CLIMATE REPORT
NATIONAL WEATHER SERVICE GOODLAND
1240 AM MST WED JAN 21 2015


...................................

...THE MCCOOK NE CLIMATE SUMMARY FOR JANUARY 20 2015...

CLIMATE NORMAL PERIOD 1981 TO 2010
CLIMATE RECORD PERIOD 1896 TO 2015


WEATHER ITEM   OBSERVED TIME   RECORD YEAR NORMAL DEPARTURE LAST
                VALUE   (LST)  VALUE       VALUE  FROM      YEAR
                                                  NORMAL
..................................................................
TEMPERATURE (F)
 YESTERDAY
  MAXIMUM         52    253 PM  71    1964  41     11       52
  MINIMUM         30   1159 PM -16    1984  14     16       17
  AVERAGE         41                        27     14       35

PRECIPITATION (IN)
  YESTERDAY        T                         0.02  -0.02     0.00
  MONTH TO DATE    0.01                      0.33  -0.32     0.01
  SINCE DEC 1      1.30                      0.97   0.33     0.23
  SINCE JAN 1      0.01                      0.33  -0.32     0.01

..................................................................

THE MCCOOK NE CLIMATE NORMALS FOR TODAY
                         NORMAL    RECORD    YEAR
 MAXIMUM TEMPERATURE (F)   41        70      1950
 MINIMUM TEMPERATURE (F)   14       -19      1930



-  INDICATES NEGATIVE NUMBERS.
R  INDICATES RECORD WAS SET OR TIED.
MM INDICATES DATA IS MISSING.
T  INDICATES TRACE AMOUNT.

$$
