000
CDUS43 KGLD 100742
CLIMCK

CLIMATE REPORT
NATIONAL WEATHER SERVICE GOODLAND
1237 AM MST FRI FEB 10 2017
...................................

...THE MCCOOK NE CLIMATE SUMMARY FOR FEBRUARY 9 2017...

CLIMATE NORMAL PERIOD 1981 TO 2010
CLIMATE RECORD PERIOD 1896 TO 2017


WEATHER ITEM   OBSERVED TIME   RECORD YEAR NORMAL DEPARTURE LAST
                VALUE   (LST)  VALUE       VALUE  FROM      YEAR
                                                  NORMAL
..................................................................
TEMPERATURE (F)
 YESTERDAY
  MAXIMUM         51    453 PM  80    1996  43      8       39
  MINIMUM         17    138 AM -18    1933  16      1       26
  AVERAGE         34                        29      5       33

PRECIPITATION (IN)
  YESTERDAY        0.00                      0.02  -0.02     0.00
  MONTH TO DATE    T                         0.17  -0.17     0.94
  SINCE DEC 1      1.13                      1.32  -0.19     1.12
  SINCE JAN 1      0.70                      0.68   0.02     0.96

..................................................................


THE MCCOOK NE CLIMATE NORMALS FOR TODAY
                         NORMAL    RECORD    YEAR
 MAXIMUM TEMPERATURE (F)   43        79      1999
 MINIMUM TEMPERATURE (F)   16       -17      1933


-  INDICATES NEGATIVE NUMBERS.
R  INDICATES RECORD WAS SET OR TIED.
MM INDICATES DATA IS MISSING.
T  INDICATES TRACE AMOUNT.


$$
