793
CDUS43 KGLD 240040
CLIMCK

CLIMATE REPORT
NATIONAL WEATHER SERVICE GOODLAND
537 PM MST WED NOV 23 2016

...................................

...THE MCCOOK NE CLIMATE SUMMARY FOR NOVEMBER 23 2016...
VALID TODAY AS OF 0500 PM LOCAL TIME.

CLIMATE NORMAL PERIOD 1981 TO 2010
CLIMATE RECORD PERIOD 1896 TO 2016


WEATHER ITEM   OBSERVED TIME   RECORD YEAR NORMAL DEPARTURE LAST
                VALUE   (LST)  VALUE       VALUE  FROM      YEAR
                                                  NORMAL
..................................................................
TEMPERATURE (F)
 TODAY
  MAXIMUM         53    309 PM  72    2005  48      5       61
  MINIMUM         28    755 AM   4    1975  21      7       26
  AVERAGE         41                        34      7       44

PRECIPITATION (IN)
  TODAY            0.00                      0.03  -0.03     0.00
  MONTH TO DATE    0.46                      0.76  -0.30     2.76
  SINCE SEP 1      6.23                      3.99   2.24     5.34
  SINCE JAN 1     24.36                     21.70   2.66    20.42

..................................................................


THE MCCOOK NE CLIMATE NORMALS FOR TOMORROW
                         NORMAL    RECORD    YEAR
 MAXIMUM TEMPERATURE (F)   48        72      1995
 MINIMUM TEMPERATURE (F)   20       -10      1950



-  INDICATES NEGATIVE NUMBERS.
R  INDICATES RECORD WAS SET OR TIED.
MM INDICATES DATA IS MISSING.
T  INDICATES TRACE AMOUNT.

$$
