000
CDUS43 KGLD 170050
CLIMCK

CLIMATE REPORT
NATIONAL WEATHER SERVICE GOODLAND
646 PM MDT SAT MAY 16 2015
...................................

...THE MCCOOK NE CLIMATE SUMMARY FOR MAY 16 2015...
VALID TODAY AS OF 0600 PM LOCAL TIME.

CLIMATE NORMAL PERIOD 1981 TO 2010
CLIMATE RECORD PERIOD 1896 TO 2015

WEATHER ITEM   OBSERVED TIME   RECORD YEAR NORMAL DEPARTURE LAST
                VALUE   (LST)  VALUE       VALUE  FROM      YEAR
                                                  NORMAL
..................................................................
TEMPERATURE (F)
 TODAY
  MAXIMUM         78    234 PM  94    1944  73      5       68
  MINIMUM         57    629 AM  27    1912  46     11       37
  AVERAGE         68                        60      8       53

PRECIPITATION (IN)
  TODAY            0.17                      0.10   0.07     0.03
  MONTH TO DATE    1.11                      1.52  -0.41     0.14
  SINCE MAR 1      3.09                      5.19  -2.10     1.51
  SINCE JAN 1      3.43                      6.32  -2.89     2.00

..................................................................

THE MCCOOK NE CLIMATE NORMALS FOR TOMORROW
                         NORMAL    RECORD    YEAR
 MAXIMUM TEMPERATURE (F)   74       104      1927
 MINIMUM TEMPERATURE (F)   46        32      1930

-  INDICATES NEGATIVE NUMBERS.
R  INDICATES RECORD WAS SET OR TIED.
MM INDICATES DATA IS MISSING.
T  INDICATES TRACE AMOUNT.

$$
