000
CDUS43 KGLD 020056
CLIMCK

CLIMATE REPORT
NATIONAL WEATHER SERVICE GOODLAND
649 PM MDT TUE JUL 1 2014


...................................

...THE MCCOOK NE CLIMATE SUMMARY FOR JULY 1 2014...
VALID TODAY AS OF 0600 PM LOCAL TIME.

CLIMATE NORMAL PERIOD 1981 TO 2010
CLIMATE RECORD PERIOD 1896 TO 2014


WEATHER ITEM   OBSERVED TIME   RECORD YEAR NORMAL DEPARTURE LAST
                VALUE   (LST)  VALUE       VALUE  FROM      YEAR
                                                  NORMAL
..................................................................
TEMPERATURE (F)
 TODAY
  MAXIMUM         81    300 PM 109    1990  89     -8       81
  MINIMUM         58        MM  46    1959  60     -2       52
  AVERAGE         70                        75     -5       67

PRECIPITATION (IN)
  TODAY            0.00                      0.10  -0.10     0.00
  MONTH TO DATE    0.00                      0.10  -0.10     0.00
  SINCE JUN 1      8.05                      3.48   4.57     1.10
  SINCE JAN 1     13.01                     11.42   1.59     5.99

..................................................................



THE MCCOOK NE CLIMATE NORMALS FOR TOMORROW
                         NORMAL    RECORD    YEAR
 MAXIMUM TEMPERATURE (F)   89       106      1990
 MINIMUM TEMPERATURE (F)   61        48      2013



-  INDICATES NEGATIVE NUMBERS.
R  INDICATES RECORD WAS SET OR TIED.
MM INDICATES DATA IS MISSING.
T  INDICATES TRACE AMOUNT.




$$
