000
CDUS43 KGLD 110738 RRA
CLIMCK

CLIMATE REPORT
NATIONAL WEATHER SERVICE GOODLAND
136 AM MDT TUE JUL 11 2017

...................................

...THE MCCOOK NE CLIMATE SUMMARY FOR JULY 10 2017...

CLIMATE NORMAL PERIOD 1981 TO 2010
CLIMATE RECORD PERIOD 1896 TO 2017


WEATHER ITEM   OBSERVED TIME   RECORD YEAR NORMAL DEPARTURE LAST
                VALUE   (LST)  VALUE       VALUE  FROM      YEAR
                                                  NORMAL
..................................................................
TEMPERATURE (F)
 YESTERDAY
  MAXIMUM        105    211 PM 109    1954  90     15       99
  MINIMUM         69    543 AM  49    1924  62      7       71
  AVERAGE         87                        76     11       85

PRECIPITATION (IN)
  YESTERDAY        0.00                      0.12  -0.12     0.00
  MONTH TO DATE    0.72                      1.07  -0.35     0.89
  SINCE JUN 1      0.99                      4.45  -3.46     3.74
  SINCE JAN 1      9.02                     12.39  -3.37    13.94

..................................................................


THE MCCOOK NE CLIMATE NORMALS FOR TODAY
                         NORMAL    RECORD    YEAR
 MAXIMUM TEMPERATURE (F)   90       110      1954
 MINIMUM TEMPERATURE (F)   62        52      1985



-  INDICATES NEGATIVE NUMBERS.
R  INDICATES RECORD WAS SET OR TIED.
MM INDICATES DATA IS MISSING.
T  INDICATES TRACE AMOUNT.

$$
