000
CDUS43 KGLD 080741 RRA
CLIMCK

CLIMATE REPORT
NATIONAL WEATHER SERVICE GOODLAND
137 AM MDT FRI JUL 8 2016

...................................

...THE MCCOOK NE CLIMATE SUMMARY FOR JULY 7 2016...

CLIMATE NORMAL PERIOD 1981 TO 2010
CLIMATE RECORD PERIOD 1896 TO 2016


WEATHER ITEM   OBSERVED TIME   RECORD YEAR NORMAL DEPARTURE LAST
                VALUE   (LST)  VALUE       VALUE  FROM      YEAR
                                                  NORMAL
..................................................................
TEMPERATURE (F)
 YESTERDAY
  MAXIMUM         91    357 PM 109    2001  90      1       78
  MINIMUM         63    558 AM  49    1931  61      2       54
  AVERAGE         77                        76      1       66

PRECIPITATION (IN)
  YESTERDAY        0.54                      0.11   0.43     0.00
  MONTH TO DATE    0.89                      0.73   0.16     0.34
  SINCE JUN 1      3.74                      4.11  -0.37     4.86
  SINCE JAN 1     13.94                     12.05   1.89    11.02

..................................................................


THE MCCOOK NE CLIMATE NORMALS FOR TODAY
                         NORMAL    RECORD    YEAR
 MAXIMUM TEMPERATURE (F)   90       106      1980
 MINIMUM TEMPERATURE (F)   62        48      1952



-  INDICATES NEGATIVE NUMBERS.
R  INDICATES RECORD WAS SET OR TIED.
MM INDICATES DATA IS MISSING.
T  INDICATES TRACE AMOUNT.

$$
