000
CDUS43 KGLD 250740 RRA
CLIMCK

CLIMATE REPORT
NATIONAL WEATHER SERVICE GOODLAND
137 AM MDT SAT JUL 25 2015
...................................

...THE MCCOOK NE CLIMATE SUMMARY FOR JULY 24 2015...

CLIMATE NORMAL PERIOD 1981 TO 2010
CLIMATE RECORD PERIOD 1896 TO 2015

WEATHER ITEM   OBSERVED TIME   RECORD YEAR NORMAL DEPARTURE LAST
                VALUE   (LST)  VALUE       VALUE  FROM      YEAR
                                                  NORMAL
..................................................................
TEMPERATURE (F)
 YESTERDAY
  MAXIMUM         94    303 PM 111    1936  90      4      104
  MINIMUM         70    624 AM  51    1924  62      8       63
  AVERAGE         82                        76      6       84

PRECIPITATION (IN)
  YESTERDAY        0.01                      0.11  -0.10     0.00
  MONTH TO DATE    1.57                      2.51  -0.94     1.80
  SINCE JUN 1      6.09                      5.89   0.20     9.85
  SINCE JAN 1     12.25                     13.83  -1.58    14.81

..................................................................

THE MCCOOK NE CLIMATE NORMALS FOR TODAY
                         NORMAL    RECORD    YEAR
 MAXIMUM TEMPERATURE (F)   90       113      1936
 MINIMUM TEMPERATURE (F)   62        52      2004
                                             1986


-  INDICATES NEGATIVE NUMBERS.
R  INDICATES RECORD WAS SET OR TIED.
MM INDICATES DATA IS MISSING.
T  INDICATES TRACE AMOUNT.

$$
