000
CDUS43 KGLD 110048 RRA
CLIMCK

CLIMATE REPORT
NATIONAL WEATHER SERVICE GOODLAND
545 PM MST FRI NOV 10 2017

...................................

...THE MCCOOK NE CLIMATE SUMMARY FOR NOVEMBER 10 2017...
VALID TODAY AS OF 0500 PM LOCAL TIME.

CLIMATE NORMAL PERIOD 1981 TO 2010
CLIMATE RECORD PERIOD 1896 TO 2017


WEATHER ITEM   OBSERVED TIME   RECORD YEAR NORMAL DEPARTURE LAST
                VALUE   (LST)  VALUE       VALUE  FROM      YEAR
                                                  NORMAL
..................................................................
TEMPERATURE (F)
 TODAY
  MAXIMUM         38    459 PM  88    1912  55    -17       79
  MINIMUM         20   1228 AM   4    1950  27     -7       26
  AVERAGE         29                        41    -12       53

PRECIPITATION (IN)
  TODAY            0.00                      0.03  -0.03     0.00
  MONTH TO DATE    0.00                      0.38  -0.38     0.02
  SINCE SEP 1      4.13                      3.61   0.52     5.79
  SINCE JAN 1     18.24                     21.32  -3.08    23.92

..................................................................


THE MCCOOK NE CLIMATE NORMALS FOR TOMORROW
                         NORMAL    RECORD    YEAR
 MAXIMUM TEMPERATURE (F)   55        77      2005
 MINIMUM TEMPERATURE (F)   26         0      1986


-  INDICATES NEGATIVE NUMBERS.
R  INDICATES RECORD WAS SET OR TIED.
MM INDICATES DATA IS MISSING.
T  INDICATES TRACE AMOUNT.


$$
