000
CDUS43 KGLD 150745
CLIMCK

CLIMATE REPORT
NATIONAL WEATHER SERVICE GOODLAND
143 AM MDT TUE JUL 15 2014

...................................

...THE MCCOOK NE CLIMATE SUMMARY FOR JULY 14 2014...

CLIMATE NORMAL PERIOD 1981 TO 2010
CLIMATE RECORD PERIOD 1896 TO 2014

WEATHER ITEM   OBSERVED TIME   RECORD YEAR NORMAL DEPARTURE LAST
                VALUE   (LST)  VALUE       VALUE  FROM      YEAR
                                                  NORMAL
..................................................................
TEMPERATURE (F)
 YESTERDAY
  MAXIMUM         82    418 PM 109    1934  90     -8       92
  MINIMUM         52   1147 PM  48    1990  62    -10       70
  AVERAGE         67                        76     -9       81

PRECIPITATION (IN)
  YESTERDAY        0.00                      0.11  -0.11     0.58
  MONTH TO DATE    0.97                      1.50  -0.53     1.31
  SINCE JUN 1      9.02                      4.88   4.14     2.41
  SINCE JAN 1     13.98                     12.82   1.16     7.30

..................................................................

THE MCCOOK NE CLIMATE NORMALS FOR TODAY
                         NORMAL    RECORD    YEAR
 MAXIMUM TEMPERATURE (F)   90       112      1925
 MINIMUM TEMPERATURE (F)   62        50      1990

-  INDICATES NEGATIVE NUMBERS.
R  INDICATES RECORD WAS SET OR TIED.
MM INDICATES DATA IS MISSING.
T  INDICATES TRACE AMOUNT.

$$
