000
CDUS43 KGLD 200141
CLIMCK

CLIMATE REPORT
NATIONAL WEATHER SERVICE GOODLAND
709 PM MDT TUE APR 19 2016
...................................

...THE MCCOOK NE CLIMATE SUMMARY FOR APRIL 19 2016...
VALID TODAY AS OF 0600 PM LOCAL TIME.

CLIMATE NORMAL PERIOD 1981 TO 2010
CLIMATE RECORD PERIOD 1896 TO 2016

WEATHER ITEM   OBSERVED TIME   RECORD YEAR NORMAL DEPARTURE LAST
                VALUE   (LST)  VALUE       VALUE  FROM      YEAR
                                                  NORMAL
..................................................................
TEMPERATURE (F)
 TODAY
  MAXIMUM         53    346 PM  91    1961  66    -13       58
  MINIMUM         34    325 AM  20    2013  36     -2       36
  AVERAGE         44                        51     -7       47

PRECIPITATION (IN)
  TODAY            T                         0.09  -0.09     0.30
  MONTH TO DATE    5.39                      1.29   4.10     1.54
  SINCE MAR 1      5.87                      2.65   3.22     1.57
  SINCE JAN 1      6.88                      3.78   3.10     1.91

..................................................................

THE MCCOOK NE CLIMATE NORMALS FOR TOMORROW
                         NORMAL    RECORD    YEAR
 MAXIMUM TEMPERATURE (F)   66        92      1946
 MINIMUM TEMPERATURE (F)   36        20      1953

-  INDICATES NEGATIVE NUMBERS.
R  INDICATES RECORD WAS SET OR TIED.
MM INDICATES DATA IS MISSING.
T  INDICATES TRACE AMOUNT.

$$
