000
CDUS43 KGLD 080041
CLIMCK

CLIMATE REPORT
NATIONAL WEATHER SERVICE GOODLAND
541 PM MST TUE MAR 7 2017


...................................

...THE MCCOOK NE CLIMATE SUMMARY FOR MARCH 7 2017...
VALID TODAY AS OF 0500 PM LOCAL TIME.

CLIMATE NORMAL PERIOD 1981 TO 2010
CLIMATE RECORD PERIOD 1896 TO 2017


WEATHER ITEM   OBSERVED TIME   RECORD YEAR NORMAL DEPARTURE LAST
                VALUE   (LST)  VALUE       VALUE  FROM      YEAR
                                                  NORMAL
..................................................................
TEMPERATURE (F)
 TODAY
  MAXIMUM         57    229 PM  78    1987  51      6       77
  MINIMUM         20    719 AM -12    1920  22     -2       33
  AVERAGE         39                        37      2       55

PRECIPITATION (IN)
  TODAY            0.00                      0.04  -0.04     0.00
  MONTH TO DATE    0.00                      0.25  -0.25     0.00
  SINCE MAR 1      0.00                      0.25  -0.25     0.00
  SINCE JAN 1      0.70                      1.38  -0.68     1.01

..................................................................

THE MCCOOK NE CLIMATE NORMALS FOR TOMORROW
                         NORMAL    RECORD    YEAR
 MAXIMUM TEMPERATURE (F)   51        80      1911
 MINIMUM TEMPERATURE (F)   23        -1      1915



-  INDICATES NEGATIVE NUMBERS.
R  INDICATES RECORD WAS SET OR TIED.
MM INDICATES DATA IS MISSING.
T  INDICATES TRACE AMOUNT.




$$
