000
CDUS43 KGLD 180041
CLIMCK

CLIMATE REPORT
NATIONAL WEATHER SERVICE GOODLAND
637 PM MDT SUN AUG 17 2014


...................................

...THE MCCOOK NE CLIMATE SUMMARY FOR AUGUST 17 2014...
VALID TODAY AS OF 0600 PM LOCAL TIME.

CLIMATE NORMAL PERIOD 1981 TO 2010
CLIMATE RECORD PERIOD 1896 TO 2014


WEATHER ITEM   OBSERVED TIME   RECORD YEAR NORMAL DEPARTURE LAST
                VALUE   (LST)  VALUE       VALUE  FROM      YEAR
                                                  NORMAL
..................................................................
TEMPERATURE (F)
 TODAY
  MAXIMUM        100    320 PM 107    1914  88     12       77
  MINIMUM         65    615 AM  45    2012  60      5       64
  AVERAGE         83                        74      9       71

PRECIPITATION (IN)
  TODAY            0.00                      0.11  -0.11     0.00
  MONTH TO DATE    1.69                      1.97  -0.28     1.04
  SINCE JUN 1     11.86                      8.60   3.26     3.83
  SINCE JAN 1     16.82                     16.54   0.28     8.72

..................................................................


THE MCCOOK NE CLIMATE NORMALS FOR TOMORROW
                         NORMAL    RECORD    YEAR
 MAXIMUM TEMPERATURE (F)   88       105      1983
 MINIMUM TEMPERATURE (F)   60        50      2012
                                             1929



-  INDICATES NEGATIVE NUMBERS.
R  INDICATES RECORD WAS SET OR TIED.
MM INDICATES DATA IS MISSING.
T  INDICATES TRACE AMOUNT.

$$
