000
CDUS43 KGLD 290756
CLIMCK

CLIMATE REPORT
NATIONAL WEATHER SERVICE GOODLAND
1244 AM MST FRI JAN 29 2016

...................................

...THE MCCOOK NE CLIMATE SUMMARY FOR JANUARY 28 2016...

CLIMATE NORMAL PERIOD 1981 TO 2010
CLIMATE RECORD PERIOD 1896 TO 2016


WEATHER ITEM   OBSERVED TIME   RECORD YEAR NORMAL DEPARTURE LAST
                VALUE   (LST)  VALUE       VALUE  FROM      YEAR
                                                  NORMAL
..................................................................
TEMPERATURE (F)
 YESTERDAY
  MAXIMUM         65    252 PM  70    2015  41     24       70
  MINIMUM         28    342 AM -10    1918  14     14       30
  AVERAGE         47                        28     19       50

PRECIPITATION (IN)
  YESTERDAY        0.00                      0.02  -0.02     0.00
  MONTH TO DATE    0.02                      0.46  -0.44     0.01
  SINCE DEC 1      0.18                      1.10  -0.92     1.30
  SINCE JAN 1      0.02                      0.46  -0.44     0.01

..................................................................

THE MCCOOK NE CLIMATE NORMALS FOR TODAY
                         NORMAL    RECORD    YEAR
 MAXIMUM TEMPERATURE (F)   41        72      1931
 MINIMUM TEMPERATURE (F)   14       -13      1922



-  INDICATES NEGATIVE NUMBERS.
R  INDICATES RECORD WAS SET OR TIED.
MM INDICATES DATA IS MISSING.
T  INDICATES TRACE AMOUNT.




$$
