545
CDUS43 KGLD 140843
CLIMCK

CLIMATE REPORT
NATIONAL WEATHER SERVICE GOODLAND
240 AM MDT THU SEP 14 2017
...................................

...THE MCCOOK NE CLIMATE SUMMARY FOR SEPTEMBER 13 2017...

CLIMATE NORMAL PERIOD 1981 TO 2010
CLIMATE RECORD PERIOD 1896 TO 2017

WEATHER ITEM   OBSERVED TIME   RECORD YEAR NORMAL DEPARTURE LAST
                VALUE   (LST)  VALUE       VALUE  FROM      YEAR
                                                  NORMAL
..................................................................
TEMPERATURE (F)
 YESTERDAY
  MAXIMUM         98    409 PM 104    1931  81     17       63
  MINIMUM         59    700 AM  32    2014  51      8       52
  AVERAGE         79                        66     13       58

PRECIPITATION (IN)
  YESTERDAY        0.00                      0.05  -0.05      T
  MONTH TO DATE    0.07                      0.65  -0.58     5.06
  SINCE SEP 1      0.07                      0.65  -0.58     5.06
  SINCE JAN 1     14.18                     18.36  -4.18    23.19

..................................................................

THE MCCOOK NE CLIMATE NORMALS FOR TODAY
                         NORMAL    RECORD    YEAR
 MAXIMUM TEMPERATURE (F)   80        99      1955
 MINIMUM TEMPERATURE (F)   50        35      1989

-  INDICATES NEGATIVE NUMBERS.
R  INDICATES RECORD WAS SET OR TIED.
MM INDICATES DATA IS MISSING.
T  INDICATES TRACE AMOUNT.

$$
