000
CDUS43 KGLD 180757 RRA
CLIMCK

CLIMATE REPORT
NATIONAL WEATHER SERVICE GOODLAND
151 AM MDT MON APR 18 2016


...................................

...THE MCCOOK NE CLIMATE SUMMARY FOR APRIL 17 2016...

CLIMATE NORMAL PERIOD 1981 TO 2010
CLIMATE RECORD PERIOD 1896 TO 2016


WEATHER ITEM   OBSERVED TIME   RECORD YEAR NORMAL DEPARTURE LAST
                VALUE   (LST)  VALUE       VALUE  FROM      YEAR
                                                  NORMAL
..................................................................
TEMPERATURE (F)
 YESTERDAY
  MAXIMUM         44    549 PM  90    1946  65    -21       71
  MINIMUM         39    759 AM  20    1961  35      4       52
  AVERAGE         42                        50     -8       62

PRECIPITATION (IN)
  YESTERDAY        0.36                      0.08   0.28     0.35
  MONTH TO DATE    5.39                      1.12   4.27     1.12
  SINCE MAR 1      5.87                      2.48   3.39     1.15
  SINCE JAN 1      6.88                      3.61   3.27     1.49

..................................................................







THE MCCOOK NE CLIMATE NORMALS FOR TODAY
                         NORMAL    RECORD    YEAR
 MAXIMUM TEMPERATURE (F)   65        95      1948
 MINIMUM TEMPERATURE (F)   35        16      1912



-  INDICATES NEGATIVE NUMBERS.
R  INDICATES RECORD WAS SET OR TIED.
MM INDICATES DATA IS MISSING.
T  INDICATES TRACE AMOUNT.




$$
