016
CDUS43 KGLD 180826 RRA
CLIMCK

CLIMATE REPORT
NATIONAL WEATHER SERVICE GOODLAND
223 AM MDT THU MAY 18 2017
...................................

...THE MCCOOK NE CLIMATE SUMMARY FOR MAY 17 2017...

CLIMATE NORMAL PERIOD 1981 TO 2010
CLIMATE RECORD PERIOD 1896 TO 2017

WEATHER ITEM   OBSERVED TIME   RECORD YEAR NORMAL DEPARTURE LAST
                VALUE   (LST)  VALUE       VALUE  FROM      YEAR
                                                  NORMAL
..................................................................
TEMPERATURE (F)
 YESTERDAY
  MAXIMUM         70    421 PM 104    1927  74     -4       66
  MINIMUM         52   1159 PM  32    1930  46      6       45
  AVERAGE         61                        60      1       56

PRECIPITATION (IN)
  YESTERDAY        0.01                      0.10  -0.09     0.00
  MONTH TO DATE    1.50                      1.62  -0.12     0.83
  SINCE MAR 1      5.28                      5.29  -0.01     7.41
  SINCE JAN 1      5.98                      6.42  -0.44     8.42

..................................................................

THE MCCOOK NE CLIMATE NORMALS FOR TODAY
                         NORMAL    RECORD    YEAR
 MAXIMUM TEMPERATURE (F)   74        99      1996
 MINIMUM TEMPERATURE (F)   47        31      1910

-  INDICATES NEGATIVE NUMBERS.
R  INDICATES RECORD WAS SET OR TIED.
MM INDICATES DATA IS MISSING.
T  INDICATES TRACE AMOUNT.

$$
