000
CDUS43 KGLD 020201 RRA
CLIMCK

CLIMATE REPORT
NATIONAL WEATHER SERVICE GOODLAND
658 PM MST THU FEB 1 2018

...................................

...THE MCCOOK NE CLIMATE SUMMARY FOR FEBRUARY 1 2018...
VALID TODAY AS OF 0600 PM LOCAL TIME.

CLIMATE NORMAL PERIOD 1981 TO 2010
CLIMATE RECORD PERIOD 1896 TO 2018


WEATHER ITEM   OBSERVED TIME   RECORD YEAR NORMAL DEPARTURE LAST
                VALUE   (LST)  VALUE       VALUE  FROM      YEAR
                                                  NORMAL
..................................................................
TEMPERATURE (F)
 TODAY
  MAXIMUM         36   1212 AM  80    2003  42     -6       32
  MINIMUM         23    208 PM -23    1918  15      8       23
  AVERAGE         30                        28      2       28

PRECIPITATION (IN)
  TODAY            0.00                      0.02  -0.02     0.00
  MONTH TO DATE    0.00                      0.02  -0.02     0.00
  SINCE DEC 1      1.07                      1.17  -0.10     1.13
  SINCE JAN 1      0.97                      0.53   0.44     0.70

..................................................................

THE MCCOOK NE CLIMATE NORMALS FOR TOMORROW
                         NORMAL    RECORD    YEAR
 MAXIMUM TEMPERATURE (F)   42        72      1962
 MINIMUM TEMPERATURE (F)   15       -16      1917



-  INDICATES NEGATIVE NUMBERS.
R  INDICATES RECORD WAS SET OR TIED.
MM INDICATES DATA IS MISSING.
T  INDICATES TRACE AMOUNT.

$$
