000
CDUS43 KGLD 180042
CLIMCK

CLIMATE REPORT
NATIONAL WEATHER SERVICE GOODLAND
640 PM MDT SAT SEP 17 2016

...................................

...THE MCCOOK NE CLIMATE SUMMARY FOR SEPTEMBER 17 2016...
VALID TODAY AS OF 0600 PM LOCAL TIME.

CLIMATE NORMAL PERIOD 1981 TO 2010
CLIMATE RECORD PERIOD 1896 TO 2016


WEATHER ITEM   OBSERVED TIME   RECORD YEAR NORMAL DEPARTURE LAST
                VALUE   (LST)  VALUE       VALUE  FROM      YEAR
                                                  NORMAL
..................................................................
TEMPERATURE (F)
 TODAY
  MAXIMUM         80    224 PM 100    1927  79      1       88
  MINIMUM         43    633 AM  32    1981  49     -6       61
  AVERAGE         62                        64     -2       75

PRECIPITATION (IN)
  TODAY            0.45                      0.05   0.40     0.00
  MONTH TO DATE    5.51                      0.83   4.68     0.39
  SINCE SEP 1      5.51                      0.83   4.68     0.39
  SINCE JAN 1     23.64                     18.54   5.10    15.47

..................................................................


THE MCCOOK NE CLIMATE NORMALS FOR TOMORROW
                         NORMAL    RECORD    YEAR
 MAXIMUM TEMPERATURE (F)   79       101      2004
 MINIMUM TEMPERATURE (F)   48        32      1912



-  INDICATES NEGATIVE NUMBERS.
R  INDICATES RECORD WAS SET OR TIED.
MM INDICATES DATA IS MISSING.
T  INDICATES TRACE AMOUNT.

$$
