000
CDUS43 KGLD 070053
CLIMCK

CLIMATE REPORT
NATIONAL WEATHER SERVICE GOODLAND
650 PM MDT THU APR 6 2017

...................................

...THE MCCOOK NE CLIMATE SUMMARY FOR APRIL 6 2017...
VALID TODAY AS OF 0600 PM LOCAL TIME.

CLIMATE NORMAL PERIOD 1981 TO 2010
CLIMATE RECORD PERIOD 1896 TO 2017

WEATHER ITEM   OBSERVED TIME   RECORD YEAR NORMAL DEPARTURE LAST
                VALUE   (LST)  VALUE       VALUE  FROM      YEAR
                                                  NORMAL
..................................................................
TEMPERATURE (F)
 TODAY
  MAXIMUM         64    459 PM  89    1991  61      3       69
  MINIMUM         26    632 AM  12    1936  31     -5       36
  AVERAGE         45                        46     -1       53

PRECIPITATION (IN)
  TODAY            0.00                      0.05  -0.05     0.00
  MONTH TO DATE    0.01                      0.32  -0.31      T
  SINCE MAR 1      1.01                      1.68  -0.67     0.48
  SINCE JAN 1      1.71                      2.81  -1.10     1.49

..................................................................

THE MCCOOK NE CLIMATE NORMALS FOR TOMORROW
                         NORMAL    RECORD    YEAR
 MAXIMUM TEMPERATURE (F)   62        88      1978
 MINIMUM TEMPERATURE (F)   31        14      2007
                                             1961

-  INDICATES NEGATIVE NUMBERS.
R  INDICATES RECORD WAS SET OR TIED.
MM INDICATES DATA IS MISSING.
T  INDICATES TRACE AMOUNT.

$$
