000
CDUS43 KGLD 240747
CLIMCK

CLIMATE REPORT
NATIONAL WEATHER SERVICE GOODLAND
143 AM MDT SUN AUG 24 2014

...................................

...THE MCCOOK NE CLIMATE SUMMARY FOR AUGUST 23 2014...

CLIMATE NORMAL PERIOD 1981 TO 2010
CLIMATE RECORD PERIOD 1896 TO 2014

WEATHER ITEM   OBSERVED TIME   RECORD YEAR NORMAL DEPARTURE LAST
                VALUE   (LST)  VALUE       VALUE  FROM      YEAR
                                                  NORMAL
..................................................................
TEMPERATURE (F)
 YESTERDAY
  MAXIMUM         89    531 PM 103    2011  87      2       96
                                      1936
  MINIMUM         65    623 AM  47    1964  59      6       66
  AVERAGE         77                        73      4       81

PRECIPITATION (IN)
  YESTERDAY        T                         0.08  -0.08     0.00
  MONTH TO DATE    2.43                      2.53  -0.10     1.04
  SINCE JUN 1     12.60                      9.16   3.44     3.83
  SINCE JAN 1     17.56                     17.10   0.46     8.72

..................................................................

THE MCCOOK NE CLIMATE NORMALS FOR TODAY
                         NORMAL    RECORD    YEAR
 MAXIMUM TEMPERATURE (F)   87       107      1936
 MINIMUM TEMPERATURE (F)   59        39      1928

-  INDICATES NEGATIVE NUMBERS.
R  INDICATES RECORD WAS SET OR TIED.
MM INDICATES DATA IS MISSING.
T  INDICATES TRACE AMOUNT.

$$
