000
CDUS43 KGLD 090749
CLIMCK

CLIMATE REPORT
NATIONAL WEATHER SERVICE GOODLAND
142 AM MDT THU OCT 9 2014


...................................

...THE MCCOOK NE CLIMATE SUMMARY FOR OCTOBER 8 2014...

CLIMATE NORMAL PERIOD 1981 TO 2010
CLIMATE RECORD PERIOD 1896 TO 2014


WEATHER ITEM   OBSERVED TIME   RECORD YEAR NORMAL DEPARTURE LAST
                VALUE   (LST)  VALUE       VALUE  FROM      YEAR
                                                  NORMAL
..................................................................
TEMPERATURE (F)
 YESTERDAY
  MAXIMUM         72    338 PM  94    1928  70      2       84
  MINIMUM         44    701 AM  18    2000  39      5       47
  AVERAGE         58                        54      4       66

PRECIPITATION (IN)
  YESTERDAY        0.00                      0.06  -0.06     0.00
  MONTH TO DATE    0.18                      0.46  -0.28      T
  SINCE SEP 1      1.86                      1.90  -0.04     2.35
  SINCE JAN 1     22.81                     19.61   3.20    11.52

..................................................................


THE MCCOOK NE CLIMATE NORMALS FOR TODAY
                         NORMAL    RECORD    YEAR
 MAXIMUM TEMPERATURE (F)   69        98      1928
 MINIMUM TEMPERATURE (F)   39        20      1952



-  INDICATES NEGATIVE NUMBERS.
R  INDICATES RECORD WAS SET OR TIED.
MM INDICATES DATA IS MISSING.
T  INDICATES TRACE AMOUNT.

$$
