000
CDUS43 KGLD 290041
CLIMCK

CLIMATE REPORT
NATIONAL WEATHER SERVICE GOODLAND
637 PM MDT SUN JUN 28 2015
...................................

...THE MCCOOK NE CLIMATE SUMMARY FOR JUNE 28 2015...
VALID TODAY AS OF 0600 PM LOCAL TIME.

CLIMATE NORMAL PERIOD 1981 TO 2010
CLIMATE RECORD PERIOD 1896 TO 2015

WEATHER ITEM   OBSERVED TIME   RECORD YEAR NORMAL DEPARTURE LAST
                VALUE   (LST)  VALUE       VALUE  FROM      YEAR
                                                  NORMAL
..................................................................
TEMPERATURE (F)
 TODAY
  MAXIMUM         95    359 PM 106    1963  89      6       84
  MINIMUM         62    353 AM  44    1985  60      2       58
  AVERAGE         79                        74      5       71

PRECIPITATION (IN)
  TODAY            0.00                      0.10  -0.10     0.00
  MONTH TO DATE    4.52                      3.17   1.35     7.90
  SINCE JUN 1      4.52                      3.17   1.35     7.90
  SINCE JAN 1     10.68                     11.11  -0.43    12.86

..................................................................

THE MCCOOK NE CLIMATE NORMALS FOR TOMORROW
                         NORMAL    RECORD    YEAR
 MAXIMUM TEMPERATURE (F)   89       108      1970
 MINIMUM TEMPERATURE (F)   60        47      1985

-  INDICATES NEGATIVE NUMBERS.
R  INDICATES RECORD WAS SET OR TIED.
MM INDICATES DATA IS MISSING.
T  INDICATES TRACE AMOUNT.

$$
