000
CDUS43 KGLD 010045
CLIMCK

CLIMATE REPORT
NATIONAL WEATHER SERVICE GOODLAND
641 PM MDT MON JUN 30 2014

...................................

...THE MCCOOK NE CLIMATE SUMMARY FOR JUNE 30 2014...
VALID TODAY AS OF 0600 PM LOCAL TIME.

CLIMATE NORMAL PERIOD 1981 TO 2010
CLIMATE RECORD PERIOD 1896 TO 2014

WEATHER ITEM   OBSERVED TIME   RECORD YEAR NORMAL DEPARTURE LAST
                VALUE   (LST)  VALUE       VALUE  FROM      YEAR
                                                  NORMAL
..................................................................
TEMPERATURE (F)
 TODAY
  MAXIMUM         86   1036 AM 107    1968  89     -3       84
  MINIMUM         71    605 AM  44    1918  60     11       54
  AVERAGE         79                        75      4       69

PRECIPITATION (IN)
  TODAY            0.00                      0.10  -0.10     0.00
  MONTH TO DATE    8.05                      3.38   4.67     1.10
  SINCE JUN 1      8.05                      3.38   4.67     1.10
  SINCE JAN 1     13.01                     11.32   1.69     5.99

..................................................................

THE MCCOOK NE CLIMATE NORMALS FOR TOMORROW
                         NORMAL    RECORD    YEAR
 MAXIMUM TEMPERATURE (F)   89       109      1990
 MINIMUM TEMPERATURE (F)   60        46      1959

-  INDICATES NEGATIVE NUMBERS.
R  INDICATES RECORD WAS SET OR TIED.
MM INDICATES DATA IS MISSING.
T  INDICATES TRACE AMOUNT.

$$
