000
CDUS43 KGLD 260738
CLIMCK

CLIMATE REPORT
NATIONAL WEATHER SERVICE GOODLAND
1235 AM MST SAT NOV 26 2016

...................................

...THE MCCOOK NE CLIMATE SUMMARY FOR NOVEMBER 25 2016...

CLIMATE NORMAL PERIOD 1981 TO 2010
CLIMATE RECORD PERIOD 1896 TO 2016


WEATHER ITEM   OBSERVED TIME   RECORD YEAR NORMAL DEPARTURE LAST
                VALUE   (LST)  VALUE       VALUE  FROM      YEAR
                                                  NORMAL
..................................................................
TEMPERATURE (F)
 YESTERDAY
  MAXIMUM         59    327 PM  77    1960  47     12       43
  MINIMUM         23    740 AM   0    1993  20      3       23
  AVERAGE         41                        34      7       33

PRECIPITATION (IN)
  YESTERDAY        0.00                      0.03  -0.03     0.00
  MONTH TO DATE    0.46                      0.82  -0.36     2.76
  SINCE SEP 1      6.23                      4.05   2.18     5.34
  SINCE JAN 1     24.36                     21.76   2.60    20.42

..................................................................


THE MCCOOK NE CLIMATE NORMALS FOR TODAY
                         NORMAL    RECORD    YEAR
 MAXIMUM TEMPERATURE (F)   47        76      1960
 MINIMUM TEMPERATURE (F)   20        -3      1975


-  INDICATES NEGATIVE NUMBERS.
R  INDICATES RECORD WAS SET OR TIED.
MM INDICATES DATA IS MISSING.
T  INDICATES TRACE AMOUNT.


$$
