000
CDUS43 KGLD 220743 RRA
CLIMCK

CLIMATE REPORT
NATIONAL WEATHER SERVICE GOODLAND
1239 AM MST SUN FEB 22 2015

...................................

...THE MCCOOK NE CLIMATE SUMMARY FOR FEBRUARY 21 2015...

CLIMATE NORMAL PERIOD 1981 TO 2010
CLIMATE RECORD PERIOD 1896 TO 2015


WEATHER ITEM   OBSERVED TIME   RECORD YEAR NORMAL DEPARTURE LAST
                VALUE   (LST)  VALUE       VALUE  FROM      YEAR
                                                  NORMAL
..................................................................
TEMPERATURE (F)
 YESTERDAY
  MAXIMUM         45    138 PM  76    1933  46     -1       52
  MINIMUM         23   1155 PM  -7    1911  19      4       22
  AVERAGE         34                        32      2       37

PRECIPITATION (IN)
  YESTERDAY        0.02                      0.03  -0.01     0.00
  MONTH TO DATE    0.03                      0.43  -0.40     0.18
  SINCE DEC 1      1.44                      1.58  -0.14     0.60
  SINCE JAN 1      0.15                      0.94  -0.79     0.38

..................................................................

THE MCCOOK NE CLIMATE NORMALS FOR TODAY
                         NORMAL    RECORD    YEAR
 MAXIMUM TEMPERATURE (F)   47        78      1982
 MINIMUM TEMPERATURE (F)   19        -5      1911



-  INDICATES NEGATIVE NUMBERS.
R  INDICATES RECORD WAS SET OR TIED.
MM INDICATES DATA IS MISSING.
T  INDICATES TRACE AMOUNT.




$$
