000
CDUS43 KGLD 020754
CLIMCK

CLIMATE REPORT
NATIONAL WEATHER SERVICE GOODLAND
1242 AM MST TUE FEB 2 2016


...................................

...THE MCCOOK NE CLIMATE SUMMARY FOR FEBRUARY 1 2016...

CLIMATE NORMAL PERIOD 1981 TO 2010
CLIMATE RECORD PERIOD 1896 TO 2016


WEATHER ITEM   OBSERVED TIME   RECORD YEAR NORMAL DEPARTURE LAST
                VALUE   (LST)  VALUE       VALUE  FROM      YEAR
                                                  NORMAL
..................................................................
TEMPERATURE (F)
 YESTERDAY
  MAXIMUM         36    544 AM  80    2003  42     -6       25
  MINIMUM         31   1159 PM -23    1918  15     16        5
  AVERAGE         34                        28      6       15

PRECIPITATION (IN)
  YESTERDAY        0.03                      0.02   0.01     0.01
  MONTH TO DATE    0.03                      0.02   0.01     0.01
  SINCE DEC 1      0.21                      1.17  -0.96     1.42
  SINCE JAN 1      0.05                      0.53  -0.48     0.13

..................................................................

THE MCCOOK NE CLIMATE NORMALS FOR TODAY
                         NORMAL    RECORD    YEAR
 MAXIMUM TEMPERATURE (F)   42        72      1962
 MINIMUM TEMPERATURE (F)   15       -16      1917



-  INDICATES NEGATIVE NUMBERS.
R  INDICATES RECORD WAS SET OR TIED.
MM INDICATES DATA IS MISSING.
T  INDICATES TRACE AMOUNT.

$$
