000
CDUS43 KGLD 060909
CLIMCK

CLIMATE REPORT
NATIONAL WEATHER SERVICE GOODLAND
305 AM MDT WED JUL 6 2016
...................................

...THE MCCOOK NE CLIMATE SUMMARY FOR JULY 5 2016...

CLIMATE NORMAL PERIOD 1981 TO 2010
CLIMATE RECORD PERIOD 1896 TO 2016

WEATHER ITEM   OBSERVED TIME   RECORD YEAR NORMAL DEPARTURE LAST
                VALUE   (LST)  VALUE       VALUE  FROM      YEAR
                                                  NORMAL
..................................................................
TEMPERATURE (F)
 YESTERDAY
  MAXIMUM        102    215 PM 108    1964  90     12      106
  MINIMUM         63    553 AM  48    1983  61      2       74
  AVERAGE         83                        76      7       90

PRECIPITATION (IN)
  YESTERDAY        T                         0.11  -0.11     0.09
  MONTH TO DATE    0.02                      0.52  -0.50     0.33
  SINCE JUN 1      2.87                      3.90  -1.03     4.85
  SINCE JAN 1     13.07                     11.84   1.23    11.01

..................................................................

THE MCCOOK NE CLIMATE NORMALS FOR TODAY
                         NORMAL    RECORD    YEAR
 MAXIMUM TEMPERATURE (F)   90       111      2001
 MINIMUM TEMPERATURE (F)   61        48      1924

-  INDICATES NEGATIVE NUMBERS.
R  INDICATES RECORD WAS SET OR TIED.
MM INDICATES DATA IS MISSING.
T  INDICATES TRACE AMOUNT.

$$
