000
CDUS43 KGLD 080744 RRA
CLIMCK

CLIMATE REPORT
NATIONAL WEATHER SERVICE GOODLAND
1241 AM MST SAT NOV 8 2014


...................................

...THE MCCOOK NE CLIMATE SUMMARY FOR NOVEMBER 7 2014...

CLIMATE NORMAL PERIOD 1981 TO 2010
CLIMATE RECORD PERIOD 1896 TO 2014


WEATHER ITEM   OBSERVED TIME   RECORD YEAR NORMAL DEPARTURE LAST
                VALUE   (LST)  VALUE       VALUE  FROM      YEAR
                                                  NORMAL
..................................................................
TEMPERATURE (F)
 YESTERDAY
  MAXIMUM         77    157 PM  86    1931  57     20       55
  MINIMUM         32    753 AM   8    1991  28      4       26
  AVERAGE         55                        42     13       41

PRECIPITATION (IN)
  YESTERDAY        0.00                      0.04  -0.04     0.00
  MONTH TO DATE    T                         0.29  -0.29     0.48
  SINCE SEP 1      1.95                      3.52  -1.57     3.44
  SINCE JAN 1     22.90                     21.23   1.67    12.61

..................................................................


THE MCCOOK NE CLIMATE NORMALS FOR TODAY
                         NORMAL    RECORD    YEAR
 MAXIMUM TEMPERATURE (F)   57        86      2006
 MINIMUM TEMPERATURE (F)   27         8      1991



-  INDICATES NEGATIVE NUMBERS.
R  INDICATES RECORD WAS SET OR TIED.
MM INDICATES DATA IS MISSING.
T  INDICATES TRACE AMOUNT.

$$
