000
CDUS43 KGLD 130740
CLIMCK

CLIMATE REPORT
NATIONAL WEATHER SERVICE GOODLAND
136 AM MDT FRI MAY 13 2016
...................................

...THE MCCOOK NE CLIMATE SUMMARY FOR MAY 12 2016...

CLIMATE NORMAL PERIOD 1981 TO 2010
CLIMATE RECORD PERIOD 1896 TO 2016

WEATHER ITEM   OBSERVED TIME   RECORD YEAR NORMAL DEPARTURE LAST
                VALUE   (LST)  VALUE       VALUE  FROM      YEAR
                                                  NORMAL
..................................................................
TEMPERATURE (F)
 YESTERDAY
  MAXIMUM         73    500 PM  99    1962  72      1       75
  MINIMUM         39    552 AM  29    2015  45     -6       29
                                      1953
  AVERAGE         56                        58     -2       52

PRECIPITATION (IN)
  YESTERDAY        0.00                      0.09  -0.09     0.00
  MONTH TO DATE    0.59                      1.13  -0.54     0.79
  SINCE MAR 1      7.17                      4.80   2.37     2.77
  SINCE JAN 1      8.18                      5.93   2.25     3.11

..................................................................

THE MCCOOK NE CLIMATE NORMALS FOR TODAY
                         NORMAL    RECORD    YEAR
 MAXIMUM TEMPERATURE (F)   73        95      2013
                                             1962
 MINIMUM TEMPERATURE (F)   45        26      1966

-  INDICATES NEGATIVE NUMBERS.
R  INDICATES RECORD WAS SET OR TIED.
MM INDICATES DATA IS MISSING.
T  INDICATES TRACE AMOUNT.

$$
