000
CDUS43 KGLD 160754
CLIMCK

CLIMATE REPORT
NATIONAL WEATHER SERVICE GOODLAND
1242 AM MST FRI JAN 16 2015

...................................

...THE MCCOOK NE CLIMATE SUMMARY FOR JANUARY 15 2015...

CLIMATE NORMAL PERIOD 1981 TO 2010
CLIMATE RECORD PERIOD 1896 TO 2015


WEATHER ITEM   OBSERVED TIME   RECORD YEAR NORMAL DEPARTURE LAST
                VALUE   (LST)  VALUE       VALUE  FROM      YEAR
                                                  NORMAL
..................................................................
TEMPERATURE (F)
 YESTERDAY
  MAXIMUM         53    419 PM  68    2006  41     12       60
  MINIMUM         20    144 AM -12    1930  14      6       22
  AVERAGE         37                        27     10       41

PRECIPITATION (IN)
  YESTERDAY        0.00                      0.01  -0.01     0.00
  MONTH TO DATE    0.01                      0.25  -0.24     0.01
  SINCE DEC 1      1.30                      0.89   0.41     0.23
  SINCE JAN 1      0.01                      0.25  -0.24     0.01

..................................................................

THE MCCOOK NE CLIMATE NORMALS FOR TODAY
                         NORMAL    RECORD    YEAR
 MAXIMUM TEMPERATURE (F)   41        71      1951
 MINIMUM TEMPERATURE (F)   14       -20      1930



-  INDICATES NEGATIVE NUMBERS.
R  INDICATES RECORD WAS SET OR TIED.
MM INDICATES DATA IS MISSING.
T  INDICATES TRACE AMOUNT.

$$
