653
CDUS43 KGLD 300039 RRA
CLIMCK

CLIMATE REPORT
NATIONAL WEATHER SERVICE GOODLAND
536 PM MST FRI JAN 29 2016

...................................

...THE MCCOOK NE CLIMATE SUMMARY FOR JANUARY 29 2016...
VALID TODAY AS OF 0500 PM LOCAL TIME.

CLIMATE NORMAL PERIOD 1981 TO 2010
CLIMATE RECORD PERIOD 1896 TO 2016


WEATHER ITEM   OBSERVED TIME   RECORD YEAR NORMAL DEPARTURE LAST
                VALUE   (LST)  VALUE       VALUE  FROM      YEAR
                                                  NORMAL
..................................................................
TEMPERATURE (F)
 TODAY
  MAXIMUM         61    109 PM  72    1931  41     20       48
  MINIMUM         25    643 AM -13    1922  14     11       22
  AVERAGE         43                        28     15       35

PRECIPITATION (IN)
  TODAY            0.00                      0.01  -0.01     0.00
  MONTH TO DATE    0.02                      0.47  -0.45     0.01
  SINCE DEC 1      0.18                      1.11  -0.93     1.30
  SINCE JAN 1      0.02                      0.47  -0.45     0.01

..................................................................


THE MCCOOK NE CLIMATE NORMALS FOR TOMORROW
                         NORMAL    RECORD    YEAR
 MAXIMUM TEMPERATURE (F)   41        70      2012
                                             1971
 MINIMUM TEMPERATURE (F)   15       -16      1918



-  INDICATES NEGATIVE NUMBERS.
R  INDICATES RECORD WAS SET OR TIED.
MM INDICATES DATA IS MISSING.
T  INDICATES TRACE AMOUNT.

$$
