000
CDUS43 KGLD 190807
CLIMCK

CLIMATE REPORT
NATIONAL WEATHER SERVICE GOODLAND
203 AM MDT FRI MAY 19 2017
...................................

...THE MCCOOK NE CLIMATE SUMMARY FOR MAY 18 2017...

CLIMATE NORMAL PERIOD 1981 TO 2010
CLIMATE RECORD PERIOD 1896 TO 2017

WEATHER ITEM   OBSERVED TIME   RECORD YEAR NORMAL DEPARTURE LAST
                VALUE   (LST)  VALUE       VALUE  FROM      YEAR
                                                  NORMAL
..................................................................
TEMPERATURE (F)
 YESTERDAY
  MAXIMUM         52   1228 PM  99    1996  74    -22       68
  MINIMUM         49    757 PM  31    1910  47      2       42
  AVERAGE         51                        60     -9       55

PRECIPITATION (IN)
  YESTERDAY        0.04                      0.10  -0.06     0.00
  MONTH TO DATE    1.54                      1.72  -0.18     0.83
  SINCE MAR 1      5.32                      5.39  -0.07     7.41
  SINCE JAN 1      6.02                      6.52  -0.50     8.42

..................................................................

THE MCCOOK NE CLIMATE NORMALS FOR TODAY
                         NORMAL    RECORD    YEAR
 MAXIMUM TEMPERATURE (F)   74        99      1948
 MINIMUM TEMPERATURE (F)   47        32      1983

-  INDICATES NEGATIVE NUMBERS.
R  INDICATES RECORD WAS SET OR TIED.
MM INDICATES DATA IS MISSING.
T  INDICATES TRACE AMOUNT.

$$
