000
CDUS43 KGLD 210742
CLIMCK

CLIMATE REPORT
NATIONAL WEATHER SERVICE GOODLAND
139 AM MDT SUN JUN 21 2015

...................................

...THE MCCOOK NE CLIMATE SUMMARY FOR JUNE 20 2015...

CLIMATE NORMAL PERIOD 1981 TO 2010
CLIMATE RECORD PERIOD 1896 TO 2015

WEATHER ITEM   OBSERVED TIME   RECORD YEAR NORMAL DEPARTURE LAST
                VALUE   (LST)  VALUE       VALUE  FROM      YEAR
                                                  NORMAL
..................................................................
TEMPERATURE (F)
 YESTERDAY
  MAXIMUM         90    349 PM 107    1988  86      4       94
  MINIMUM         67   1159 PM  45    1985  58      9       64
  AVERAGE         79                        72      7       79

PRECIPITATION (IN)
  YESTERDAY        0.00                      0.11  -0.11     0.02
  MONTH TO DATE    4.33                      2.27   2.06     5.00
  SINCE JUN 1      4.33                      2.27   2.06     5.00
  SINCE JAN 1     10.49                     10.21   0.28     9.96

..................................................................

THE MCCOOK NE CLIMATE NORMALS FOR TODAY
                         NORMAL    RECORD    YEAR
 MAXIMUM TEMPERATURE (F)   86       106      1974
 MINIMUM TEMPERATURE (F)   58        46      2001
                                             1973

-  INDICATES NEGATIVE NUMBERS.
R  INDICATES RECORD WAS SET OR TIED.
MM INDICATES DATA IS MISSING.
T  INDICATES TRACE AMOUNT.

$$
