000
CDUS43 KGLD 070750 RRB
CLIMCK

CLIMATE REPORT
NATIONAL WEATHER SERVICE GOODLAND
1247 AM MST TUE NOV 7 2017

...................................

...THE MCCOOK NE CLIMATE SUMMARY FOR NOVEMBER 6 2017...

CLIMATE NORMAL PERIOD 1981 TO 2010
CLIMATE RECORD PERIOD 1896 TO 2017


WEATHER ITEM   OBSERVED TIME   RECORD YEAR NORMAL DEPARTURE LAST
                VALUE   (LST)  VALUE       VALUE  FROM      YEAR
                                                  NORMAL
..................................................................
TEMPERATURE (F)
 YESTERDAY
  MAXIMUM         41    530 PM  84    2010  58    -17       66
                                      1980
  MINIMUM         23    303 AM   5    1959  28     -5       54
  AVERAGE         32                        43    -11       60

PRECIPITATION (IN)
  YESTERDAY        0.00                      0.04  -0.04     0.01
  MONTH TO DATE    0.00                      0.25  -0.25     0.01
  SINCE SEP 1      4.13                      3.48   0.65     5.78
  SINCE JAN 1     18.24                     21.19  -2.95    23.91

..................................................................


THE MCCOOK NE CLIMATE NORMALS FOR TODAY
                         NORMAL    RECORD    YEAR
 MAXIMUM TEMPERATURE (F)   57        86      1931
 MINIMUM TEMPERATURE (F)   28         8      1991


-  INDICATES NEGATIVE NUMBERS.
R  INDICATES RECORD WAS SET OR TIED.
MM INDICATES DATA IS MISSING.
T  INDICATES TRACE AMOUNT.


$$
