000
CDUS43 KGLD 160752
CLIMCK

CLIMATE REPORT
NATIONAL WEATHER SERVICE GOODLAND
1249 AM MST THU FEB 16 2017


...................................

...THE MCCOOK NE CLIMATE SUMMARY FOR FEBRUARY 15 2017...

CLIMATE NORMAL PERIOD 1981 TO 2010
CLIMATE RECORD PERIOD 1896 TO 2017


WEATHER ITEM   OBSERVED TIME   RECORD YEAR NORMAL DEPARTURE LAST
                VALUE   (LST)  VALUE       VALUE  FROM      YEAR
                                                  NORMAL
..................................................................
TEMPERATURE (F)
 YESTERDAY
  MAXIMUM         64    452 PM  69    2011  44     20       54
  MINIMUM         21    732 AM -22    1909  17      4       28
  AVERAGE         43                        31     12       41

PRECIPITATION (IN)
  YESTERDAY        0.00                      0.02  -0.02     0.02
  MONTH TO DATE    T                         0.29  -0.29     0.96
  SINCE DEC 1      1.13                      1.44  -0.31     1.14
  SINCE JAN 1      0.70                      0.80  -0.10     0.98

..................................................................







THE MCCOOK NE CLIMATE NORMALS FOR TODAY
                         NORMAL    RECORD    YEAR
 MAXIMUM TEMPERATURE (F)   45        74      2011
 MINIMUM TEMPERATURE (F)   17        -7      1978



-  INDICATES NEGATIVE NUMBERS.
R  INDICATES RECORD WAS SET OR TIED.
MM INDICATES DATA IS MISSING.
T  INDICATES TRACE AMOUNT.




$$
