000
CDUS43 KGLD 050047
CLIMCK

CLIMATE REPORT
NATIONAL WEATHER SERVICE GOODLAND
641 PM MDT MON JUL 4 2016

...................................

...THE MCCOOK NE CLIMATE SUMMARY FOR JULY 4 2016...
VALID TODAY AS OF 0600 PM LOCAL TIME.

CLIMATE NORMAL PERIOD 1981 TO 2010
CLIMATE RECORD PERIOD 1896 TO 2016

WEATHER ITEM   OBSERVED TIME   RECORD YEAR NORMAL DEPARTURE LAST
                VALUE   (LST)  VALUE       VALUE  FROM      YEAR
                                                  NORMAL
..................................................................
TEMPERATURE (F)
 TODAY
  MAXIMUM         97    430 PM 109    1964  90      7       96
  MINIMUM         65    141 AM  43    1915  61      4       62
  AVERAGE         81                        75      6       79

PRECIPITATION (IN)
  TODAY            0.00                      0.11  -0.11     0.00
  MONTH TO DATE    0.02                      0.41  -0.39     0.24
  SINCE JUN 1      2.87                      3.79  -0.92     4.76
  SINCE JAN 1     13.07                     11.73   1.34    10.92

..................................................................

THE MCCOOK NE CLIMATE NORMALS FOR TOMORROW
                         NORMAL    RECORD    YEAR
 MAXIMUM TEMPERATURE (F)   90       108      1964
 MINIMUM TEMPERATURE (F)   61        48      1983

-  INDICATES NEGATIVE NUMBERS.
R  INDICATES RECORD WAS SET OR TIED.
MM INDICATES DATA IS MISSING.
T  INDICATES TRACE AMOUNT.

$$
