000
CDUS43 KGLD 200740 RRA
CLIMCK

CLIMATE REPORT
NATIONAL WEATHER SERVICE GOODLAND
136 AM MDT FRI MAY 20 2016

...................................

...THE MCCOOK NE CLIMATE SUMMARY FOR MAY 19 2016...

CLIMATE NORMAL PERIOD 1981 TO 2010
CLIMATE RECORD PERIOD 1896 TO 2016


WEATHER ITEM   OBSERVED TIME   RECORD YEAR NORMAL DEPARTURE LAST
                VALUE   (LST)  VALUE       VALUE  FROM      YEAR
                                                  NORMAL
..................................................................
TEMPERATURE (F)
 YESTERDAY
  MAXIMUM         66    238 PM  99    1948  74     -8       50
  MINIMUM         49   1108 PM  32    1983  47      2       39
  AVERAGE         58                        60     -2       45

PRECIPITATION (IN)
  YESTERDAY        0.00                      0.10  -0.10     1.23
  MONTH TO DATE    0.83                      1.82  -0.99     2.47
  SINCE MAR 1      7.41                      5.49   1.92     4.45
  SINCE JAN 1      8.42                      6.62   1.80     4.79

..................................................................


THE MCCOOK NE CLIMATE NORMALS FOR TODAY
                         NORMAL    RECORD    YEAR
 MAXIMUM TEMPERATURE (F)   74        99      1948
 MINIMUM TEMPERATURE (F)   47        27      1931



-  INDICATES NEGATIVE NUMBERS.
R  INDICATES RECORD WAS SET OR TIED.
MM INDICATES DATA IS MISSING.
T  INDICATES TRACE AMOUNT.

$$
