000
CDUS43 KGLD 170759 RRA
CLIMCK

CLIMATE REPORT
NATIONAL WEATHER SERVICE GOODLAND
159 AM MDT FRI MAR 17 2017


...................................

...THE MCCOOK NE CLIMATE SUMMARY FOR MARCH 16 2017...

CLIMATE NORMAL PERIOD 1981 TO 2010
CLIMATE RECORD PERIOD 1896 TO 2017


WEATHER ITEM   OBSERVED TIME   RECORD YEAR NORMAL DEPARTURE LAST
                VALUE   (LST)  VALUE       VALUE  FROM      YEAR
                                                  NORMAL
..................................................................
TEMPERATURE (F)
 YESTERDAY
  MAXIMUM         87    338 PM  93    2015  54     33       56
  MINIMUM         24    710 AM   7    1958  25     -1       24
  AVERAGE         56                        39     17       40

PRECIPITATION (IN)
  YESTERDAY        0.00                      0.05  -0.05     0.00
  MONTH TO DATE    0.03                      0.63  -0.60     0.01
  SINCE MAR 1      0.03                      0.63  -0.60     0.01
  SINCE JAN 1      0.73                      1.76  -1.03     1.02

..................................................................

THE MCCOOK NE CLIMATE NORMALS FOR TODAY
                         NORMAL    RECORD    YEAR
 MAXIMUM TEMPERATURE (F)   55        87      2012
 MINIMUM TEMPERATURE (F)   25         8      1958



-  INDICATES NEGATIVE NUMBERS.
R  INDICATES RECORD WAS SET OR TIED.
MM INDICATES DATA IS MISSING.
T  INDICATES TRACE AMOUNT.




$$
