000
CDUS43 KGLD 130038 RRB
CLIMCK

CLIMATE REPORT
NATIONAL WEATHER SERVICE GOODLAND
536 PM MST SUN FEB 12 2017

...................................

...THE MCCOOK NE CLIMATE SUMMARY FOR FEBRUARY 12 2017...
VALID TODAY AS OF 0500 PM LOCAL TIME.

CLIMATE NORMAL PERIOD 1981 TO 2010
CLIMATE RECORD PERIOD 1896 TO 2017


WEATHER ITEM   OBSERVED TIME   RECORD YEAR NORMAL DEPARTURE LAST
                VALUE   (LST)  VALUE       VALUE  FROM      YEAR
                                                  NORMAL
..................................................................
TEMPERATURE (F)
 TODAY
  MAXIMUM         49    323 PM  79    1962  44      5       37
  MINIMUM         25    800 AM -10    1986  17      8       24
  AVERAGE         37                        30      7       31

PRECIPITATION (IN)
  TODAY            0.00                      0.02  -0.02     0.00
  MONTH TO DATE    T                         0.23  -0.23     0.94
  SINCE DEC 1      1.13                      1.38  -0.25     1.12
  SINCE JAN 1      0.70                      0.74  -0.04     0.96

..................................................................


THE MCCOOK NE CLIMATE NORMALS FOR TOMORROW
                         NORMAL    RECORD    YEAR
 MAXIMUM TEMPERATURE (F)   44        76      1962
 MINIMUM TEMPERATURE (F)   17        -8      1986



-  INDICATES NEGATIVE NUMBERS.
R  INDICATES RECORD WAS SET OR TIED.
MM INDICATES DATA IS MISSING.
T  INDICATES TRACE AMOUNT.

$$
