000
CDUS43 KGLD 280743
CLIMCK

CLIMATE REPORT
NATIONAL WEATHER SERVICE GOODLAND
137 AM MDT FRI MAR 28 2014

...................................

...THE MCCOOK NE CLIMATE SUMMARY FOR MARCH 27 2014...

CLIMATE NORMAL PERIOD 1981 TO 2010
CLIMATE RECORD PERIOD 1896 TO 2014


WEATHER ITEM   OBSERVED TIME   RECORD YEAR NORMAL DEPARTURE LAST
                VALUE   (LST)  VALUE       VALUE  FROM      YEAR
                                                  NORMAL
..................................................................
TEMPERATURE (F)
 YESTERDAY
  MAXIMUM         52    440 PM  89    1988  58     -6       59
  MINIMUM         26   1159 PM   1    1931  28     -2       28
  AVERAGE         39                        43     -4       44

PRECIPITATION (IN)
  YESTERDAY        0.05                      0.05   0.00     0.00
  MONTH TO DATE    0.16                      1.15  -0.99     0.64
  SINCE MAR 1      0.16                      1.15  -0.99     0.64
  SINCE JAN 1      0.65                      2.28  -1.63     1.81

..................................................................

THE MCCOOK NE CLIMATE NORMALS FOR TODAY
                         NORMAL    RECORD    YEAR
 MAXIMUM TEMPERATURE (F)   58        88      1963
 MINIMUM TEMPERATURE (F)   28         5      1931


-  INDICATES NEGATIVE NUMBERS.
R  INDICATES RECORD WAS SET OR TIED.
MM INDICATES DATA IS MISSING.
T  INDICATES TRACE AMOUNT.

$$
