000
CDUS43 KGLD 150752
CLIMCK

CLIMATE REPORT
NATIONAL WEATHER SERVICE GOODLAND
1247 AM MST MON DEC 15 2014


...................................

...THE MCCOOK NE CLIMATE SUMMARY FOR DECEMBER 14 2014...

CLIMATE NORMAL PERIOD 1981 TO 2010
CLIMATE RECORD PERIOD 1896 TO 2014


WEATHER ITEM   OBSERVED TIME   RECORD YEAR NORMAL DEPARTURE LAST
                VALUE   (LST)  VALUE       VALUE  FROM      YEAR
                                                  NORMAL
..................................................................
TEMPERATURE (F)
 YESTERDAY
  MAXIMUM         55    134 AM  68    1977  41     14       48
  MINIMUM         34   1159 PM -11    1963  15     19       17
  AVERAGE         45                        28     17       33

PRECIPITATION (IN)
  YESTERDAY        0.82                      0.02   0.80     0.00
  MONTH TO DATE    0.82                      0.30   0.52     0.08
  SINCE DEC 1      0.82                      0.30   0.52     0.08
  SINCE JAN 1     23.72                     22.19   1.53    12.69

..................................................................

THE MCCOOK NE CLIMATE NORMALS FOR TODAY
                         NORMAL    RECORD    YEAR
 MAXIMUM TEMPERATURE (F)   41        66      2002
 MINIMUM TEMPERATURE (F)   15       -16      1989



-  INDICATES NEGATIVE NUMBERS.
R  INDICATES RECORD WAS SET OR TIED.
MM INDICATES DATA IS MISSING.
T  INDICATES TRACE AMOUNT.




$$
