000
CDUS43 KGLD 180053
CLIMCK

CLIMATE REPORT
NATIONAL WEATHER SERVICE GOODLAND
641 PM MDT TUE MAR 17 2015

...................................

...THE MCCOOK NE CLIMATE SUMMARY FOR MARCH 17 2015...
VALID TODAY AS OF 0600 PM LOCAL TIME.

CLIMATE NORMAL PERIOD 1981 TO 2010
CLIMATE RECORD PERIOD 1896 TO 2015

WEATHER ITEM   OBSERVED TIME   RECORD YEAR NORMAL DEPARTURE LAST
                VALUE   (LST)  VALUE       VALUE  FROM      YEAR
                                                  NORMAL
..................................................................
TEMPERATURE (F)
 TODAY
  MAXIMUM         52    425 PM  87    2012  55     -3       76
  MINIMUM         30    721 AM   8    1958  25      5       34
  AVERAGE         41                        40      1       55

PRECIPITATION (IN)
  TODAY            0.00                      0.05  -0.05     0.00
  MONTH TO DATE    0.01                      0.68  -0.67     0.04
  SINCE MAR 1      0.01                      0.68  -0.67     0.04
  SINCE JAN 1      0.35                      1.81  -1.46     0.53

..................................................................

THE MCCOOK NE CLIMATE NORMALS FOR TOMORROW
                         NORMAL    RECORD    YEAR
 MAXIMUM TEMPERATURE (F)   55        84      2007
 MINIMUM TEMPERATURE (F)   25        -4      1958

-  INDICATES NEGATIVE NUMBERS.
R  INDICATES RECORD WAS SET OR TIED.
MM INDICATES DATA IS MISSING.
T  INDICATES TRACE AMOUNT.

$$
