000
CDUS43 KGLD 250045 RRA
CLIMCK

CLIMATE REPORT
NATIONAL WEATHER SERVICE GOODLAND
642 PM MDT SUN APR 24 2016

...................................

...THE MCCOOK NE CLIMATE SUMMARY FOR APRIL 24 2016...
VALID TODAY AS OF 0600 PM LOCAL TIME.

CLIMATE NORMAL PERIOD 1981 TO 2010
CLIMATE RECORD PERIOD 1896 TO 2016


WEATHER ITEM   OBSERVED TIME   RECORD YEAR NORMAL DEPARTURE LAST
                VALUE   (LST)  VALUE       VALUE  FROM      YEAR
                                                  NORMAL
..................................................................
TEMPERATURE (F)
 TODAY
  MAXIMUM         73    238 PM  95    2012  67      6       70
  MINIMUM         48    638 AM  22    2013  38     10       49
  AVERAGE         61                        52      9       60

PRECIPITATION (IN)
  TODAY            0.00                      0.09  -0.09     0.34
  MONTH TO DATE    5.40                      1.75   3.65     1.89
  SINCE MAR 1      5.88                      3.11   2.77     1.92
  SINCE JAN 1      6.89                      4.24   2.65     2.26

..................................................................


THE MCCOOK NE CLIMATE NORMALS FOR TOMORROW
                         NORMAL    RECORD    YEAR
 MAXIMUM TEMPERATURE (F)   68        93      1989
 MINIMUM TEMPERATURE (F)   38        21      1910


-  INDICATES NEGATIVE NUMBERS.
R  INDICATES RECORD WAS SET OR TIED.
MM INDICATES DATA IS MISSING.
T  INDICATES TRACE AMOUNT.


$$
