000
CDUS43 KGLD 240115
CLIMCK

CLIMATE REPORT
NATIONAL WEATHER SERVICE GOODLAND
602 PM MST MON FEB 23 2015

...................................

...THE MCCOOK NE CLIMATE SUMMARY FOR FEBRUARY 23 2015...
VALID TODAY AS OF 0600 PM LOCAL TIME.

CLIMATE NORMAL PERIOD 1981 TO 2010
CLIMATE RECORD PERIOD 1896 TO 2015


WEATHER ITEM   OBSERVED TIME   RECORD YEAR NORMAL DEPARTURE LAST
                VALUE   (LST)  VALUE       VALUE  FROM      YEAR
                                                  NORMAL
..................................................................
TEMPERATURE (F)
 TODAY
  MAXIMUM         27    407 PM  83    1933  47    -20       26
  MINIMUM          0    740 AM -12    1922  19    -19       19
  AVERAGE         14                        33    -19       23

PRECIPITATION (IN)
  TODAY            0.00                      0.03  -0.03     0.09
  MONTH TO DATE    0.22                      0.48  -0.26     0.28
  SINCE DEC 1      1.63                      1.63   0.00     0.70
  SINCE JAN 1      0.34                      0.99  -0.65     0.48

..................................................................

THE MCCOOK NE CLIMATE NORMALS FOR TOMORROW
                         NORMAL    RECORD    YEAR
 MAXIMUM TEMPERATURE (F)   47        78      1958
 MINIMUM TEMPERATURE (F)   19       -11      1960



-  INDICATES NEGATIVE NUMBERS.
R  INDICATES RECORD WAS SET OR TIED.
MM INDICATES DATA IS MISSING.
T  INDICATES TRACE AMOUNT.

$$
