511
CDUS43 KGLD 120754 RRA
CLIMCK

CLIMATE REPORT
NATIONAL WEATHER SERVICE GOODLAND
149 AM MDT TUE SEP 12 2017

...................................

...THE MCCOOK NE CLIMATE SUMMARY FOR SEPTEMBER 11 2017...

CLIMATE NORMAL PERIOD 1981 TO 2010
CLIMATE RECORD PERIOD 1896 TO 2017


WEATHER ITEM   OBSERVED TIME   RECORD YEAR NORMAL DEPARTURE LAST
                VALUE   (LST)  VALUE       VALUE  FROM      YEAR
                                                  NORMAL
..................................................................
TEMPERATURE (F)
 YESTERDAY
  MAXIMUM         95    254 PM 103    1927  82     13       87
  MINIMUM         55    702 AM  38    1989  52      3       50
  AVERAGE         75                        67      8       69

PRECIPITATION (IN)
  YESTERDAY        0.00                      0.05  -0.05     0.00
  MONTH TO DATE    0.07                      0.56  -0.49     5.06
  SINCE SEP 1      0.07                      0.56  -0.49     5.06
  SINCE JAN 1     14.18                     18.27  -4.09    23.19

..................................................................


THE MCCOOK NE CLIMATE NORMALS FOR TODAY
                         NORMAL    RECORD    YEAR
 MAXIMUM TEMPERATURE (F)   81       103      1911
 MINIMUM TEMPERATURE (F)   51        34      2014


-  INDICATES NEGATIVE NUMBERS.
R  INDICATES RECORD WAS SET OR TIED.
MM INDICATES DATA IS MISSING.
T  INDICATES TRACE AMOUNT.


$$
