200
CDUS43 KGLD 150038 RRB
CLIMCK

CLIMATE REPORT
NATIONAL WEATHER SERVICE GOODLAND
636 PM MDT WED SEP 14 2016

...................................

...THE MCCOOK NE CLIMATE SUMMARY FOR SEPTEMBER 14 2016...
VALID TODAY AS OF 0600 PM LOCAL TIME.

CLIMATE NORMAL PERIOD 1981 TO 2010
CLIMATE RECORD PERIOD 1896 TO 2016


WEATHER ITEM   OBSERVED TIME   RECORD YEAR NORMAL DEPARTURE LAST
                VALUE   (LST)  VALUE       VALUE  FROM      YEAR
                                                  NORMAL
..................................................................
TEMPERATURE (F)
 TODAY
  MAXIMUM         65    454 PM  99    1955  80    -15       93
  MINIMUM         53    856 AM  35    1989  50      3       65
  AVERAGE         59                        65     -6       79

PRECIPITATION (IN)
  TODAY            0.00                      0.04  -0.04     0.00
  MONTH TO DATE    5.06                      0.69   4.37     0.27
  SINCE SEP 1      5.06                      0.69   4.37     0.27
  SINCE JAN 1     23.19                     18.40   4.79    15.35

..................................................................


THE MCCOOK NE CLIMATE NORMALS FOR TOMORROW
                         NORMAL    RECORD    YEAR
 MAXIMUM TEMPERATURE (F)   80       100      2015
                                             1955
 MINIMUM TEMPERATURE (F)   50        30      1961



-  INDICATES NEGATIVE NUMBERS.
R  INDICATES RECORD WAS SET OR TIED.
MM INDICATES DATA IS MISSING.
T  INDICATES TRACE AMOUNT.

$$
