000
CDUS43 KGLD 100812
CLIMCK

CLIMATE REPORT
NATIONAL WEATHER SERVICE GOODLAND
209 AM MDT WED MAY 10 2017


...................................

...THE MCCOOK NE CLIMATE SUMMARY FOR MAY 9 2017...

CLIMATE NORMAL PERIOD 1981 TO 2010
CLIMATE RECORD PERIOD 1896 TO 2017


WEATHER ITEM   OBSERVED TIME   RECORD YEAR NORMAL DEPARTURE LAST
                VALUE   (LST)  VALUE       VALUE  FROM      YEAR
                                                  NORMAL
..................................................................
TEMPERATURE (F)
 YESTERDAY
  MAXIMUM         78    515 PM  97    1916  72      6       72
  MINIMUM         53    521 AM   1    2015  44      9       41
  AVERAGE         66                        58      8       57

PRECIPITATION (IN)
  YESTERDAY        0.74                      0.09   0.65     0.00
  MONTH TO DATE    0.75                      0.85  -0.10     0.11
  SINCE MAR 1      4.53                      4.52   0.01     6.69
  SINCE JAN 1      5.23                      5.65  -0.42     7.70

..................................................................

THE MCCOOK NE CLIMATE NORMALS FOR TODAY
                         NORMAL    RECORD    YEAR
 MAXIMUM TEMPERATURE (F)   72        94      1962
 MINIMUM TEMPERATURE (F)   44        28      1981



-  INDICATES NEGATIVE NUMBERS.
R  INDICATES RECORD WAS SET OR TIED.
MM INDICATES DATA IS MISSING.
T  INDICATES TRACE AMOUNT.

$$
