000
CDUS43 KGLD 090757 RRA
CLIMCK

CLIMATE REPORT
NATIONAL WEATHER SERVICE GOODLAND
153 AM MDT TUE MAY 9 2017

...................................

...THE MCCOOK NE CLIMATE SUMMARY FOR MAY 8 2017...

CLIMATE NORMAL PERIOD 1981 TO 2010
CLIMATE RECORD PERIOD 1896 TO 2017

WEATHER ITEM   OBSERVED TIME   RECORD YEAR NORMAL DEPARTURE LAST
                VALUE   (LST)  VALUE       VALUE  FROM      YEAR
                                                  NORMAL
..................................................................
TEMPERATURE (F)
 YESTERDAY
  MAXIMUM         88    416 PM  95    1934  71     17       75
  MINIMUM         56    524 AM  27    1917  43     13       46
  AVERAGE         72                        57     15       61

PRECIPITATION (IN)
  YESTERDAY        0.00                      0.09  -0.09     0.05
  MONTH TO DATE    0.01                      0.76  -0.75     0.11
  SINCE MAR 1      3.79                      4.43  -0.64     6.69
  SINCE JAN 1      4.49                      5.56  -1.07     7.70

..................................................................

THE MCCOOK NE CLIMATE NORMALS FOR TODAY
                         NORMAL    RECORD    YEAR
 MAXIMUM TEMPERATURE (F)   72        97      1916
 MINIMUM TEMPERATURE (F)   44         1      2015

-  INDICATES NEGATIVE NUMBERS.
R  INDICATES RECORD WAS SET OR TIED.
MM INDICATES DATA IS MISSING.
T  INDICATES TRACE AMOUNT.

$$
