000
CDUS43 KGLD 140053 RRB
CLIMCK

CLIMATE REPORT
NATIONAL WEATHER SERVICE GOODLAND
549 PM MST SUN NOV 13 2016

...................................

...THE MCCOOK NE CLIMATE SUMMARY FOR NOVEMBER 13 2016...
VALID TODAY AS OF 0500 PM LOCAL TIME.

CLIMATE NORMAL PERIOD 1981 TO 2010
CLIMATE RECORD PERIOD 1896 TO 2016


WEATHER ITEM   OBSERVED TIME   RECORD YEAR NORMAL DEPARTURE LAST
                VALUE   (LST)  VALUE       VALUE  FROM      YEAR
                                                  NORMAL
..................................................................
TEMPERATURE (F)
 TODAY
  MAXIMUM         73    256 PM  82    1999  54     19       59
  MINIMUM         24    641 AM  -6    1986  25     -1       25
  AVERAGE         49                        39     10       42

PRECIPITATION (IN)
  TODAY            0.00                      0.03  -0.03     0.00
  MONTH TO DATE    0.02                      0.48  -0.46     0.49
  SINCE SEP 1      5.79                      3.71   2.08     3.07
  SINCE JAN 1     23.92                     21.42   2.50    18.15

..................................................................


THE MCCOOK NE CLIMATE NORMALS FOR TOMORROW
                         NORMAL    RECORD    YEAR
 MAXIMUM TEMPERATURE (F)   53        78      1990
 MINIMUM TEMPERATURE (F)   25       -11      1940


-  INDICATES NEGATIVE NUMBERS.
R  INDICATES RECORD WAS SET OR TIED.
MM INDICATES DATA IS MISSING.
T  INDICATES TRACE AMOUNT.


$$
