000
CDUS43 KGLD 180744
CLIMCK

CLIMATE REPORT
NATIONAL WEATHER SERVICE GOODLAND
1244 AM MST SUN JAN 18 2015


...................................

...THE MCCOOK NE CLIMATE SUMMARY FOR JANUARY 17 2015...

CLIMATE NORMAL PERIOD 1981 TO 2010
CLIMATE RECORD PERIOD 1896 TO 2015


WEATHER ITEM   OBSERVED TIME   RECORD YEAR NORMAL DEPARTURE LAST
                VALUE   (LST)  VALUE       VALUE  FROM      YEAR
                                                  NORMAL
..................................................................
TEMPERATURE (F)
 YESTERDAY
  MAXIMUM         52    239 PM  63    1938  41     11       48
  MINIMUM         29   1159 PM -24    1930  14     15       17
  AVERAGE         41                        27     14       33

PRECIPITATION (IN)
  YESTERDAY        0.00                      0.01  -0.01     0.00
  MONTH TO DATE    0.01                      0.28  -0.27     0.01
  SINCE DEC 1      1.30                      0.92   0.38     0.23
  SINCE JAN 1      0.01                      0.28  -0.27     0.01

..................................................................

THE MCCOOK NE CLIMATE NORMALS FOR TODAY
                         NORMAL    RECORD    YEAR
 MAXIMUM TEMPERATURE (F)   41        68      2006
                                             2005
 MINIMUM TEMPERATURE (F)   14       -20      1984



-  INDICATES NEGATIVE NUMBERS.
R  INDICATES RECORD WAS SET OR TIED.
MM INDICATES DATA IS MISSING.
T  INDICATES TRACE AMOUNT.




$$
