067
CDUS43 KGLD 130751 RRA
CLIMCK

CLIMATE REPORT
NATIONAL WEATHER SERVICE GOODLAND
147 AM MDT THU JUL 13 2017

...................................

...THE MCCOOK NE CLIMATE SUMMARY FOR JULY 12 2017...

CLIMATE NORMAL PERIOD 1981 TO 2010
CLIMATE RECORD PERIOD 1896 TO 2017


WEATHER ITEM   OBSERVED TIME   RECORD YEAR NORMAL DEPARTURE LAST
                VALUE   (LST)  VALUE       VALUE  FROM      YEAR
                                                  NORMAL
..................................................................
TEMPERATURE (F)
 YESTERDAY
  MAXIMUM         92   1133 AM 110    1939  90      2       92
  MINIMUM         69   1159 PM  51    1922  62      7       54
  AVERAGE         81                        76      5       73

PRECIPITATION (IN)
  YESTERDAY        T                         0.11  -0.11     0.00
  MONTH TO DATE    0.72                      1.28  -0.56     0.89
  SINCE JUN 1      0.99                      4.66  -3.67     3.74
  SINCE JAN 1      9.02                     12.60  -3.58    13.94

..................................................................


THE MCCOOK NE CLIMATE NORMALS FOR TODAY
                         NORMAL    RECORD    YEAR
 MAXIMUM TEMPERATURE (F)   90       108      1954
 MINIMUM TEMPERATURE (F)   62        46      1987


-  INDICATES NEGATIVE NUMBERS.
R  INDICATES RECORD WAS SET OR TIED.
MM INDICATES DATA IS MISSING.
T  INDICATES TRACE AMOUNT.


$$
