000
CDUS43 KGLD 090745
CLIMCK

CLIMATE REPORT
NATIONAL WEATHER SERVICE GOODLAND
1240 AM MST THU MAR 9 2017

...................................

...THE MCCOOK NE CLIMATE SUMMARY FOR MARCH 8 2017...

CLIMATE NORMAL PERIOD 1981 TO 2010
CLIMATE RECORD PERIOD 1896 TO 2017


WEATHER ITEM   OBSERVED TIME   RECORD YEAR NORMAL DEPARTURE LAST
                VALUE   (LST)  VALUE       VALUE  FROM      YEAR
                                                  NORMAL
..................................................................
TEMPERATURE (F)
 YESTERDAY
  MAXIMUM         69    505 PM  80    1911  51     18       62
  MINIMUM         19    544 AM  -1    1915  23     -4       35
  AVERAGE         44                        37      7       49

PRECIPITATION (IN)
  YESTERDAY        0.00                      0.04  -0.04     0.00
  MONTH TO DATE    0.00                      0.29  -0.29     0.00
  SINCE MAR 1      0.00                      0.29  -0.29     0.00
  SINCE JAN 1      0.70                      1.42  -0.72     1.01

..................................................................

THE MCCOOK NE CLIMATE NORMALS FOR TODAY
                         NORMAL    RECORD    YEAR
 MAXIMUM TEMPERATURE (F)   52        85      1989
 MINIMUM TEMPERATURE (F)   23        -8      1915



-  INDICATES NEGATIVE NUMBERS.
R  INDICATES RECORD WAS SET OR TIED.
MM INDICATES DATA IS MISSING.
T  INDICATES TRACE AMOUNT.




$$
