000
CDUS43 KGLD 050107 RRB
CLIMCK

CLIMATE REPORT
NATIONAL WEATHER SERVICE GOODLAND
704 PM MDT THU MAY 4 2017
...................................

...THE MCCOOK NE CLIMATE SUMMARY FOR MAY 4 2017...
VALID TODAY AS OF 0600 PM LOCAL TIME.

CLIMATE NORMAL PERIOD 1981 TO 2010
CLIMATE RECORD PERIOD 1896 TO 2017

WEATHER ITEM   OBSERVED TIME   RECORD YEAR NORMAL DEPARTURE LAST
                VALUE   (LST)  VALUE       VALUE  FROM      YEAR
                                                  NORMAL
..................................................................
TEMPERATURE (F)
 TODAY
  MAXIMUM         71    422 PM  94    2012  70      1       78
  MINIMUM         31    450 AM  27    2013  42    -11       40
  AVERAGE         51                        56     -5       59

PRECIPITATION (IN)
  TODAY            0.00                      0.10  -0.10     0.00
  MONTH TO DATE    0.01                      0.38  -0.37     0.05
  SINCE MAR 1      3.79                      4.05  -0.26     6.63
  SINCE JAN 1      4.49                      5.18  -0.69     7.64

..................................................................

THE MCCOOK NE CLIMATE NORMALS FOR TOMORROW
                         NORMAL    RECORD    YEAR
 MAXIMUM TEMPERATURE (F)   71        98      1936
 MINIMUM TEMPERATURE (F)   42        25      2013

-  INDICATES NEGATIVE NUMBERS.
R  INDICATES RECORD WAS SET OR TIED.
MM INDICATES DATA IS MISSING.
T  INDICATES TRACE AMOUNT.

$$
