000
CDUS43 KGLD 230808
CLIMCK

CLIMATE REPORT
NATIONAL WEATHER SERVICE GOODLAND
203 AM MDT TUE JUN 23 2015
...................................

...THE MCCOOK NE CLIMATE SUMMARY FOR JUNE 22 2015...

CLIMATE NORMAL PERIOD 1981 TO 2010
CLIMATE RECORD PERIOD 1896 TO 2015

WEATHER ITEM   OBSERVED TIME   RECORD YEAR NORMAL DEPARTURE LAST
                VALUE   (LST)  VALUE       VALUE  FROM      YEAR
                                                  NORMAL
..................................................................
TEMPERATURE (F)
 YESTERDAY
  MAXIMUM         89    231 PM 108    1988  87      2       85
  MINIMUM         61   1151 PM  44    1985  58      3       63
  AVERAGE         75                        72      3       74

PRECIPITATION (IN)
  YESTERDAY        0.00                      0.11  -0.11     0.11
  MONTH TO DATE    4.33                      2.50   1.83     5.35
  SINCE JUN 1      4.33                      2.50   1.83     5.35
  SINCE JAN 1     10.49                     10.44   0.05    10.31

..................................................................

THE MCCOOK NE CLIMATE NORMALS FOR TODAY
                         NORMAL    RECORD    YEAR
 MAXIMUM TEMPERATURE (F)   87       106      1954
 MINIMUM TEMPERATURE (F)   58        45      1916

-  INDICATES NEGATIVE NUMBERS.
R  INDICATES RECORD WAS SET OR TIED.
MM INDICATES DATA IS MISSING.
T  INDICATES TRACE AMOUNT.

$$
