000
CDUS43 KGLD 080040
CLIMCK

CLIMATE REPORT
NATIONAL WEATHER SERVICE GOODLAND
637 PM MDT SUN SEP 7 2014

...................................

...THE MCCOOK NE CLIMATE SUMMARY FOR SEPTEMBER 7 2014...
VALID TODAY AS OF 0600 PM LOCAL TIME.

CLIMATE NORMAL PERIOD 1981 TO 2010
CLIMATE RECORD PERIOD 1896 TO 2014

WEATHER ITEM   OBSERVED TIME   RECORD YEAR NORMAL DEPARTURE LAST
                VALUE   (LST)  VALUE       VALUE  FROM      YEAR
                                                  NORMAL
..................................................................
TEMPERATURE (F)
 TODAY
  MAXIMUM         83    445 PM 106    2013  83      0      106
  MINIMUM         51    604 AM  38    2010  53     -2       63
  AVERAGE         67                        68     -1       85

PRECIPITATION (IN)
  TODAY            0.00                      0.05  -0.05     0.00
  MONTH TO DATE    0.42                      0.36   0.06     0.00
  SINCE SEP 1      0.42                      0.36   0.06     0.00
  SINCE JAN 1     21.37                     18.07   3.30     9.17

..................................................................

THE MCCOOK NE CLIMATE NORMALS FOR TOMORROW
                         NORMAL    RECORD    YEAR
 MAXIMUM TEMPERATURE (F)   83       105      2013
 MINIMUM TEMPERATURE (F)   53        40      1929

-  INDICATES NEGATIVE NUMBERS.
R  INDICATES RECORD WAS SET OR TIED.
MM INDICATES DATA IS MISSING.
T  INDICATES TRACE AMOUNT.

$$
