000
CDUS43 KGLD 150043 RRB
CLIMCK

CLIMATE REPORT
NATIONAL WEATHER SERVICE GOODLAND
540 PM MST SAT FEB 14 2015


...................................

...THE MCCOOK NE CLIMATE SUMMARY FOR FEBRUARY 14 2015...
VALID TODAY AS OF 0500 PM LOCAL TIME.

CLIMATE NORMAL PERIOD 1981 TO 2010
CLIMATE RECORD PERIOD 1896 TO 2015


WEATHER ITEM   OBSERVED TIME   RECORD YEAR NORMAL DEPARTURE LAST
                VALUE   (LST)  VALUE       VALUE  FROM      YEAR
                                                  NORMAL
..................................................................
TEMPERATURE (F)
 TODAY
  MAXIMUM         43   1227 AM  78    1999  44     -1       49
  MINIMUM         28    421 PM -16    1923  17     11       35
  AVERAGE         36                        30      6       42

PRECIPITATION (IN)
  TODAY            0.00                      0.02  -0.02     0.00
  MONTH TO DATE    0.01                      0.27  -0.26     0.10
  SINCE DEC 1      1.42                      1.42   0.00     0.52
  SINCE JAN 1      0.13                      0.78  -0.65     0.30

..................................................................

THE MCCOOK NE CLIMATE NORMALS FOR TOMORROW
                         NORMAL    RECORD    YEAR
 MAXIMUM TEMPERATURE (F)   44        69      2011
 MINIMUM TEMPERATURE (F)   17       -22      1909



-  INDICATES NEGATIVE NUMBERS.
R  INDICATES RECORD WAS SET OR TIED.
MM INDICATES DATA IS MISSING.
T  INDICATES TRACE AMOUNT.




$$
