000
CDUS43 KGLD 060738 RRA
CLIMCK

CLIMATE REPORT
NATIONAL WEATHER SERVICE GOODLAND
1235 AM MST MON NOV 6 2017

...................................

...THE MCCOOK NE CLIMATE SUMMARY FOR NOVEMBER 5 2017...

CLIMATE NORMAL PERIOD 1981 TO 2010
CLIMATE RECORD PERIOD 1896 TO 2017


WEATHER ITEM   OBSERVED TIME   RECORD YEAR NORMAL DEPARTURE LAST
                VALUE   (LST)  VALUE       VALUE  FROM      YEAR
                                                  NORMAL
..................................................................
TEMPERATURE (F)
 YESTERDAY
  MAXIMUM         49    214 PM  83    1915  58     -9       73
  MINIMUM         29   1159 PM  10    1982  29      0       33
  AVERAGE         39                        43     -4       53

PRECIPITATION (IN)
  YESTERDAY        0.00                      0.04  -0.04     0.00
  MONTH TO DATE    0.00                      0.21  -0.21     0.00
  SINCE SEP 1      4.13                      3.44   0.69     5.77
  SINCE JAN 1     18.24                     21.15  -2.91    23.90

..................................................................


THE MCCOOK NE CLIMATE NORMALS FOR TODAY
                         NORMAL    RECORD    YEAR
 MAXIMUM TEMPERATURE (F)   58        84      2010
                                             1980
 MINIMUM TEMPERATURE (F)   28         5      1959


-  INDICATES NEGATIVE NUMBERS.
R  INDICATES RECORD WAS SET OR TIED.
MM INDICATES DATA IS MISSING.
T  INDICATES TRACE AMOUNT.


$$
