000
CDUS43 KGLD 110739 RRB
CLIMCK

CLIMATE REPORT
NATIONAL WEATHER SERVICE GOODLAND
136 AM MDT SAT OCT 11 2014


...................................

...THE MCCOOK NE CLIMATE SUMMARY FOR OCTOBER 10 2014...

CLIMATE NORMAL PERIOD 1981 TO 2010
CLIMATE RECORD PERIOD 1896 TO 2014


WEATHER ITEM   OBSERVED TIME   RECORD YEAR NORMAL DEPARTURE LAST
                VALUE   (LST)  VALUE       VALUE  FROM      YEAR
                                                  NORMAL
..................................................................
TEMPERATURE (F)
 YESTERDAY
  MAXIMUM         56    500 PM  95    1928  69    -13       86
  MINIMUM         36   1116 PM  22    2009  38     -2       46
  AVERAGE         46                        54     -8       66

PRECIPITATION (IN)
  YESTERDAY        T                         0.06  -0.06     0.36
  MONTH TO DATE    0.18                      0.58  -0.40     0.36
  SINCE SEP 1      1.86                      2.02  -0.16     2.71
  SINCE JAN 1     22.81                     19.73   3.08    11.88

..................................................................


THE MCCOOK NE CLIMATE NORMALS FOR TODAY
                         NORMAL    RECORD    YEAR
 MAXIMUM TEMPERATURE (F)   68        90      1962
 MINIMUM TEMPERATURE (F)   38        19      1987



-  INDICATES NEGATIVE NUMBERS.
R  INDICATES RECORD WAS SET OR TIED.
MM INDICATES DATA IS MISSING.
T  INDICATES TRACE AMOUNT.

$$
