000
CDUS43 KGLD 040049
CLIMCK

CLIMATE REPORT
NATIONAL WEATHER SERVICE GOODLAND
646 PM MDT SUN JUL 3 2016

...................................

...THE MCCOOK NE CLIMATE SUMMARY FOR JULY 3 2016...
VALID TODAY AS OF 0600 PM LOCAL TIME.

CLIMATE NORMAL PERIOD 1981 TO 2010
CLIMATE RECORD PERIOD 1896 TO 2016


WEATHER ITEM   OBSERVED TIME   RECORD YEAR NORMAL DEPARTURE LAST
                VALUE   (LST)  VALUE       VALUE  FROM      YEAR
                                                  NORMAL
..................................................................
TEMPERATURE (F)
 TODAY
  MAXIMUM         77    459 PM 109    1969  90    -13       84
  MINIMUM         62    701 AM  49    1992  61      1       60
  AVERAGE         70                        75     -5       72

PRECIPITATION (IN)
  TODAY            0.00                      0.10  -0.10     0.00
  MONTH TO DATE    0.02                      0.30  -0.28     0.24
  SINCE JUN 1      2.87                      3.68  -0.81     4.76
  SINCE JAN 1     13.07                     11.62   1.45    10.92

..................................................................


THE MCCOOK NE CLIMATE NORMALS FOR TOMORROW
                         NORMAL    RECORD    YEAR
 MAXIMUM TEMPERATURE (F)   90       109      1964
 MINIMUM TEMPERATURE (F)   61        43      1915



-  INDICATES NEGATIVE NUMBERS.
R  INDICATES RECORD WAS SET OR TIED.
MM INDICATES DATA IS MISSING.
T  INDICATES TRACE AMOUNT.

$$
