000
CDUS43 KGLD 130041
CLIMCK

CLIMATE REPORT
NATIONAL WEATHER SERVICE GOODLAND
637 PM MDT MON JUN 12 2017

...................................

...THE MCCOOK NE CLIMATE SUMMARY FOR JUNE 12 2017...
VALID TODAY AS OF 0600 PM LOCAL TIME.

CLIMATE NORMAL PERIOD 1981 TO 2010
CLIMATE RECORD PERIOD 1896 TO 2017


WEATHER ITEM   OBSERVED TIME   RECORD YEAR NORMAL DEPARTURE LAST
                VALUE   (LST)  VALUE       VALUE  FROM      YEAR
                                                  NORMAL
..................................................................
TEMPERATURE (F)
 TODAY
  MAXIMUM         97    459 PM 103    1952  83     14       92
  MINIMUM         67    547 AM  43    2008  55     12       66
                                      1955
  AVERAGE         82                        69     13       79

PRECIPITATION (IN)
  TODAY            0.00                      0.12  -0.12     0.22
  MONTH TO DATE    0.15                      1.37  -1.22     0.22
  SINCE JUN 1      0.15                      1.37  -1.22     0.22
  SINCE JAN 1      8.18                      9.31  -1.13    10.42

..................................................................


THE MCCOOK NE CLIMATE NORMALS FOR TOMORROW
                         NORMAL    RECORD    YEAR
 MAXIMUM TEMPERATURE (F)   83       103      1952
 MINIMUM TEMPERATURE (F)   55        42      1985


-  INDICATES NEGATIVE NUMBERS.
R  INDICATES RECORD WAS SET OR TIED.
MM INDICATES DATA IS MISSING.
T  INDICATES TRACE AMOUNT.


$$
