000
CDUS43 KGLD 150743
CLIMCK

CLIMATE REPORT
NATIONAL WEATHER SERVICE GOODLAND
139 AM MDT FRI AUG 15 2014

...................................

...THE MCCOOK NE CLIMATE SUMMARY FOR AUGUST 14 2014...

CLIMATE NORMAL PERIOD 1981 TO 2010
CLIMATE RECORD PERIOD 1896 TO 2014

WEATHER ITEM   OBSERVED TIME   RECORD YEAR NORMAL DEPARTURE LAST
                VALUE   (LST)  VALUE       VALUE  FROM      YEAR
                                                  NORMAL
..................................................................
TEMPERATURE (F)
 YESTERDAY
  MAXIMUM         93    234 PM 106    1937  88      5       81
  MINIMUM         66    644 AM  44    1920  61      5       61
  AVERAGE         80                        74      6       71

PRECIPITATION (IN)
  YESTERDAY        0.00                      0.11  -0.11     0.00
  MONTH TO DATE    1.69                      1.64   0.05     1.04
  SINCE JUN 1     11.86                      8.27   3.59     3.83
  SINCE JAN 1     16.82                     16.21   0.61     8.72

..................................................................

THE MCCOOK NE CLIMATE NORMALS FOR TODAY
                         NORMAL    RECORD    YEAR
 MAXIMUM TEMPERATURE (F)   88       108      1936
 MINIMUM TEMPERATURE (F)   61        51      2004
                                             1992


-  INDICATES NEGATIVE NUMBERS.
R  INDICATES RECORD WAS SET OR TIED.
MM INDICATES DATA IS MISSING.
T  INDICATES TRACE AMOUNT.

$$
