438
CDUS43 KGLD 170049
CLIMCK

CLIMATE REPORT
NATIONAL WEATHER SERVICE GOODLAND
646 PM MDT SUN APR 16 2017

...................................

...THE MCCOOK NE CLIMATE SUMMARY FOR APRIL 16 2017...
VALID TODAY AS OF 0600 PM LOCAL TIME.

CLIMATE NORMAL PERIOD 1981 TO 2010
CLIMATE RECORD PERIOD 1896 TO 2017


WEATHER ITEM   OBSERVED TIME   RECORD YEAR NORMAL DEPARTURE LAST
                VALUE   (LST)  VALUE       VALUE  FROM      YEAR
                                                  NORMAL
..................................................................
TEMPERATURE (F)
 TODAY
  MAXIMUM         71    419 PM  90    1964  65      6       54
  MINIMUM         50    703 AM  18    1951  35     15       41
  AVERAGE         61                        50     11       48

PRECIPITATION (IN)
  TODAY            0.00                      0.09  -0.09     4.60
  MONTH TO DATE    0.01                      1.04  -1.03     5.03
  SINCE MAR 1      1.01                      2.40  -1.39     5.51
  SINCE JAN 1      1.71                      3.53  -1.82     6.52

..................................................................


THE MCCOOK NE CLIMATE NORMALS FOR TOMORROW
                         NORMAL    RECORD    YEAR
 MAXIMUM TEMPERATURE (F)   65        90      1946
 MINIMUM TEMPERATURE (F)   35        20      1961


-  INDICATES NEGATIVE NUMBERS.
R  INDICATES RECORD WAS SET OR TIED.
MM INDICATES DATA IS MISSING.
T  INDICATES TRACE AMOUNT.


$$
