000
CDUS43 KGLD 050750
CLIMCK

CLIMATE REPORT
NATIONAL WEATHER SERVICE GOODLAND
147 AM MDT MON JUN 5 2017

...................................

...THE MCCOOK NE CLIMATE SUMMARY FOR JUNE 4 2017...

CLIMATE NORMAL PERIOD 1981 TO 2010
CLIMATE RECORD PERIOD 1896 TO 2017


WEATHER ITEM   OBSERVED TIME   RECORD YEAR NORMAL DEPARTURE LAST
                VALUE   (LST)  VALUE       VALUE  FROM      YEAR
                                                  NORMAL
..................................................................
TEMPERATURE (F)
 YESTERDAY
  MAXIMUM         88    343 PM 110    1933  80      8       82
  MINIMUM         54    448 AM  38    1951  52      2       51
  AVERAGE         71                        66      5       67

PRECIPITATION (IN)
  YESTERDAY        0.00                      0.12  -0.12     0.00
  MONTH TO DATE    0.00                      0.47  -0.47     0.00
  SINCE JUN 1      0.00                      0.47  -0.47     0.00
  SINCE JAN 1      8.03                      8.41  -0.38    10.20

..................................................................


THE MCCOOK NE CLIMATE NORMALS FOR TODAY
                         NORMAL    RECORD    YEAR
 MAXIMUM TEMPERATURE (F)   80       112      1933
 MINIMUM TEMPERATURE (F)   53        40      1929


-  INDICATES NEGATIVE NUMBERS.
R  INDICATES RECORD WAS SET OR TIED.
MM INDICATES DATA IS MISSING.
T  INDICATES TRACE AMOUNT.


$$
