000
CDUS43 KGLD 240044
CLIMCK

CLIMATE REPORT
NATIONAL WEATHER SERVICE GOODLAND
639 PM MDT TUE JUN 23 2015

...................................

...THE MCCOOK NE CLIMATE SUMMARY FOR JUNE 23 2015...
VALID TODAY AS OF 0600 PM LOCAL TIME.

CLIMATE NORMAL PERIOD 1981 TO 2010
CLIMATE RECORD PERIOD 1896 TO 2015


WEATHER ITEM   OBSERVED TIME   RECORD YEAR NORMAL DEPARTURE LAST
                VALUE   (LST)  VALUE       VALUE  FROM      YEAR
                                                  NORMAL
..................................................................
TEMPERATURE (F)
 TODAY
  MAXIMUM         85    306 PM 106    1954  87     -2       81
  MINIMUM         59    109 AM  45    1916  58      1       59
  AVERAGE         72                        73     -1       70

PRECIPITATION (IN)
  TODAY            0.00                      0.11  -0.11     0.40
  MONTH TO DATE    4.33                      2.61   1.72     5.75
  SINCE JUN 1      4.33                      2.61   1.72     5.75
  SINCE JAN 1     10.49                     10.55  -0.06    10.71

..................................................................


THE MCCOOK NE CLIMATE NORMALS FOR TOMORROW
                         NORMAL    RECORD    YEAR
 MAXIMUM TEMPERATURE (F)   87       107      1943
 MINIMUM TEMPERATURE (F)   59        45      1928



-  INDICATES NEGATIVE NUMBERS.
R  INDICATES RECORD WAS SET OR TIED.
MM INDICATES DATA IS MISSING.
T  INDICATES TRACE AMOUNT.

$$
