000
CDUS43 KGLD 070042 RRA
CLIMCK

CLIMATE REPORT
NATIONAL WEATHER SERVICE GOODLAND
638 PM MDT SAT SEP 6 2014

...................................

...THE MCCOOK NE CLIMATE SUMMARY FOR SEPTEMBER 6 2014...
VALID TODAY AS OF 0600 PM LOCAL TIME.

CLIMATE NORMAL PERIOD 1981 TO 2010
CLIMATE RECORD PERIOD 1896 TO 2014

WEATHER ITEM   OBSERVED TIME   RECORD YEAR NORMAL DEPARTURE LAST
                VALUE   (LST)  VALUE       VALUE  FROM      YEAR
                                                  NORMAL
..................................................................
TEMPERATURE (F)
 TODAY
  MAXIMUM         76    423 PM 106    2013  84     -8      106
  MINIMUM         48    648 AM  34    1956  54     -6       60
  AVERAGE         62                        69     -7       83

PRECIPITATION (IN)
  TODAY            0.00                      0.04  -0.04     0.00
  MONTH TO DATE    0.42                      0.31   0.11     0.00
  SINCE SEP 1      0.42                      0.31   0.11     0.00
  SINCE JAN 1     21.37                     18.02   3.35     9.17

..................................................................

THE MCCOOK NE CLIMATE NORMALS FOR TOMORROW
                         NORMAL    RECORD    YEAR
 MAXIMUM TEMPERATURE (F)   83       106      2013
 MINIMUM TEMPERATURE (F)   53        38      2010

-  INDICATES NEGATIVE NUMBERS.
R  INDICATES RECORD WAS SET OR TIED.
MM INDICATES DATA IS MISSING.
T  INDICATES TRACE AMOUNT.

$$
