000
CDUS43 KGLD 180757
CLIMCK

CLIMATE REPORT
NATIONAL WEATHER SERVICE GOODLAND
1246 AM MST FRI NOV 18 2016

...................................

...THE MCCOOK NE CLIMATE SUMMARY FOR NOVEMBER 17 2016...

CLIMATE NORMAL PERIOD 1981 TO 2010
CLIMATE RECORD PERIOD 1896 TO 2016


WEATHER ITEM   OBSERVED TIME   RECORD YEAR NORMAL DEPARTURE LAST
                VALUE   (LST)  VALUE       VALUE  FROM      YEAR
                                                  NORMAL
..................................................................
TEMPERATURE (F)
 YESTERDAY
  MAXIMUM         50    150 PM  72    1981  51     -1       49
  MINIMUM         33   1159 PM  -5    2000  23     10       31
  AVERAGE         42                        37      5       40

PRECIPITATION (IN)
  YESTERDAY        0.08                      0.03   0.05     1.57
  MONTH TO DATE    0.10                      0.60  -0.50     2.69
  SINCE SEP 1      5.87                      3.83   2.04     5.27
  SINCE JAN 1     24.00                     21.54   2.46    20.35

..................................................................

THE MCCOOK NE CLIMATE NORMALS FOR TODAY
                         NORMAL    RECORD    YEAR
 MAXIMUM TEMPERATURE (F)   51        75      1981
 MINIMUM TEMPERATURE (F)   23        -1      1909



-  INDICATES NEGATIVE NUMBERS.
R  INDICATES RECORD WAS SET OR TIED.
MM INDICATES DATA IS MISSING.
T  INDICATES TRACE AMOUNT.




$$
