000
CDUS43 KGLD 070744
CLIMCK

CLIMATE REPORT
NATIONAL WEATHER SERVICE GOODLAND
1239 AM MST SUN DEC 7 2014


...................................

...THE MCCOOK NE CLIMATE SUMMARY FOR DECEMBER 6 2014...

CLIMATE NORMAL PERIOD 1981 TO 2010
CLIMATE RECORD PERIOD 1896 TO 2014


WEATHER ITEM   OBSERVED TIME   RECORD YEAR NORMAL DEPARTURE LAST
                VALUE   (LST)  VALUE       VALUE  FROM      YEAR
                                                  NORMAL
..................................................................
TEMPERATURE (F)
 YESTERDAY
  MAXIMUM         44    355 PM  77    1939  43      1       14
  MINIMUM         16    719 AM -21    1909  16      0       -4
  AVERAGE         30                        29      1        5

PRECIPITATION (IN)
  YESTERDAY        0.00                      0.03  -0.03     0.00
  MONTH TO DATE    0.00                      0.14  -0.14     0.00
  SINCE DEC 1      0.00                      0.14  -0.14     0.00
  SINCE JAN 1     22.90                     22.03   0.87    12.61

..................................................................







THE MCCOOK NE CLIMATE NORMALS FOR TODAY
                         NORMAL    RECORD    YEAR
 MAXIMUM TEMPERATURE (F)   42        71      1923
 MINIMUM TEMPERATURE (F)   16       -21      1909



-  INDICATES NEGATIVE NUMBERS.
R  INDICATES RECORD WAS SET OR TIED.
MM INDICATES DATA IS MISSING.
T  INDICATES TRACE AMOUNT.




$$
