000
CDUS43 KGLD 100741
CLIMCK

CLIMATE REPORT
NATIONAL WEATHER SERVICE GOODLAND
138 AM MDT SUN AUG 10 2014


...................................

...THE MCCOOK NE CLIMATE SUMMARY FOR AUGUST 9 2014...

CLIMATE NORMAL PERIOD 1981 TO 2010
CLIMATE RECORD PERIOD 1896 TO 2014


WEATHER ITEM   OBSERVED TIME   RECORD YEAR NORMAL DEPARTURE LAST
                VALUE   (LST)  VALUE       VALUE  FROM      YEAR
                                                  NORMAL
..................................................................
TEMPERATURE (F)
 YESTERDAY
  MAXIMUM         91    316 PM 109    1969  88      3       86
  MINIMUM         63    424 AM  50    1932  61      2       57
  AVERAGE         77                        75      2       72

PRECIPITATION (IN)
  YESTERDAY        0.75                      0.11   0.64     0.00
  MONTH TO DATE    1.68                      1.08   0.60     0.60
  SINCE JUN 1     11.85                      7.71   4.14     3.39
  SINCE JAN 1     16.81                     15.65   1.16     8.28

..................................................................

THE MCCOOK NE CLIMATE NORMALS FOR TODAY
                         NORMAL    RECORD    YEAR
 MAXIMUM TEMPERATURE (F)   88       107      1937
 MINIMUM TEMPERATURE (F)   61        45      1985



-  INDICATES NEGATIVE NUMBERS.
R  INDICATES RECORD WAS SET OR TIED.
MM INDICATES DATA IS MISSING.
T  INDICATES TRACE AMOUNT.




$$
