000
CDUS43 KGLD 210748 RRA
CLIMCK

CLIMATE REPORT
NATIONAL WEATHER SERVICE GOODLAND
1243 AM MST SAT FEB 21 2015

...................................

...THE MCCOOK NE CLIMATE SUMMARY FOR FEBRUARY 20 2015...

CLIMATE NORMAL PERIOD 1981 TO 2010
CLIMATE RECORD PERIOD 1896 TO 2015


WEATHER ITEM   OBSERVED TIME   RECORD YEAR NORMAL DEPARTURE LAST
                VALUE   (LST)  VALUE       VALUE  FROM      YEAR
                                                  NORMAL
..................................................................
TEMPERATURE (F)
 YESTERDAY
  MAXIMUM         51    425 PM  81    1930  46      5       41
  MINIMUM         19    755 AM  -8    1918  18      1       24
  AVERAGE         35                        32      3       33

PRECIPITATION (IN)
  YESTERDAY        T                         0.02  -0.02     0.08
  MONTH TO DATE    0.01                      0.40  -0.39     0.18
  SINCE DEC 1      1.42                      1.55  -0.13     0.60
  SINCE JAN 1      0.13                      0.91  -0.78     0.38

..................................................................

THE MCCOOK NE CLIMATE NORMALS FOR TODAY
                         NORMAL    RECORD    YEAR
 MAXIMUM TEMPERATURE (F)   46        76      1933
 MINIMUM TEMPERATURE (F)   19        -7      1911



-  INDICATES NEGATIVE NUMBERS.
R  INDICATES RECORD WAS SET OR TIED.
MM INDICATES DATA IS MISSING.
T  INDICATES TRACE AMOUNT.




$$
