000
CDUS43 KGLD 300804
CLIMCK

CLIMATE REPORT
NATIONAL WEATHER SERVICE GOODLAND
1255 AM MST FRI DEC 30 2016

...................................

...THE MCCOOK NE CLIMATE SUMMARY FOR DECEMBER 29 2016...

CLIMATE NORMAL PERIOD 1981 TO 2010
CLIMATE RECORD PERIOD 1896 TO 2016


WEATHER ITEM   OBSERVED TIME   RECORD YEAR NORMAL DEPARTURE LAST
                VALUE   (LST)  VALUE       VALUE  FROM      YEAR
                                                  NORMAL
..................................................................
TEMPERATURE (F)
 YESTERDAY
  MAXIMUM         46    331 PM  72    1929  40      6       29
  MINIMUM         22   1143 PM -10    1983  14      8        9
  AVERAGE         34                        27      7       19

PRECIPITATION (IN)
  YESTERDAY        0.00                      0.02  -0.02     0.01
  MONTH TO DATE    0.34                      0.60  -0.26     0.16
  SINCE DEC 1      0.34                      0.60  -0.26     0.16
  SINCE JAN 1     24.73                     22.49   2.24    20.61

..................................................................


THE MCCOOK NE CLIMATE NORMALS FOR TODAY
                         NORMAL    RECORD    YEAR
 MAXIMUM TEMPERATURE (F)   40        69      1921
 MINIMUM TEMPERATURE (F)   14       -11      1990

-  INDICATES NEGATIVE NUMBERS.
R  INDICATES RECORD WAS SET OR TIED.
MM INDICATES DATA IS MISSING.
T  INDICATES TRACE AMOUNT.


$$
