000
CDUS43 KGLD 110041 RRA
CLIMCK

CLIMATE REPORT
NATIONAL WEATHER SERVICE GOODLAND
638 PM MDT SUN APR 10 2016


...................................

...THE MCCOOK NE CLIMATE SUMMARY FOR APRIL 10 2016...
VALID TODAY AS OF 0600 PM LOCAL TIME.

CLIMATE NORMAL PERIOD 1981 TO 2010
CLIMATE RECORD PERIOD 1896 TO 2016


WEATHER ITEM   OBSERVED TIME   RECORD YEAR NORMAL DEPARTURE LAST
                VALUE   (LST)  VALUE       VALUE  FROM      YEAR
                                                  NORMAL
..................................................................
TEMPERATURE (F)
 TODAY
  MAXIMUM         66    323 PM  91    1930  63      3       69
  MINIMUM         49    653 AM  16    1973  32     17       27
  AVERAGE         58                        47     11       48

PRECIPITATION (IN)
  TODAY            0.00                      0.07  -0.07     0.00
  MONTH TO DATE    T                         0.58  -0.58     0.41
  SINCE MAR 1      0.48                      1.94  -1.46     0.44
  SINCE JAN 1      1.49                      3.07  -1.58     0.78

..................................................................







THE MCCOOK NE CLIMATE NORMALS FOR TOMORROW
                         NORMAL    RECORD    YEAR
 MAXIMUM TEMPERATURE (F)   63        93      1977
 MINIMUM TEMPERATURE (F)   33        15      1997



-  INDICATES NEGATIVE NUMBERS.
R  INDICATES RECORD WAS SET OR TIED.
MM INDICATES DATA IS MISSING.
T  INDICATES TRACE AMOUNT.




$$
