000
CDUS43 KGLD 260750
CLIMCK

CLIMATE REPORT
NATIONAL WEATHER SERVICE GOODLAND
1241 AM MST TUE JAN 26 2016


...................................

...THE MCCOOK NE CLIMATE SUMMARY FOR JANUARY 25 2016...

CLIMATE NORMAL PERIOD 1981 TO 2010
CLIMATE RECORD PERIOD 1896 TO 2016


WEATHER ITEM   OBSERVED TIME   RECORD YEAR NORMAL DEPARTURE LAST
                VALUE   (LST)  VALUE       VALUE  FROM      YEAR
                                                  NORMAL
..................................................................
TEMPERATURE (F)
 YESTERDAY
  MAXIMUM         43    210 PM  75    2002  41      2       56
  MINIMUM         24   1159 PM -12    1957  14     10       35
  AVERAGE         34                        28      6       46

PRECIPITATION (IN)
  YESTERDAY        T                         0.02  -0.02     0.00
  MONTH TO DATE    0.02                      0.41  -0.39     0.01
  SINCE DEC 1      0.18                      1.05  -0.87     1.30
  SINCE JAN 1      0.02                      0.41  -0.39     0.01

..................................................................



THE MCCOOK NE CLIMATE NORMALS FOR TODAY
                         NORMAL    RECORD    YEAR
 MAXIMUM TEMPERATURE (F)   41        77      2002
 MINIMUM TEMPERATURE (F)   14       -16      1950


-  INDICATES NEGATIVE NUMBERS.
R  INDICATES RECORD WAS SET OR TIED.
MM INDICATES DATA IS MISSING.
T  INDICATES TRACE AMOUNT.

$$
