000
CDUS43 KGLD 110804 RRA
CLIMCK

CLIMATE REPORT
NATIONAL WEATHER SERVICE GOODLAND
155 AM MDT MON MAY 11 2015
...................................

...THE MCCOOK NE CLIMATE SUMMARY FOR MAY 10 2015...

CLIMATE NORMAL PERIOD 1981 TO 2010
CLIMATE RECORD PERIOD 1896 TO 2015

WEATHER ITEM   OBSERVED TIME   RECORD YEAR NORMAL DEPARTURE LAST
                VALUE   (LST)  VALUE       VALUE  FROM      YEAR
                                                  NORMAL
..................................................................
TEMPERATURE (F)
 YESTERDAY
  MAXIMUM         MM        MM  94    1962  72     MM       81
  MINIMUM         MM        MM  28    1981  44     MM       46
  AVERAGE         MM                        58     MM       64

PRECIPITATION (IN)
  YESTERDAY        0.00                      0.10  -0.10     0.00
  MONTH TO DATE    0.79                      0.95  -0.16      T
  SINCE MAR 1      2.77                      4.62  -1.85     1.37
  SINCE JAN 1      3.11                      5.75  -2.64     1.86

..................................................................

THE MCCOOK NE CLIMATE NORMALS FOR TODAY
                         NORMAL    RECORD    YEAR
 MAXIMUM TEMPERATURE (F)   72       102      1962
 MINIMUM TEMPERATURE (F)   44        30      2008
                                             1981


-  INDICATES NEGATIVE NUMBERS.
R  INDICATES RECORD WAS SET OR TIED.
MM INDICATES DATA IS MISSING.
T  INDICATES TRACE AMOUNT.

$$
