000
CDUS43 KGLD 170739 RRA
CLIMCK

CLIMATE REPORT
NATIONAL WEATHER SERVICE GOODLAND
136 AM MDT MON AUG 17 2015

...................................

...THE MCCOOK NE CLIMATE SUMMARY FOR AUGUST 16 2015...

CLIMATE NORMAL PERIOD 1981 TO 2010
CLIMATE RECORD PERIOD 1896 TO 2015


WEATHER ITEM   OBSERVED TIME   RECORD YEAR NORMAL DEPARTURE LAST
                VALUE   (LST)  VALUE       VALUE  FROM      YEAR
                                                  NORMAL
..................................................................
TEMPERATURE (F)
 YESTERDAY
  MAXIMUM         92    105 PM 107    1937  88      4       96
  MINIMUM         69   1159 PM  52    2012  60      9       63
                                      1927
  AVERAGE         81                        74      7       80

PRECIPITATION (IN)
  YESTERDAY        0.08                      0.11  -0.03     0.00
  MONTH TO DATE    2.45                      1.86   0.59     1.69
  SINCE JUN 1      8.89                      8.49   0.40    11.86
  SINCE JAN 1     15.05                     16.43  -1.38    16.82

..................................................................


THE MCCOOK NE CLIMATE NORMALS FOR TODAY
                         NORMAL    RECORD    YEAR
 MAXIMUM TEMPERATURE (F)   88       107      1914
 MINIMUM TEMPERATURE (F)   60        45      2012


-  INDICATES NEGATIVE NUMBERS.
R  INDICATES RECORD WAS SET OR TIED.
MM INDICATES DATA IS MISSING.
T  INDICATES TRACE AMOUNT.


$$
