000
CDUS43 KGLD 190743 RRA
CLIMCK

CLIMATE REPORT
NATIONAL WEATHER SERVICE GOODLAND
136 AM MDT SUN JUL 19 2015

...................................

...THE MCCOOK NE CLIMATE SUMMARY FOR JULY 18 2015...

CLIMATE NORMAL PERIOD 1981 TO 2010
CLIMATE RECORD PERIOD 1896 TO 2015


WEATHER ITEM   OBSERVED TIME   RECORD YEAR NORMAL DEPARTURE LAST
                VALUE   (LST)  VALUE       VALUE  FROM      YEAR
                                                  NORMAL
..................................................................
TEMPERATURE (F)
 YESTERDAY
  MAXIMUM         92    312 PM 108    1925  90      2       81
  MINIMUM         63    532 AM  53    1992  62      1       57
  AVERAGE         78                        76      2       69

PRECIPITATION (IN)
  YESTERDAY        T                         0.10  -0.10     0.00
  MONTH TO DATE    1.35                      1.91  -0.56     1.72
  SINCE JUN 1      5.87                      5.29   0.58     9.77
  SINCE JAN 1     12.03                     13.23  -1.20    14.73

..................................................................


THE MCCOOK NE CLIMATE NORMALS FOR TODAY
                         NORMAL    RECORD    YEAR
 MAXIMUM TEMPERATURE (F)   90       112      1934
 MINIMUM TEMPERATURE (F)   62        52      1911


-  INDICATES NEGATIVE NUMBERS.
R  INDICATES RECORD WAS SET OR TIED.
MM INDICATES DATA IS MISSING.
T  INDICATES TRACE AMOUNT.


$$
