701
CDUS43 KGLD 150039 RRB
CLIMCK

CLIMATE REPORT
NATIONAL WEATHER SERVICE GOODLAND
636 PM MDT SAT MAY 14 2016

...................................

...THE MCCOOK NE CLIMATE SUMMARY FOR MAY 14 2016...
VALID TODAY AS OF 0600 PM LOCAL TIME.

CLIMATE NORMAL PERIOD 1981 TO 2010
CLIMATE RECORD PERIOD 1896 TO 2016


WEATHER ITEM   OBSERVED TIME   RECORD YEAR NORMAL DEPARTURE LAST
                VALUE   (LST)  VALUE       VALUE  FROM      YEAR
                                                  NORMAL
..................................................................
TEMPERATURE (F)
 TODAY
  MAXIMUM         57    351 PM 100    2013  73    -16       79
  MINIMUM         39    553 AM  29    2004  45     -6       53
  AVERAGE         48                        59    -11       66

PRECIPITATION (IN)
  TODAY            0.00                      0.10  -0.10      T
  MONTH TO DATE    0.59                      1.33  -0.74     0.93
  SINCE MAR 1      7.17                      5.00   2.17     2.91
  SINCE JAN 1      8.18                      6.13   2.05     3.25

..................................................................


THE MCCOOK NE CLIMATE NORMALS FOR TOMORROW
                         NORMAL    RECORD    YEAR
 MAXIMUM TEMPERATURE (F)   73       101      1931
 MINIMUM TEMPERATURE (F)   46        30      1983



-  INDICATES NEGATIVE NUMBERS.
R  INDICATES RECORD WAS SET OR TIED.
MM INDICATES DATA IS MISSING.
T  INDICATES TRACE AMOUNT.

$$
