000
CDUS43 KGLD 050040
CLIMCK

CLIMATE REPORT
NATIONAL WEATHER SERVICE GOODLAND
636 PM MDT THU AUG 4 2016
...................................

...THE MCCOOK NE CLIMATE SUMMARY FOR AUGUST 4 2016...
VALID TODAY AS OF 0600 PM LOCAL TIME.

CLIMATE NORMAL PERIOD 1981 TO 2010
CLIMATE RECORD PERIOD 1896 TO 2016

WEATHER ITEM   OBSERVED TIME   RECORD YEAR NORMAL DEPARTURE LAST
                VALUE   (LST)  VALUE       VALUE  FROM      YEAR
                                                  NORMAL
..................................................................
TEMPERATURE (F)
 TODAY
  MAXIMUM         88    322 PM 106    1961  89     -1       72
  MINIMUM         67    600 AM  46    1974  62      5       61
  AVERAGE         78                        75      3       67

PRECIPITATION (IN)
  TODAY            0.00                      0.12  -0.12     1.70
  MONTH TO DATE    0.00                      0.49  -0.49     1.70
  SINCE JUN 1      5.23                      7.12  -1.89     8.14
  SINCE JAN 1     15.43                     15.06   0.37    14.30

..................................................................

THE MCCOOK NE CLIMATE NORMALS FOR TOMORROW
                         NORMAL    RECORD    YEAR
 MAXIMUM TEMPERATURE (F)   89       108      1960
 MINIMUM TEMPERATURE (F)   62        47      1974

-  INDICATES NEGATIVE NUMBERS.
R  INDICATES RECORD WAS SET OR TIED.
MM INDICATES DATA IS MISSING.
T  INDICATES TRACE AMOUNT.

$$
