000
CDUS43 KGLD 190039
CLIMCK

CLIMATE REPORT
NATIONAL WEATHER SERVICE GOODLAND
635 PM MDT SAT MAR 18 2017

...................................

...THE MCCOOK NE CLIMATE SUMMARY FOR MARCH 18 2017...
VALID TODAY AS OF 0600 PM LOCAL TIME.

CLIMATE NORMAL PERIOD 1981 TO 2010
CLIMATE RECORD PERIOD 1896 TO 2017

WEATHER ITEM   OBSERVED TIME   RECORD YEAR NORMAL DEPARTURE LAST
                VALUE   (LST)  VALUE       VALUE  FROM      YEAR
                                                  NORMAL
..................................................................
TEMPERATURE (F)
 TODAY
  MAXIMUM         76    455 PM  84    2007  55     21       48
  MINIMUM         29    709 AM  -4    1958  25      4       25
  AVERAGE         53                        40     13       37

PRECIPITATION (IN)
  TODAY            0.00                      0.04  -0.04     0.00
  MONTH TO DATE    0.03                      0.72  -0.69     0.01
  SINCE MAR 1      0.03                      0.72  -0.69     0.01
  SINCE JAN 1      0.73                      1.85  -1.12     1.02

..................................................................

THE MCCOOK NE CLIMATE NORMALS FOR TOMORROW
                         NORMAL    RECORD    YEAR
 MAXIMUM TEMPERATURE (F)   55        87      2004
 MINIMUM TEMPERATURE (F)   25        -2      1923

-  INDICATES NEGATIVE NUMBERS.
R  INDICATES RECORD WAS SET OR TIED.
MM INDICATES DATA IS MISSING.
T  INDICATES TRACE AMOUNT.

$$
