000
CDUS43 KGLD 300744
CLIMCK

CLIMATE REPORT
NATIONAL WEATHER SERVICE GOODLAND
142 AM MDT MON JUN 30 2014

...................................

...THE MCCOOK NE CLIMATE SUMMARY FOR JUNE 29 2014...

CLIMATE NORMAL PERIOD 1981 TO 2010
CLIMATE RECORD PERIOD 1896 TO 2014

WEATHER ITEM   OBSERVED TIME   RECORD YEAR NORMAL DEPARTURE LAST
                VALUE   (LST)  VALUE       VALUE  FROM      YEAR
                                                  NORMAL
..................................................................
TEMPERATURE (F)
 YESTERDAY
  MAXIMUM         91    528 PM 108    1970  89      2       89
  MINIMUM         67    701 AM  47    1985  60      7       59
  AVERAGE         79                        74      5       74

PRECIPITATION (IN)
  YESTERDAY        0.15                      0.11   0.04     0.00
  MONTH TO DATE    8.05                      3.28   4.77     1.10
  SINCE JUN 1      8.05                      3.28   4.77     1.10
  SINCE JAN 1     13.01                     11.22   1.79     5.99

..................................................................

THE MCCOOK NE CLIMATE NORMALS FOR TODAY
                         NORMAL    RECORD    YEAR
 MAXIMUM TEMPERATURE (F)   89       107      1968
 MINIMUM TEMPERATURE (F)   60        44      1918

-  INDICATES NEGATIVE NUMBERS.
R  INDICATES RECORD WAS SET OR TIED.
MM INDICATES DATA IS MISSING.
T  INDICATES TRACE AMOUNT.

$$
