000
CDUS43 KGLD 300752
CLIMCK

CLIMATE REPORT
NATIONAL WEATHER SERVICE GOODLAND
149 AM MDT WED AUG 30 2017
...................................

...THE MCCOOK NE CLIMATE SUMMARY FOR AUGUST 29 2017...

CLIMATE NORMAL PERIOD 1981 TO 2010
CLIMATE RECORD PERIOD 1896 TO 2017

WEATHER ITEM   OBSERVED TIME   RECORD YEAR NORMAL DEPARTURE LAST
                VALUE   (LST)  VALUE       VALUE  FROM      YEAR
                                                  NORMAL
..................................................................
TEMPERATURE (F)
 YESTERDAY
  MAXIMUM         89    411 PM 105    2013  86      3       78
  MINIMUM         54    606 AM  40    1909  57     -3       65
  AVERAGE         72                        71      1       72

PRECIPITATION (IN)
  YESTERDAY        0.00                      0.07  -0.07     0.57
  MONTH TO DATE    3.64                      2.99   0.65     2.70
  SINCE JUN 1      6.08                      9.62  -3.54     7.93
  SINCE JAN 1     14.11                     17.56  -3.45    18.13

..................................................................

THE MCCOOK NE CLIMATE NORMALS FOR TODAY
                         NORMAL    RECORD    YEAR
 MAXIMUM TEMPERATURE (F)   86       104      2012
                                             1929
 MINIMUM TEMPERATURE (F)   57        40      1955

-  INDICATES NEGATIVE NUMBERS.
R  INDICATES RECORD WAS SET OR TIED.
MM INDICATES DATA IS MISSING.
T  INDICATES TRACE AMOUNT.

$$
